{"id":1766,"date":"2014-01-30T10:28:33","date_gmt":"2014-01-30T08:28:33","guid":{"rendered":"https:\/\/bio4you.eu\/retseptid\/?post_type=product&#038;p=1766"},"modified":"2022-05-17T10:13:58","modified_gmt":"2022-05-17T07:13:58","slug":"polenta-hakkliha-tomatikastmega-gluteenivaba","status":"publish","type":"product","link":"https:\/\/bio4you.eu\/retseptid\/toode\/polenta-hakkliha-tomatikastmega-gluteenivaba\/","title":{"rendered":"Gluteenivaba polenta hakkliha-tomatikastmega"},"content":{"rendered":"<p>MAHEMAISI-HAKKLIHA POLENTA 4 INIMESELE<\/p>\n<p>Valmistamine:<br \/>\nPese ja koori juurviljad, kuivata ja haki. Soojenda suures kastrulis v\u00f5i ja extra virgin oliivi\u00f5li. Kui v\u00f5i on sulanud, lisa hakitud juurviljad. Sega natuke ja lisa hakkliha.Sega h\u00e4sti ja j\u00e4ta tasasele tulele pruunistuma.<\/p>\n<p>Lisa tilgake valget veini, lase korraks aurustuda. Lisa tomatikaste, sool ja pipar. Kaste peab keema\u00a0 ca-1-2 tundi v\u00e4ga madalal tulel. Kui kaste liigselt kuivab, lisada juurde natukene puljongit. Vala valmis kaste polenta peale ja kaunista parmesani t\u00fckkidega.<\/p>\n<p>&nbsp;<\/p>\n","protected":false},"excerpt":{"rendered":"<p>Vaja l\u00e4heb:<\/p>\n<ul>\n<li>400 g veise-hakkliha<\/li>\n<li>100 g sea-hakkliha<\/li>\n<li>200 ml tomatikastet<\/li>\n<li>2-4 spl <a href=\"https:\/\/bio4you.eu\/et\/otsi?controller=search&amp;order=product.position.desc&amp;s=oliivi%C3%B5li\" target=\"_blank\" rel=\"noopener\">ekstra neitsi oliivi\u00f5li<\/a><\/li>\n<li>50 g v\u00f5id<\/li>\n<li>porgand<\/li>\n<li>seller<\/li>\n<li>sibul<\/li>\n<li>valge pipar<\/li>\n<li>sool<\/li>\n<li>tilgake aromaatset <a href=\"http:\/\/bio4you.eu\/et\/search?controller=search&amp;orderby=position&amp;orderway=desc&amp;search_query=valge+vein&amp;submit_search=\" target=\"_blank\" rel=\"noopener\"><span style=\"color: #99cc00;\">valget veini<\/span><\/a><\/li>\n<li>300 g kiirpolentajahust valmistatud <span style=\"color: #000000;\">polentat<\/span><\/li>\n<li>parmesani juust<\/li>\n<\/ul>\n","protected":false},"featured_media":3316,"comment_status":"closed","ping_status":"closed","template":"","meta":{"_exactmetrics_skip_tracking":false,"_exactmetrics_sitenote_active":false,"_exactmetrics_sitenote_note":"","_exactmetrics_sitenote_category":0},"product_cat":[59,60,63],"product_tag":[],"class_list":{"0":"post-1766","1":"product","2":"type-product","3":"status-publish","4":"has-post-thumbnail","6":"product_cat-featured","7":"product_cat-toiduretseptid","8":"product_cat-gluteenivabad-retseptid","10":"first","11":"instock","12":"shipping-taxable","13":"product-type-simple"},"yoast_head":"<!-- This site is optimized with the Yoast SEO plugin v23.3 - https:\/\/yoast.com\/wordpress\/plugins\/seo\/ -->\n<title>Gluteenivaba polenta hakkliha-tomatikastmega - bio4you.eu\/retseptid<\/title>\n<meta name=\"description\" content=\"gluteenivaba polenta hakkliha-tomatikastmega\" \/>\n<meta name=\"robots\" content=\"index, follow, max-snippet:-1, max-image-preview:large, max-video-preview:-1\" \/>\n<link rel=\"canonical\" href=\"https:\/\/bio4you.eu\/retseptid\/toode\/polenta-hakkliha-tomatikastmega-gluteenivaba\/\" \/>\n<meta property=\"og:locale\" content=\"et_EE\" \/>\n<meta property=\"og:type\" content=\"article\" \/>\n<meta property=\"og:title\" content=\"Gluteenivaba polenta hakkliha-tomatikastmega - bio4you.eu\/retseptid\" \/>\n<meta property=\"og:description\" content=\"gluteenivaba polenta hakkliha-tomatikastmega\" \/>\n<meta property=\"og:url\" content=\"https:\/\/bio4you.eu\/retseptid\/toode\/polenta-hakkliha-tomatikastmega-gluteenivaba\/\" \/>\n<meta property=\"og:site_name\" content=\"bio4you.eu\/retseptid\" \/>\n<meta property=\"article:modified_time\" content=\"2022-05-17T07:13:58+00:00\" \/>\n<meta property=\"og:image\" content=\"https:\/\/bio4you.eu\/retseptid\/wp-content\/uploads\/2014\/01\/IMG_9715-560x373.jpg\" \/>\n\t<meta property=\"og:image:width\" content=\"560\" \/>\n\t<meta property=\"og:image:height\" content=\"373\" \/>\n\t<meta property=\"og:image:type\" content=\"image\/jpeg\" \/>\n<meta name=\"twitter:label1\" content=\"Est. reading time\" \/>\n\t<meta name=\"twitter:data1\" content=\"1 minut\" \/>\n<script type=\"application\/ld+json\" class=\"yoast-schema-graph\">{\"@context\":\"https:\/\/schema.org\",\"@graph\":[{\"@type\":\"WebPage\",\"@id\":\"https:\/\/bio4you.eu\/retseptid\/toode\/polenta-hakkliha-tomatikastmega-gluteenivaba\/\",\"url\":\"https:\/\/bio4you.eu\/retseptid\/toode\/polenta-hakkliha-tomatikastmega-gluteenivaba\/\",\"name\":\"Gluteenivaba polenta hakkliha-tomatikastmega - bio4you.eu\/retseptid\",\"isPartOf\":{\"@id\":\"https:\/\/bio4you.eu\/retseptid\/#website\"},\"primaryImageOfPage\":{\"@id\":\"https:\/\/bio4you.eu\/retseptid\/toode\/polenta-hakkliha-tomatikastmega-gluteenivaba\/#primaryimage\"},\"image\":{\"@id\":\"https:\/\/bio4you.eu\/retseptid\/toode\/polenta-hakkliha-tomatikastmega-gluteenivaba\/#primaryimage\"},\"thumbnailUrl\":\"https:\/\/bio4you.eu\/retseptid\/wp-content\/uploads\/2014\/01\/IMG_9715-560x373.jpg\",\"datePublished\":\"2014-01-30T08:28:33+00:00\",\"dateModified\":\"2022-05-17T07:13:58+00:00\",\"description\":\"gluteenivaba polenta hakkliha-tomatikastmega\",\"breadcrumb\":{\"@id\":\"https:\/\/bio4you.eu\/retseptid\/toode\/polenta-hakkliha-tomatikastmega-gluteenivaba\/#breadcrumb\"},\"inLanguage\":\"et\",\"potentialAction\":[{\"@type\":\"ReadAction\",\"target\":[\"https:\/\/bio4you.eu\/retseptid\/toode\/polenta-hakkliha-tomatikastmega-gluteenivaba\/\"]}]},{\"@type\":\"ImageObject\",\"inLanguage\":\"et\",\"@id\":\"https:\/\/bio4you.eu\/retseptid\/toode\/polenta-hakkliha-tomatikastmega-gluteenivaba\/#primaryimage\",\"url\":\"https:\/\/bio4you.eu\/retseptid\/wp-content\/uploads\/2014\/01\/IMG_9715-560x373.jpg\",\"contentUrl\":\"https:\/\/bio4you.eu\/retseptid\/wp-content\/uploads\/2014\/01\/IMG_9715-560x373.jpg\",\"width\":560,\"height\":373},{\"@type\":\"BreadcrumbList\",\"@id\":\"https:\/\/bio4you.eu\/retseptid\/toode\/polenta-hakkliha-tomatikastmega-gluteenivaba\/#breadcrumb\",\"itemListElement\":[{\"@type\":\"ListItem\",\"position\":1,\"name\":\"Home\",\"item\":\"https:\/\/bio4you.eu\/retseptid\/\"},{\"@type\":\"ListItem\",\"position\":2,\"name\":\"Gluteenivaba polenta hakkliha-tomatikastmega\"}]},{\"@type\":\"WebSite\",\"@id\":\"https:\/\/bio4you.eu\/retseptid\/#website\",\"url\":\"https:\/\/bio4you.eu\/retseptid\/\",\"name\":\"bio4you.eu\/retseptid\",\"description\":\"\u00d6ko retseptid ise tegemiseks, looduslikest koostisainetest. Maitsev toit, iluhooldus, kodupuhastus ja aiandus.\",\"potentialAction\":[{\"@type\":\"SearchAction\",\"target\":{\"@type\":\"EntryPoint\",\"urlTemplate\":\"https:\/\/bio4you.eu\/retseptid\/?s={search_term_string}\"},\"query-input\":\"required name=search_term_string\"}],\"inLanguage\":\"et\"}]}<\/script>\n<!-- \/ Yoast SEO plugin. -->","yoast_head_json":{"title":"Gluteenivaba polenta hakkliha-tomatikastmega - bio4you.eu\/retseptid","description":"gluteenivaba polenta hakkliha-tomatikastmega","robots":{"index":"index","follow":"follow","max-snippet":"max-snippet:-1","max-image-preview":"max-image-preview:large","max-video-preview":"max-video-preview:-1"},"canonical":"https:\/\/bio4you.eu\/retseptid\/toode\/polenta-hakkliha-tomatikastmega-gluteenivaba\/","og_locale":"et_EE","og_type":"article","og_title":"Gluteenivaba polenta hakkliha-tomatikastmega - bio4you.eu\/retseptid","og_description":"gluteenivaba polenta hakkliha-tomatikastmega","og_url":"https:\/\/bio4you.eu\/retseptid\/toode\/polenta-hakkliha-tomatikastmega-gluteenivaba\/","og_site_name":"bio4you.eu\/retseptid","article_modified_time":"2022-05-17T07:13:58+00:00","og_image":[{"width":560,"height":373,"url":"https:\/\/bio4you.eu\/retseptid\/wp-content\/uploads\/2014\/01\/IMG_9715-560x373.jpg","type":"image\/jpeg"}],"twitter_misc":{"Est. reading time":"1 minut"},"schema":{"@context":"https:\/\/schema.org","@graph":[{"@type":"WebPage","@id":"https:\/\/bio4you.eu\/retseptid\/toode\/polenta-hakkliha-tomatikastmega-gluteenivaba\/","url":"https:\/\/bio4you.eu\/retseptid\/toode\/polenta-hakkliha-tomatikastmega-gluteenivaba\/","name":"Gluteenivaba polenta hakkliha-tomatikastmega - bio4you.eu\/retseptid","isPartOf":{"@id":"https:\/\/bio4you.eu\/retseptid\/#website"},"primaryImageOfPage":{"@id":"https:\/\/bio4you.eu\/retseptid\/toode\/polenta-hakkliha-tomatikastmega-gluteenivaba\/#primaryimage"},"image":{"@id":"https:\/\/bio4you.eu\/retseptid\/toode\/polenta-hakkliha-tomatikastmega-gluteenivaba\/#primaryimage"},"thumbnailUrl":"https:\/\/bio4you.eu\/retseptid\/wp-content\/uploads\/2014\/01\/IMG_9715-560x373.jpg","datePublished":"2014-01-30T08:28:33+00:00","dateModified":"2022-05-17T07:13:58+00:00","description":"gluteenivaba polenta hakkliha-tomatikastmega","breadcrumb":{"@id":"https:\/\/bio4you.eu\/retseptid\/toode\/polenta-hakkliha-tomatikastmega-gluteenivaba\/#breadcrumb"},"inLanguage":"et","potentialAction":[{"@type":"ReadAction","target":["https:\/\/bio4you.eu\/retseptid\/toode\/polenta-hakkliha-tomatikastmega-gluteenivaba\/"]}]},{"@type":"ImageObject","inLanguage":"et","@id":"https:\/\/bio4you.eu\/retseptid\/toode\/polenta-hakkliha-tomatikastmega-gluteenivaba\/#primaryimage","url":"https:\/\/bio4you.eu\/retseptid\/wp-content\/uploads\/2014\/01\/IMG_9715-560x373.jpg","contentUrl":"https:\/\/bio4you.eu\/retseptid\/wp-content\/uploads\/2014\/01\/IMG_9715-560x373.jpg","width":560,"height":373},{"@type":"BreadcrumbList","@id":"https:\/\/bio4you.eu\/retseptid\/toode\/polenta-hakkliha-tomatikastmega-gluteenivaba\/#breadcrumb","itemListElement":[{"@type":"ListItem","position":1,"name":"Home","item":"https:\/\/bio4you.eu\/retseptid\/"},{"@type":"ListItem","position":2,"name":"Gluteenivaba polenta hakkliha-tomatikastmega"}]},{"@type":"WebSite","@id":"https:\/\/bio4you.eu\/retseptid\/#website","url":"https:\/\/bio4you.eu\/retseptid\/","name":"bio4you.eu\/retseptid","description":"\u00d6ko retseptid ise tegemiseks, looduslikest koostisainetest. Maitsev toit, iluhooldus, kodupuhastus ja aiandus.","potentialAction":[{"@type":"SearchAction","target":{"@type":"EntryPoint","urlTemplate":"https:\/\/bio4you.eu\/retseptid\/?s={search_term_string}"},"query-input":"required name=search_term_string"}],"inLanguage":"et"}]}},"_links":{"self":[{"href":"https:\/\/bio4you.eu\/retseptid\/wp-json\/wp\/v2\/product\/1766"}],"collection":[{"href":"https:\/\/bio4you.eu\/retseptid\/wp-json\/wp\/v2\/product"}],"about":[{"href":"https:\/\/bio4you.eu\/retseptid\/wp-json\/wp\/v2\/types\/product"}],"replies":[{"embeddable":true,"href":"https:\/\/bio4you.eu\/retseptid\/wp-json\/wp\/v2\/comments?post=1766"}],"wp:featuredmedia":[{"embeddable":true,"href":"https:\/\/bio4you.eu\/retseptid\/wp-json\/wp\/v2\/media\/3316"}],"wp:attachment":[{"href":"https:\/\/bio4you.eu\/retseptid\/wp-json\/wp\/v2\/media?parent=1766"}],"wp:term":[{"taxonomy":"product_cat","embeddable":true,"href":"https:\/\/bio4you.eu\/retseptid\/wp-json\/wp\/v2\/product_cat?post=1766"},{"taxonomy":"product_tag","embeddable":true,"href":"https:\/\/bio4you.eu\/retseptid\/wp-json\/wp\/v2\/product_tag?post=1766"}],"curies":[{"name":"wp","href":"https:\/\/api.w.org\/{rel}","templated":true}]}}