{"id":1880,"date":"2014-02-20T19:04:04","date_gmt":"2014-02-20T17:04:04","guid":{"rendered":"https:\/\/bio4you.eu\/retseptid\/?post_type=product&#038;p=1880"},"modified":"2022-05-19T09:42:12","modified_gmt":"2022-05-19T06:42:12","slug":"wc-geel-sidrunhappe-savi-ja-riisitarklisega","status":"publish","type":"product","link":"https:\/\/bio4you.eu\/retseptid\/toode\/wc-geel-sidrunhappe-savi-ja-riisitarklisega\/","title":{"rendered":"WC-geel (BIO), sidrunhappe, savi ja riisit\u00e4rklisega"},"content":{"rendered":"<p>BIO WC-GEEL<\/p>\n<p>Wc geeli on lihtne ise teha. Puhastab t\u00f5husalt ja annab hea l\u00f5hna. Essentsi\u00f5lid v\u00f5id asendada ka teiste meeldivatega, n\u00e4iteks m\u00e4nd, sidrun, eukal\u00fcpt, teepuu vms.<\/p>\n<p>VALMISTAMINE:<\/p>\n<p>Lahusta riisit\u00e4rklis 600g vees, soojendades segu aeglasel tulel ( mitte keema lasta !).<\/p>\n<p>Niipea kui segu hakkab geeljamaks muutuma, sega energiliselt puulabidaga ja seej\u00e4rel keera tuli kinni. Lase jahtuda.<\/p>\n<p>Sega sidrunhape 150g vees ja lisa leigele geelile. Sega uuesti k\u00f5ik l\u00e4bi.<\/p>\n<p>Lisa aeglaselt, alt \u00fcles segades valge\u00a0savi. V\u00f5id savi segada ka v\u00e4iksemas koguses geelis ja siis lisada v\u00e4hehaaval \u00fclej\u00e4\u00e4nud- nii ei teki t\u00fckke. Kui aga ikka tekkis, siis p\u00fcreeri soovi korral k\u00f5ik saumikseriga- k\u00f5ik ained on ju naturaalsed ja mikserile ei juhtu midagi.<\/p>\n<p>L\u00f5puks lisa essentsi\u00f5lid ja vala pudelisse.<\/p>\n","protected":false},"excerpt":{"rendered":"<p>Vaja l\u00e4heb:<\/p>\n<ul>\n<li>750 g vett<\/li>\n<li>75 g<a href=\"http:\/\/bio4you.eu\/et\/puhas-kodu\/1448-sidrunhape-500g-greenatural.html?search_query=sidrunhape&amp;results=38\" target=\"_blank\" rel=\"noopener\"><span style=\"color: #99cc00;\"> sidrunhapet<\/span><\/a><\/li>\n<li>50 g riisit\u00e4rklist<\/li>\n<li>50g <a href=\"http:\/\/bio4you.eu\/et\/maskid-savid-ja-taimepulbrid\/190-valge-kaolin-savi-pulber-300g-naturado.html?search_query=savi&amp;results=142\" target=\"_blank\" rel=\"noopener\"><span style=\"color: #99cc00;\">valget Kaolin savi<\/span><\/a><\/li>\n<li>20 tilka <span style=\"color: #99cc00;\"><a style=\"color: #99cc00;\" href=\"https:\/\/bio4you.eu\/et\/eeterlikud-olid\/2749-sidrunheina-eeterlik-oli-10ml-herbes-del-moli.html?utm_source=bioretsept&amp;utm_medium=retseptireklaam&amp;utm_campaign=Retsept\">sidrunheina essentsi\u00f5li<\/a><\/span><\/li>\n<li>20 tilka tsitronella essentsi\u00f5li<\/li>\n<\/ul>\n","protected":false},"featured_media":3388,"comment_status":"closed","ping_status":"closed","template":"","meta":{"_exactmetrics_skip_tracking":false,"_exactmetrics_sitenote_active":false,"_exactmetrics_sitenote_note":"","_exactmetrics_sitenote_category":0},"product_cat":[62,64],"product_tag":[],"class_list":{"0":"post-1880","1":"product","2":"type-product","3":"status-publish","4":"has-post-thumbnail","6":"product_cat-kodu-ja-aiandus","7":"product_cat-kodupuhastus","9":"first","10":"instock","11":"shipping-taxable","12":"product-type-simple"},"yoast_head":"<!-- This site is optimized with the Yoast SEO plugin v23.3 - https:\/\/yoast.com\/wordpress\/plugins\/seo\/ -->\n<title>WC-geel (BIO), sidrunhappe, savi ja riisit\u00e4rklisega - bio4you.eu\/retseptid<\/title>\n<meta name=\"description\" content=\"WC-geel, sidrunhappe, savi ja riisit\u00e4rklisega\" \/>\n<meta name=\"robots\" content=\"index, follow, max-snippet:-1, max-image-preview:large, max-video-preview:-1\" \/>\n<link rel=\"canonical\" href=\"https:\/\/bio4you.eu\/retseptid\/toode\/wc-geel-sidrunhappe-savi-ja-riisitarklisega\/\" \/>\n<meta property=\"og:locale\" content=\"et_EE\" \/>\n<meta property=\"og:type\" content=\"article\" \/>\n<meta property=\"og:title\" content=\"WC-geel (BIO), sidrunhappe, savi ja riisit\u00e4rklisega - bio4you.eu\/retseptid\" \/>\n<meta property=\"og:description\" content=\"WC-geel, sidrunhappe, savi ja riisit\u00e4rklisega\" \/>\n<meta property=\"og:url\" content=\"https:\/\/bio4you.eu\/retseptid\/toode\/wc-geel-sidrunhappe-savi-ja-riisitarklisega\/\" \/>\n<meta property=\"og:site_name\" content=\"bio4you.eu\/retseptid\" \/>\n<meta property=\"article:modified_time\" content=\"2022-05-19T06:42:12+00:00\" \/>\n<meta property=\"og:image\" content=\"https:\/\/bio4you.eu\/retseptid\/wp-content\/uploads\/2014\/02\/clean-toilet-bowl.jpg\" \/>\n\t<meta property=\"og:image:width\" content=\"526\" \/>\n\t<meta property=\"og:image:height\" content=\"296\" \/>\n\t<meta property=\"og:image:type\" content=\"image\/jpeg\" \/>\n<meta name=\"twitter:label1\" content=\"Est. reading time\" \/>\n\t<meta name=\"twitter:data1\" content=\"1 minut\" \/>\n<script type=\"application\/ld+json\" class=\"yoast-schema-graph\">{\"@context\":\"https:\/\/schema.org\",\"@graph\":[{\"@type\":\"WebPage\",\"@id\":\"https:\/\/bio4you.eu\/retseptid\/toode\/wc-geel-sidrunhappe-savi-ja-riisitarklisega\/\",\"url\":\"https:\/\/bio4you.eu\/retseptid\/toode\/wc-geel-sidrunhappe-savi-ja-riisitarklisega\/\",\"name\":\"WC-geel (BIO), sidrunhappe, savi ja riisit\u00e4rklisega - bio4you.eu\/retseptid\",\"isPartOf\":{\"@id\":\"https:\/\/bio4you.eu\/retseptid\/#website\"},\"primaryImageOfPage\":{\"@id\":\"https:\/\/bio4you.eu\/retseptid\/toode\/wc-geel-sidrunhappe-savi-ja-riisitarklisega\/#primaryimage\"},\"image\":{\"@id\":\"https:\/\/bio4you.eu\/retseptid\/toode\/wc-geel-sidrunhappe-savi-ja-riisitarklisega\/#primaryimage\"},\"thumbnailUrl\":\"https:\/\/bio4you.eu\/retseptid\/wp-content\/uploads\/2014\/02\/clean-toilet-bowl.jpg\",\"datePublished\":\"2014-02-20T17:04:04+00:00\",\"dateModified\":\"2022-05-19T06:42:12+00:00\",\"description\":\"WC-geel, sidrunhappe, savi ja riisit\u00e4rklisega\",\"breadcrumb\":{\"@id\":\"https:\/\/bio4you.eu\/retseptid\/toode\/wc-geel-sidrunhappe-savi-ja-riisitarklisega\/#breadcrumb\"},\"inLanguage\":\"et\",\"potentialAction\":[{\"@type\":\"ReadAction\",\"target\":[\"https:\/\/bio4you.eu\/retseptid\/toode\/wc-geel-sidrunhappe-savi-ja-riisitarklisega\/\"]}]},{\"@type\":\"ImageObject\",\"inLanguage\":\"et\",\"@id\":\"https:\/\/bio4you.eu\/retseptid\/toode\/wc-geel-sidrunhappe-savi-ja-riisitarklisega\/#primaryimage\",\"url\":\"https:\/\/bio4you.eu\/retseptid\/wp-content\/uploads\/2014\/02\/clean-toilet-bowl.jpg\",\"contentUrl\":\"https:\/\/bio4you.eu\/retseptid\/wp-content\/uploads\/2014\/02\/clean-toilet-bowl.jpg\",\"width\":526,\"height\":296},{\"@type\":\"BreadcrumbList\",\"@id\":\"https:\/\/bio4you.eu\/retseptid\/toode\/wc-geel-sidrunhappe-savi-ja-riisitarklisega\/#breadcrumb\",\"itemListElement\":[{\"@type\":\"ListItem\",\"position\":1,\"name\":\"Home\",\"item\":\"https:\/\/bio4you.eu\/retseptid\/\"},{\"@type\":\"ListItem\",\"position\":2,\"name\":\"WC-geel (BIO), sidrunhappe, savi ja riisit\u00e4rklisega\"}]},{\"@type\":\"WebSite\",\"@id\":\"https:\/\/bio4you.eu\/retseptid\/#website\",\"url\":\"https:\/\/bio4you.eu\/retseptid\/\",\"name\":\"bio4you.eu\/retseptid\",\"description\":\"\u00d6ko retseptid ise tegemiseks, looduslikest koostisainetest. Maitsev toit, iluhooldus, kodupuhastus ja aiandus.\",\"potentialAction\":[{\"@type\":\"SearchAction\",\"target\":{\"@type\":\"EntryPoint\",\"urlTemplate\":\"https:\/\/bio4you.eu\/retseptid\/?s={search_term_string}\"},\"query-input\":\"required name=search_term_string\"}],\"inLanguage\":\"et\"}]}<\/script>\n<!-- \/ Yoast SEO plugin. -->","yoast_head_json":{"title":"WC-geel (BIO), sidrunhappe, savi ja riisit\u00e4rklisega - bio4you.eu\/retseptid","description":"WC-geel, sidrunhappe, savi ja riisit\u00e4rklisega","robots":{"index":"index","follow":"follow","max-snippet":"max-snippet:-1","max-image-preview":"max-image-preview:large","max-video-preview":"max-video-preview:-1"},"canonical":"https:\/\/bio4you.eu\/retseptid\/toode\/wc-geel-sidrunhappe-savi-ja-riisitarklisega\/","og_locale":"et_EE","og_type":"article","og_title":"WC-geel (BIO), sidrunhappe, savi ja riisit\u00e4rklisega - bio4you.eu\/retseptid","og_description":"WC-geel, sidrunhappe, savi ja riisit\u00e4rklisega","og_url":"https:\/\/bio4you.eu\/retseptid\/toode\/wc-geel-sidrunhappe-savi-ja-riisitarklisega\/","og_site_name":"bio4you.eu\/retseptid","article_modified_time":"2022-05-19T06:42:12+00:00","og_image":[{"width":526,"height":296,"url":"https:\/\/bio4you.eu\/retseptid\/wp-content\/uploads\/2014\/02\/clean-toilet-bowl.jpg","type":"image\/jpeg"}],"twitter_misc":{"Est. reading time":"1 minut"},"schema":{"@context":"https:\/\/schema.org","@graph":[{"@type":"WebPage","@id":"https:\/\/bio4you.eu\/retseptid\/toode\/wc-geel-sidrunhappe-savi-ja-riisitarklisega\/","url":"https:\/\/bio4you.eu\/retseptid\/toode\/wc-geel-sidrunhappe-savi-ja-riisitarklisega\/","name":"WC-geel (BIO), sidrunhappe, savi ja riisit\u00e4rklisega - bio4you.eu\/retseptid","isPartOf":{"@id":"https:\/\/bio4you.eu\/retseptid\/#website"},"primaryImageOfPage":{"@id":"https:\/\/bio4you.eu\/retseptid\/toode\/wc-geel-sidrunhappe-savi-ja-riisitarklisega\/#primaryimage"},"image":{"@id":"https:\/\/bio4you.eu\/retseptid\/toode\/wc-geel-sidrunhappe-savi-ja-riisitarklisega\/#primaryimage"},"thumbnailUrl":"https:\/\/bio4you.eu\/retseptid\/wp-content\/uploads\/2014\/02\/clean-toilet-bowl.jpg","datePublished":"2014-02-20T17:04:04+00:00","dateModified":"2022-05-19T06:42:12+00:00","description":"WC-geel, sidrunhappe, savi ja riisit\u00e4rklisega","breadcrumb":{"@id":"https:\/\/bio4you.eu\/retseptid\/toode\/wc-geel-sidrunhappe-savi-ja-riisitarklisega\/#breadcrumb"},"inLanguage":"et","potentialAction":[{"@type":"ReadAction","target":["https:\/\/bio4you.eu\/retseptid\/toode\/wc-geel-sidrunhappe-savi-ja-riisitarklisega\/"]}]},{"@type":"ImageObject","inLanguage":"et","@id":"https:\/\/bio4you.eu\/retseptid\/toode\/wc-geel-sidrunhappe-savi-ja-riisitarklisega\/#primaryimage","url":"https:\/\/bio4you.eu\/retseptid\/wp-content\/uploads\/2014\/02\/clean-toilet-bowl.jpg","contentUrl":"https:\/\/bio4you.eu\/retseptid\/wp-content\/uploads\/2014\/02\/clean-toilet-bowl.jpg","width":526,"height":296},{"@type":"BreadcrumbList","@id":"https:\/\/bio4you.eu\/retseptid\/toode\/wc-geel-sidrunhappe-savi-ja-riisitarklisega\/#breadcrumb","itemListElement":[{"@type":"ListItem","position":1,"name":"Home","item":"https:\/\/bio4you.eu\/retseptid\/"},{"@type":"ListItem","position":2,"name":"WC-geel (BIO), sidrunhappe, savi ja riisit\u00e4rklisega"}]},{"@type":"WebSite","@id":"https:\/\/bio4you.eu\/retseptid\/#website","url":"https:\/\/bio4you.eu\/retseptid\/","name":"bio4you.eu\/retseptid","description":"\u00d6ko retseptid ise tegemiseks, looduslikest koostisainetest. Maitsev toit, iluhooldus, kodupuhastus ja aiandus.","potentialAction":[{"@type":"SearchAction","target":{"@type":"EntryPoint","urlTemplate":"https:\/\/bio4you.eu\/retseptid\/?s={search_term_string}"},"query-input":"required name=search_term_string"}],"inLanguage":"et"}]}},"_links":{"self":[{"href":"https:\/\/bio4you.eu\/retseptid\/wp-json\/wp\/v2\/product\/1880"}],"collection":[{"href":"https:\/\/bio4you.eu\/retseptid\/wp-json\/wp\/v2\/product"}],"about":[{"href":"https:\/\/bio4you.eu\/retseptid\/wp-json\/wp\/v2\/types\/product"}],"replies":[{"embeddable":true,"href":"https:\/\/bio4you.eu\/retseptid\/wp-json\/wp\/v2\/comments?post=1880"}],"wp:featuredmedia":[{"embeddable":true,"href":"https:\/\/bio4you.eu\/retseptid\/wp-json\/wp\/v2\/media\/3388"}],"wp:attachment":[{"href":"https:\/\/bio4you.eu\/retseptid\/wp-json\/wp\/v2\/media?parent=1880"}],"wp:term":[{"taxonomy":"product_cat","embeddable":true,"href":"https:\/\/bio4you.eu\/retseptid\/wp-json\/wp\/v2\/product_cat?post=1880"},{"taxonomy":"product_tag","embeddable":true,"href":"https:\/\/bio4you.eu\/retseptid\/wp-json\/wp\/v2\/product_tag?post=1880"}],"curies":[{"name":"wp","href":"https:\/\/api.w.org\/{rel}","templated":true}]}}