{"id":1971,"date":"2014-03-09T13:49:53","date_gmt":"2014-03-09T11:49:53","guid":{"rendered":"https:\/\/bio4you.eu\/retseptid\/?post_type=product&#038;p=1971"},"modified":"2022-05-17T10:19:56","modified_gmt":"2022-05-17T07:19:56","slug":"ulikiire-kreemjas-pasta-lohega","status":"publish","type":"product","link":"https:\/\/bio4you.eu\/retseptid\/toode\/ulikiire-kreemjas-pasta-lohega\/","title":{"rendered":"\u00dclikiire kreemjas pasta l\u00f5hega"},"content":{"rendered":"<p>Valmistamisviis:<br \/>\nRiivi sibul v\u00f5i l\u00f5ika v\u00e4ikesteks t\u00fckkideks. Pane potti koos oliivi\u00f5liga ja kuumuta klaasjaks. Lisa l\u00f5he t\u00fckid, sega l\u00e4bi. Lisa 2-3 spl puhast tomatipastat, natukene oliivi\u00f5li ja sega uuesti l\u00e4bi. Lase m\u00f5ned minutid haududa. Lisa toiduvalmistamise koor ja n\u00e4puotsat\u00e4is murulauku. Sega uuesti ja pane tuli kinni. Valmista pasta ja vala kaste peale. Kaunista maitserohelisega ja pane igale portsule ekstra neitsioliivi\u00f5li.<\/p>\n<p>&nbsp;<\/p>\n<p>&nbsp;<\/p>\n","protected":false},"excerpt":{"rendered":"<p>Vaja l\u00e4heb:<\/p>\n<ul>\n<li>pakk <a href=\"https:\/\/bio4you.eu\/et\/taimsed-piimad-ja-koored\/1458-riisikoor-200ml-the-bridge.html\" target=\"_blank\" rel=\"noopener\"><span style=\"color: #99cc00;\">toiduvalmistamise koort<\/span> <\/a>(200 ml)<\/li>\n<li><a href=\"http:\/\/bio4you.eu\/et\/145-pasta\" target=\"_blank\" rel=\"noopener\"><span style=\"color: #99cc00;\">pastat<\/span><\/a><\/li>\n<li>pakk suitsu- v\u00f5i soolal\u00f5het\u00a0 (ca 125-200 g)<\/li>\n<li>murulauku<\/li>\n<li>pool sibulat<\/li>\n<li><a href=\"https:\/\/bio4you.eu\/et\/olid\/2245-itaalia-filtreerimata-oliivioli-500ml-kulmpress-corvino.html\" target=\"_blank\" rel=\"noopener\"><span style=\"color: #99cc00;\">ekstra neitsioliivi\u00f5li<\/span><\/a><\/li>\n<li><span style=\"color: #99cc00;\"><a style=\"color: #99cc00;\" href=\"https:\/\/bio4you.eu\/et\/156-sool\">soola<\/a><\/span><\/li>\n<li>2-3 spl tomatipastat<\/li>\n<\/ul>\n","protected":false},"featured_media":3328,"comment_status":"closed","ping_status":"closed","template":"","meta":{"_exactmetrics_skip_tracking":false,"_exactmetrics_sitenote_active":false,"_exactmetrics_sitenote_note":"","_exactmetrics_sitenote_category":0},"product_cat":[60,70],"product_tag":[],"class_list":{"0":"post-1971","1":"product","2":"type-product","3":"status-publish","4":"has-post-thumbnail","6":"product_cat-toiduretseptid","7":"product_cat-pastaroad","9":"first","10":"instock","11":"shipping-taxable","12":"product-type-simple"},"yoast_head":"<!-- This site is optimized with the Yoast SEO plugin v23.3 - https:\/\/yoast.com\/wordpress\/plugins\/seo\/ -->\n<title>\u00dclikiire kreemjas pasta l\u00f5hega - bio4you.eu\/retseptid<\/title>\n<meta name=\"description\" content=\"\u00fclikiire kreemjas pasta l\u00f5hega\" \/>\n<meta name=\"robots\" content=\"index, follow, max-snippet:-1, max-image-preview:large, max-video-preview:-1\" \/>\n<link rel=\"canonical\" href=\"https:\/\/bio4you.eu\/retseptid\/toode\/ulikiire-kreemjas-pasta-lohega\/\" \/>\n<meta property=\"og:locale\" content=\"et_EE\" \/>\n<meta property=\"og:type\" content=\"article\" \/>\n<meta property=\"og:title\" content=\"\u00dclikiire kreemjas pasta l\u00f5hega - bio4you.eu\/retseptid\" \/>\n<meta property=\"og:description\" content=\"\u00fclikiire kreemjas pasta l\u00f5hega\" \/>\n<meta property=\"og:url\" content=\"https:\/\/bio4you.eu\/retseptid\/toode\/ulikiire-kreemjas-pasta-lohega\/\" \/>\n<meta property=\"og:site_name\" content=\"bio4you.eu\/retseptid\" \/>\n<meta property=\"article:modified_time\" content=\"2022-05-17T07:19:56+00:00\" \/>\n<meta property=\"og:image\" content=\"https:\/\/bio4you.eu\/retseptid\/wp-content\/uploads\/2014\/03\/smoked-salmon-pasta-vertical-a-1200.jpg\" \/>\n\t<meta property=\"og:image:width\" content=\"1200\" \/>\n\t<meta property=\"og:image:height\" content=\"1676\" \/>\n\t<meta property=\"og:image:type\" content=\"image\/jpeg\" \/>\n<meta name=\"twitter:label1\" content=\"Est. reading time\" \/>\n\t<meta name=\"twitter:data1\" content=\"1 minut\" \/>\n<script type=\"application\/ld+json\" class=\"yoast-schema-graph\">{\"@context\":\"https:\/\/schema.org\",\"@graph\":[{\"@type\":\"WebPage\",\"@id\":\"https:\/\/bio4you.eu\/retseptid\/toode\/ulikiire-kreemjas-pasta-lohega\/\",\"url\":\"https:\/\/bio4you.eu\/retseptid\/toode\/ulikiire-kreemjas-pasta-lohega\/\",\"name\":\"\u00dclikiire kreemjas pasta l\u00f5hega - bio4you.eu\/retseptid\",\"isPartOf\":{\"@id\":\"https:\/\/bio4you.eu\/retseptid\/#website\"},\"primaryImageOfPage\":{\"@id\":\"https:\/\/bio4you.eu\/retseptid\/toode\/ulikiire-kreemjas-pasta-lohega\/#primaryimage\"},\"image\":{\"@id\":\"https:\/\/bio4you.eu\/retseptid\/toode\/ulikiire-kreemjas-pasta-lohega\/#primaryimage\"},\"thumbnailUrl\":\"https:\/\/bio4you.eu\/retseptid\/wp-content\/uploads\/2014\/03\/smoked-salmon-pasta-vertical-a-1200.jpg\",\"datePublished\":\"2014-03-09T11:49:53+00:00\",\"dateModified\":\"2022-05-17T07:19:56+00:00\",\"description\":\"\u00fclikiire kreemjas pasta l\u00f5hega\",\"breadcrumb\":{\"@id\":\"https:\/\/bio4you.eu\/retseptid\/toode\/ulikiire-kreemjas-pasta-lohega\/#breadcrumb\"},\"inLanguage\":\"et\",\"potentialAction\":[{\"@type\":\"ReadAction\",\"target\":[\"https:\/\/bio4you.eu\/retseptid\/toode\/ulikiire-kreemjas-pasta-lohega\/\"]}]},{\"@type\":\"ImageObject\",\"inLanguage\":\"et\",\"@id\":\"https:\/\/bio4you.eu\/retseptid\/toode\/ulikiire-kreemjas-pasta-lohega\/#primaryimage\",\"url\":\"https:\/\/bio4you.eu\/retseptid\/wp-content\/uploads\/2014\/03\/smoked-salmon-pasta-vertical-a-1200.jpg\",\"contentUrl\":\"https:\/\/bio4you.eu\/retseptid\/wp-content\/uploads\/2014\/03\/smoked-salmon-pasta-vertical-a-1200.jpg\",\"width\":1200,\"height\":1676},{\"@type\":\"BreadcrumbList\",\"@id\":\"https:\/\/bio4you.eu\/retseptid\/toode\/ulikiire-kreemjas-pasta-lohega\/#breadcrumb\",\"itemListElement\":[{\"@type\":\"ListItem\",\"position\":1,\"name\":\"Home\",\"item\":\"https:\/\/bio4you.eu\/retseptid\/\"},{\"@type\":\"ListItem\",\"position\":2,\"name\":\"\u00dclikiire kreemjas pasta l\u00f5hega\"}]},{\"@type\":\"WebSite\",\"@id\":\"https:\/\/bio4you.eu\/retseptid\/#website\",\"url\":\"https:\/\/bio4you.eu\/retseptid\/\",\"name\":\"bio4you.eu\/retseptid\",\"description\":\"\u00d6ko retseptid ise tegemiseks, looduslikest koostisainetest. Maitsev toit, iluhooldus, kodupuhastus ja aiandus.\",\"potentialAction\":[{\"@type\":\"SearchAction\",\"target\":{\"@type\":\"EntryPoint\",\"urlTemplate\":\"https:\/\/bio4you.eu\/retseptid\/?s={search_term_string}\"},\"query-input\":\"required name=search_term_string\"}],\"inLanguage\":\"et\"}]}<\/script>\n<!-- \/ Yoast SEO plugin. -->","yoast_head_json":{"title":"\u00dclikiire kreemjas pasta l\u00f5hega - bio4you.eu\/retseptid","description":"\u00fclikiire kreemjas pasta l\u00f5hega","robots":{"index":"index","follow":"follow","max-snippet":"max-snippet:-1","max-image-preview":"max-image-preview:large","max-video-preview":"max-video-preview:-1"},"canonical":"https:\/\/bio4you.eu\/retseptid\/toode\/ulikiire-kreemjas-pasta-lohega\/","og_locale":"et_EE","og_type":"article","og_title":"\u00dclikiire kreemjas pasta l\u00f5hega - bio4you.eu\/retseptid","og_description":"\u00fclikiire kreemjas pasta l\u00f5hega","og_url":"https:\/\/bio4you.eu\/retseptid\/toode\/ulikiire-kreemjas-pasta-lohega\/","og_site_name":"bio4you.eu\/retseptid","article_modified_time":"2022-05-17T07:19:56+00:00","og_image":[{"width":1200,"height":1676,"url":"https:\/\/bio4you.eu\/retseptid\/wp-content\/uploads\/2014\/03\/smoked-salmon-pasta-vertical-a-1200.jpg","type":"image\/jpeg"}],"twitter_misc":{"Est. reading time":"1 minut"},"schema":{"@context":"https:\/\/schema.org","@graph":[{"@type":"WebPage","@id":"https:\/\/bio4you.eu\/retseptid\/toode\/ulikiire-kreemjas-pasta-lohega\/","url":"https:\/\/bio4you.eu\/retseptid\/toode\/ulikiire-kreemjas-pasta-lohega\/","name":"\u00dclikiire kreemjas pasta l\u00f5hega - bio4you.eu\/retseptid","isPartOf":{"@id":"https:\/\/bio4you.eu\/retseptid\/#website"},"primaryImageOfPage":{"@id":"https:\/\/bio4you.eu\/retseptid\/toode\/ulikiire-kreemjas-pasta-lohega\/#primaryimage"},"image":{"@id":"https:\/\/bio4you.eu\/retseptid\/toode\/ulikiire-kreemjas-pasta-lohega\/#primaryimage"},"thumbnailUrl":"https:\/\/bio4you.eu\/retseptid\/wp-content\/uploads\/2014\/03\/smoked-salmon-pasta-vertical-a-1200.jpg","datePublished":"2014-03-09T11:49:53+00:00","dateModified":"2022-05-17T07:19:56+00:00","description":"\u00fclikiire kreemjas pasta l\u00f5hega","breadcrumb":{"@id":"https:\/\/bio4you.eu\/retseptid\/toode\/ulikiire-kreemjas-pasta-lohega\/#breadcrumb"},"inLanguage":"et","potentialAction":[{"@type":"ReadAction","target":["https:\/\/bio4you.eu\/retseptid\/toode\/ulikiire-kreemjas-pasta-lohega\/"]}]},{"@type":"ImageObject","inLanguage":"et","@id":"https:\/\/bio4you.eu\/retseptid\/toode\/ulikiire-kreemjas-pasta-lohega\/#primaryimage","url":"https:\/\/bio4you.eu\/retseptid\/wp-content\/uploads\/2014\/03\/smoked-salmon-pasta-vertical-a-1200.jpg","contentUrl":"https:\/\/bio4you.eu\/retseptid\/wp-content\/uploads\/2014\/03\/smoked-salmon-pasta-vertical-a-1200.jpg","width":1200,"height":1676},{"@type":"BreadcrumbList","@id":"https:\/\/bio4you.eu\/retseptid\/toode\/ulikiire-kreemjas-pasta-lohega\/#breadcrumb","itemListElement":[{"@type":"ListItem","position":1,"name":"Home","item":"https:\/\/bio4you.eu\/retseptid\/"},{"@type":"ListItem","position":2,"name":"\u00dclikiire kreemjas pasta l\u00f5hega"}]},{"@type":"WebSite","@id":"https:\/\/bio4you.eu\/retseptid\/#website","url":"https:\/\/bio4you.eu\/retseptid\/","name":"bio4you.eu\/retseptid","description":"\u00d6ko retseptid ise tegemiseks, looduslikest koostisainetest. Maitsev toit, iluhooldus, kodupuhastus ja aiandus.","potentialAction":[{"@type":"SearchAction","target":{"@type":"EntryPoint","urlTemplate":"https:\/\/bio4you.eu\/retseptid\/?s={search_term_string}"},"query-input":"required name=search_term_string"}],"inLanguage":"et"}]}},"_links":{"self":[{"href":"https:\/\/bio4you.eu\/retseptid\/wp-json\/wp\/v2\/product\/1971"}],"collection":[{"href":"https:\/\/bio4you.eu\/retseptid\/wp-json\/wp\/v2\/product"}],"about":[{"href":"https:\/\/bio4you.eu\/retseptid\/wp-json\/wp\/v2\/types\/product"}],"replies":[{"embeddable":true,"href":"https:\/\/bio4you.eu\/retseptid\/wp-json\/wp\/v2\/comments?post=1971"}],"wp:featuredmedia":[{"embeddable":true,"href":"https:\/\/bio4you.eu\/retseptid\/wp-json\/wp\/v2\/media\/3328"}],"wp:attachment":[{"href":"https:\/\/bio4you.eu\/retseptid\/wp-json\/wp\/v2\/media?parent=1971"}],"wp:term":[{"taxonomy":"product_cat","embeddable":true,"href":"https:\/\/bio4you.eu\/retseptid\/wp-json\/wp\/v2\/product_cat?post=1971"},{"taxonomy":"product_tag","embeddable":true,"href":"https:\/\/bio4you.eu\/retseptid\/wp-json\/wp\/v2\/product_tag?post=1971"}],"curies":[{"name":"wp","href":"https:\/\/api.w.org\/{rel}","templated":true}]}}