{"id":2001,"date":"2014-04-16T13:07:33","date_gmt":"2014-04-16T10:07:33","guid":{"rendered":"https:\/\/bio4you.eu\/retseptid\/product\/riis-safraniga\/"},"modified":"2022-05-17T09:58:13","modified_gmt":"2022-05-17T06:58:13","slug":"riis-safraniga","status":"publish","type":"product","link":"https:\/\/bio4you.eu\/retseptid\/toode\/riis-safraniga\/","title":{"rendered":"Riis safraniga"},"content":{"rendered":"<p>VALMISTAMINE:<br \/>\nKeeda riis soolatud v\u00f5i juurvilja puljongipulbriga maitsestatud vees. Lisa pakike safranit\u00a0 \u2013 riis muutub imeilusaks kollaseks. Sega sisse oliivi\u00f5li, v\u00e4ike rullike v\u00f5id ja riivitud parmesani juustu. Igale portsule riivi parmesani ka pealispinnale ja lisa tilgake oliivi\u00f5li.<\/p>\n<div>\n<p><strong>Variatsioonid<\/strong>:\u00a0sega riisi sisse lisandeid, nt seeni, herneid, kanat\u00fckke, suvik\u00f5rvitsa t\u00fckke, sparglit vm. mahedaid juurvilju.<\/p>\n<p><strong>Soovi korral v\u00f5id riisi keeta ka nii:<\/strong> paned kastrulisse oliivi\u00f5li koos sibula v\u00f5i k\u00fc\u00fcslauguga. Segad l\u00e4bi ja viskad sibula (k\u00fc\u00fcslaugu) v\u00e4lja. Lisad riisi ja segad koguaeg umbes 30sek-1 min. Kallad peale keeva vee (ettevaatust, hoia n\u00e4gu potist eemal kui seda teed), maitsestad ja lased l\u00f5puni keeda.<\/p>\n<p>&nbsp;<\/p>\n<\/div>\n","protected":false},"excerpt":{"rendered":"<p>Vaja l\u00e4heb:<\/p>\n<div>\n<ul>\n<li><a href=\"http:\/\/bio4you.eu\/et\/search?controller=search&amp;orderby=position&amp;orderway=desc&amp;search_query=riis&amp;submit_search=\" target=\"_blank\" rel=\"noopener\"><span style=\"color: #99cc00;\">riisi<\/span><\/a> ja vett<\/li>\n<li>pakike <a href=\"https:\/\/bio4you.eu\/et\/maitseained-ja-magustajad\/1454-safranipulber-3x013g.html?utm_source=bioretsept&amp;utm_medium=retsept&amp;utm_campaign=retsept\" target=\"_blank\" rel=\"noopener\"><span style=\"color: #99cc00;\">safranit<\/span><\/a> (soovi korral paar safranitolmukat kaunistamiseks)<\/li>\n<li><a href=\"https:\/\/bio4you.eu\/et\/otsi?controller=search&amp;order=product.position.desc&amp;s=oliivi%C3%B5li&amp;utm_source=bioretsept&amp;utm_medium=retsept&amp;utm_campaign=retsept\" target=\"_blank\" rel=\"noopener\">ekstra neitsi oliivi\u00f5li<\/a><\/li>\n<li>killuke v\u00f5id<\/li>\n<li>parmesani juustu<\/li>\n<li>soola<\/li>\n<li>soovi korral natuke <a href=\"http:\/\/bio4you.eu\/et\/search?controller=search&amp;orderby=position&amp;orderway=desc&amp;search_query=puljong&amp;submit_search=\" target=\"_blank\" rel=\"noopener\"><span style=\"color: #99cc00;\">puljongipulbrit<\/span><\/a><\/li>\n<\/ul>\n<\/div>\n","protected":false},"featured_media":3319,"comment_status":"closed","ping_status":"closed","template":"","meta":{"_exactmetrics_skip_tracking":false,"_exactmetrics_sitenote_active":false,"_exactmetrics_sitenote_note":"","_exactmetrics_sitenote_category":0},"product_cat":[59,60,63,383,71],"product_tag":[150,178,177],"class_list":{"0":"post-2001","1":"product","2":"type-product","3":"status-publish","4":"has-post-thumbnail","6":"product_cat-featured","7":"product_cat-toiduretseptid","8":"product_cat-gluteenivabad-retseptid","9":"product_cat-taimetoit","10":"product_cat-riisi-ja-teraviljatoidud","11":"product_tag-gluteenivaba-2","12":"product_tag-riis-safraniga","13":"product_tag-safran","15":"first","16":"instock","17":"shipping-taxable","18":"product-type-simple"},"yoast_head":"<!-- This site is optimized with the Yoast SEO plugin v23.3 - https:\/\/yoast.com\/wordpress\/plugins\/seo\/ -->\n<title>Riis safraniga - bio4you.eu\/retseptid<\/title>\n<meta name=\"description\" content=\"Riis safraniga\" \/>\n<meta name=\"robots\" content=\"index, follow, max-snippet:-1, max-image-preview:large, max-video-preview:-1\" \/>\n<link rel=\"canonical\" href=\"https:\/\/bio4you.eu\/retseptid\/toode\/riis-safraniga\/\" \/>\n<meta property=\"og:locale\" content=\"et_EE\" \/>\n<meta property=\"og:type\" content=\"article\" \/>\n<meta property=\"og:title\" content=\"Riis safraniga - bio4you.eu\/retseptid\" \/>\n<meta property=\"og:description\" content=\"Riis safraniga\" \/>\n<meta property=\"og:url\" content=\"https:\/\/bio4you.eu\/retseptid\/toode\/riis-safraniga\/\" \/>\n<meta property=\"og:site_name\" content=\"bio4you.eu\/retseptid\" \/>\n<meta property=\"article:modified_time\" content=\"2022-05-17T06:58:13+00:00\" \/>\n<meta property=\"og:image\" content=\"https:\/\/bio4you.eu\/retseptid\/wp-content\/uploads\/2014\/04\/Screen-Shot-2016-10-12-at-15.18.21.png\" \/>\n\t<meta property=\"og:image:width\" content=\"490\" \/>\n\t<meta property=\"og:image:height\" content=\"298\" \/>\n\t<meta property=\"og:image:type\" content=\"image\/png\" \/>\n<meta name=\"twitter:label1\" content=\"Est. reading time\" \/>\n\t<meta name=\"twitter:data1\" content=\"1 minut\" \/>\n<script type=\"application\/ld+json\" class=\"yoast-schema-graph\">{\"@context\":\"https:\/\/schema.org\",\"@graph\":[{\"@type\":\"WebPage\",\"@id\":\"https:\/\/bio4you.eu\/retseptid\/toode\/riis-safraniga\/\",\"url\":\"https:\/\/bio4you.eu\/retseptid\/toode\/riis-safraniga\/\",\"name\":\"Riis safraniga - bio4you.eu\/retseptid\",\"isPartOf\":{\"@id\":\"https:\/\/bio4you.eu\/retseptid\/#website\"},\"primaryImageOfPage\":{\"@id\":\"https:\/\/bio4you.eu\/retseptid\/toode\/riis-safraniga\/#primaryimage\"},\"image\":{\"@id\":\"https:\/\/bio4you.eu\/retseptid\/toode\/riis-safraniga\/#primaryimage\"},\"thumbnailUrl\":\"https:\/\/bio4you.eu\/retseptid\/wp-content\/uploads\/2014\/04\/Screen-Shot-2016-10-12-at-15.18.21.png\",\"datePublished\":\"2014-04-16T10:07:33+00:00\",\"dateModified\":\"2022-05-17T06:58:13+00:00\",\"description\":\"Riis safraniga\",\"breadcrumb\":{\"@id\":\"https:\/\/bio4you.eu\/retseptid\/toode\/riis-safraniga\/#breadcrumb\"},\"inLanguage\":\"et\",\"potentialAction\":[{\"@type\":\"ReadAction\",\"target\":[\"https:\/\/bio4you.eu\/retseptid\/toode\/riis-safraniga\/\"]}]},{\"@type\":\"ImageObject\",\"inLanguage\":\"et\",\"@id\":\"https:\/\/bio4you.eu\/retseptid\/toode\/riis-safraniga\/#primaryimage\",\"url\":\"https:\/\/bio4you.eu\/retseptid\/wp-content\/uploads\/2014\/04\/Screen-Shot-2016-10-12-at-15.18.21.png\",\"contentUrl\":\"https:\/\/bio4you.eu\/retseptid\/wp-content\/uploads\/2014\/04\/Screen-Shot-2016-10-12-at-15.18.21.png\",\"width\":490,\"height\":298},{\"@type\":\"BreadcrumbList\",\"@id\":\"https:\/\/bio4you.eu\/retseptid\/toode\/riis-safraniga\/#breadcrumb\",\"itemListElement\":[{\"@type\":\"ListItem\",\"position\":1,\"name\":\"Home\",\"item\":\"https:\/\/bio4you.eu\/retseptid\/\"},{\"@type\":\"ListItem\",\"position\":2,\"name\":\"Riis safraniga\"}]},{\"@type\":\"WebSite\",\"@id\":\"https:\/\/bio4you.eu\/retseptid\/#website\",\"url\":\"https:\/\/bio4you.eu\/retseptid\/\",\"name\":\"bio4you.eu\/retseptid\",\"description\":\"\u00d6ko retseptid ise tegemiseks, looduslikest koostisainetest. Maitsev toit, iluhooldus, kodupuhastus ja aiandus.\",\"potentialAction\":[{\"@type\":\"SearchAction\",\"target\":{\"@type\":\"EntryPoint\",\"urlTemplate\":\"https:\/\/bio4you.eu\/retseptid\/?s={search_term_string}\"},\"query-input\":\"required name=search_term_string\"}],\"inLanguage\":\"et\"}]}<\/script>\n<!-- \/ Yoast SEO plugin. -->","yoast_head_json":{"title":"Riis safraniga - bio4you.eu\/retseptid","description":"Riis safraniga","robots":{"index":"index","follow":"follow","max-snippet":"max-snippet:-1","max-image-preview":"max-image-preview:large","max-video-preview":"max-video-preview:-1"},"canonical":"https:\/\/bio4you.eu\/retseptid\/toode\/riis-safraniga\/","og_locale":"et_EE","og_type":"article","og_title":"Riis safraniga - bio4you.eu\/retseptid","og_description":"Riis safraniga","og_url":"https:\/\/bio4you.eu\/retseptid\/toode\/riis-safraniga\/","og_site_name":"bio4you.eu\/retseptid","article_modified_time":"2022-05-17T06:58:13+00:00","og_image":[{"width":490,"height":298,"url":"https:\/\/bio4you.eu\/retseptid\/wp-content\/uploads\/2014\/04\/Screen-Shot-2016-10-12-at-15.18.21.png","type":"image\/png"}],"twitter_misc":{"Est. reading time":"1 minut"},"schema":{"@context":"https:\/\/schema.org","@graph":[{"@type":"WebPage","@id":"https:\/\/bio4you.eu\/retseptid\/toode\/riis-safraniga\/","url":"https:\/\/bio4you.eu\/retseptid\/toode\/riis-safraniga\/","name":"Riis safraniga - bio4you.eu\/retseptid","isPartOf":{"@id":"https:\/\/bio4you.eu\/retseptid\/#website"},"primaryImageOfPage":{"@id":"https:\/\/bio4you.eu\/retseptid\/toode\/riis-safraniga\/#primaryimage"},"image":{"@id":"https:\/\/bio4you.eu\/retseptid\/toode\/riis-safraniga\/#primaryimage"},"thumbnailUrl":"https:\/\/bio4you.eu\/retseptid\/wp-content\/uploads\/2014\/04\/Screen-Shot-2016-10-12-at-15.18.21.png","datePublished":"2014-04-16T10:07:33+00:00","dateModified":"2022-05-17T06:58:13+00:00","description":"Riis safraniga","breadcrumb":{"@id":"https:\/\/bio4you.eu\/retseptid\/toode\/riis-safraniga\/#breadcrumb"},"inLanguage":"et","potentialAction":[{"@type":"ReadAction","target":["https:\/\/bio4you.eu\/retseptid\/toode\/riis-safraniga\/"]}]},{"@type":"ImageObject","inLanguage":"et","@id":"https:\/\/bio4you.eu\/retseptid\/toode\/riis-safraniga\/#primaryimage","url":"https:\/\/bio4you.eu\/retseptid\/wp-content\/uploads\/2014\/04\/Screen-Shot-2016-10-12-at-15.18.21.png","contentUrl":"https:\/\/bio4you.eu\/retseptid\/wp-content\/uploads\/2014\/04\/Screen-Shot-2016-10-12-at-15.18.21.png","width":490,"height":298},{"@type":"BreadcrumbList","@id":"https:\/\/bio4you.eu\/retseptid\/toode\/riis-safraniga\/#breadcrumb","itemListElement":[{"@type":"ListItem","position":1,"name":"Home","item":"https:\/\/bio4you.eu\/retseptid\/"},{"@type":"ListItem","position":2,"name":"Riis safraniga"}]},{"@type":"WebSite","@id":"https:\/\/bio4you.eu\/retseptid\/#website","url":"https:\/\/bio4you.eu\/retseptid\/","name":"bio4you.eu\/retseptid","description":"\u00d6ko retseptid ise tegemiseks, looduslikest koostisainetest. Maitsev toit, iluhooldus, kodupuhastus ja aiandus.","potentialAction":[{"@type":"SearchAction","target":{"@type":"EntryPoint","urlTemplate":"https:\/\/bio4you.eu\/retseptid\/?s={search_term_string}"},"query-input":"required name=search_term_string"}],"inLanguage":"et"}]}},"_links":{"self":[{"href":"https:\/\/bio4you.eu\/retseptid\/wp-json\/wp\/v2\/product\/2001"}],"collection":[{"href":"https:\/\/bio4you.eu\/retseptid\/wp-json\/wp\/v2\/product"}],"about":[{"href":"https:\/\/bio4you.eu\/retseptid\/wp-json\/wp\/v2\/types\/product"}],"replies":[{"embeddable":true,"href":"https:\/\/bio4you.eu\/retseptid\/wp-json\/wp\/v2\/comments?post=2001"}],"wp:featuredmedia":[{"embeddable":true,"href":"https:\/\/bio4you.eu\/retseptid\/wp-json\/wp\/v2\/media\/3319"}],"wp:attachment":[{"href":"https:\/\/bio4you.eu\/retseptid\/wp-json\/wp\/v2\/media?parent=2001"}],"wp:term":[{"taxonomy":"product_cat","embeddable":true,"href":"https:\/\/bio4you.eu\/retseptid\/wp-json\/wp\/v2\/product_cat?post=2001"},{"taxonomy":"product_tag","embeddable":true,"href":"https:\/\/bio4you.eu\/retseptid\/wp-json\/wp\/v2\/product_tag?post=2001"}],"curies":[{"name":"wp","href":"https:\/\/api.w.org\/{rel}","templated":true}]}}