{"id":2053,"date":"2014-05-27T13:09:45","date_gmt":"2014-05-27T10:09:45","guid":{"rendered":"https:\/\/bio4you.eu\/retseptid\/product\/kehakoorija-meresoola-ja-tsitrusega\/"},"modified":"2022-05-19T09:23:20","modified_gmt":"2022-05-19T06:23:20","slug":"kehakoorija-meresoola-ja-tsitrusega","status":"publish","type":"product","link":"https:\/\/bio4you.eu\/retseptid\/toode\/kehakoorija-meresoola-ja-tsitrusega\/","title":{"rendered":"Kehakoorija meresoola ja tsitrusega"},"content":{"rendered":"<p>VALMISTAMISVIIS:<br \/>\n<span style=\"line-height: 1.5;\">Sega meresool ja oliivi\u00f5li korralikult l\u00e4bi, \u00a0kuni tekib m\u00e4rja liiva sarnane, \u00fchtlane konsistents.\u00a0<\/span><\/p>\n<p><span style=\"line-height: 1.5;\">Sidrunipulber annab hea aroomi ning m\u00f5jub nahale ergutavalt. Selle asemel v\u00f5id lisada ka paar tilka essentsi\u00f5li v\u00f5i teisi puuviljapulbreid (n\u00e4iteks astelpaju). <\/span><span style=\"line-height: 1.5;\">S\u00e4ilita suletud anumaga k\u00fclmikus (s\u00e4ilib ca 6 kuud) \u00a0Kasutades h\u00f5\u00f5ru koorija ringjate liigutustega niiskele nahale, lase veidi seista ja pese veega maha. Kasuta \u00a01 kord n\u00e4dalas.<\/span><\/p>\n","protected":false},"excerpt":{"rendered":"<p><strong>VAJA L\u00c4HEB:<\/strong><\/p>\n<ul>\n<li><a href=\"https:\/\/bio4you.eu\/et\/otsi?controller=search&amp;order=product.position.desc&amp;s=meresool&amp;utm_source=bioretsept&amp;utm_medium=retsept&amp;utm_campaign=retsept\" target=\"_blank\" rel=\"noopener noreferrer\"><span style=\"color: #99cc00;\">peenike meresool<\/span><\/a><\/li>\n<li><a href=\"https:\/\/bio4you.eu\/et\/otsi?controller=search&amp;order=product.position.desc&amp;s=oliivi%C3%B5li&amp;utm_source=bioretsept&amp;utm_medium=retsept&amp;utm_campaign=retsept\" target=\"_blank\" rel=\"noopener noreferrer\"><span style=\"color: #99cc00;\">oliivi\u00f5li<\/span><\/a><\/li>\n<li>1 spl riivitud sidrunikoort (v\u00f5i apelsinikoort)<\/li>\n<li>soovi korral sidruniaroomi<\/li>\n<\/ul>\n","protected":false},"featured_media":3968,"comment_status":"closed","ping_status":"closed","template":"","meta":{"_exactmetrics_skip_tracking":false,"_exactmetrics_sitenote_active":false,"_exactmetrics_sitenote_note":"","_exactmetrics_sitenote_category":0},"product_cat":[59,61,85,86],"product_tag":[214,207,208,204,205,212,213],"class_list":{"0":"post-2053","1":"product","2":"type-product","3":"status-publish","4":"has-post-thumbnail","6":"product_cat-featured","7":"product_cat-ilu-retseptid","8":"product_cat-kehahooldus","9":"product_cat-koorimine-kehahooldus","10":"product_tag-apelsini-kehakoorija","11":"product_tag-isetehtud-kehakoorija","12":"product_tag-isetehtud-koorija","13":"product_tag-kehakoorija","14":"product_tag-koorija","15":"product_tag-meresoolaga-koorija","16":"product_tag-sidruniga-kehakoorija","18":"first","19":"instock","20":"shipping-taxable","21":"product-type-simple"},"yoast_head":"<!-- This site is optimized with the Yoast SEO plugin v23.3 - https:\/\/yoast.com\/wordpress\/plugins\/seo\/ -->\n<title>Kehakoorija meresoola ja tsitrusega - bio4you.eu\/retseptid<\/title>\n<meta name=\"description\" content=\"Isetehud piparm\u00fcndi-meresooloa kehakoorija\" \/>\n<meta name=\"robots\" content=\"index, follow, max-snippet:-1, max-image-preview:large, max-video-preview:-1\" \/>\n<link rel=\"canonical\" href=\"https:\/\/bio4you.eu\/retseptid\/toode\/kehakoorija-meresoola-ja-tsitrusega\/\" \/>\n<meta property=\"og:locale\" content=\"et_EE\" \/>\n<meta property=\"og:type\" content=\"article\" \/>\n<meta property=\"og:title\" content=\"Kehakoorija meresoola ja tsitrusega - bio4you.eu\/retseptid\" \/>\n<meta property=\"og:description\" content=\"Isetehud piparm\u00fcndi-meresooloa kehakoorija\" \/>\n<meta property=\"og:url\" content=\"https:\/\/bio4you.eu\/retseptid\/toode\/kehakoorija-meresoola-ja-tsitrusega\/\" \/>\n<meta property=\"og:site_name\" content=\"bio4you.eu\/retseptid\" \/>\n<meta property=\"article:modified_time\" content=\"2022-05-19T06:23:20+00:00\" \/>\n<meta property=\"og:image\" content=\"https:\/\/bio4you.eu\/retseptid\/wp-content\/uploads\/2014\/05\/bruna-branco-7r1HxvVC7AY-unsplash-scaled.jpg\" \/>\n\t<meta property=\"og:image:width\" content=\"1707\" \/>\n\t<meta property=\"og:image:height\" content=\"2560\" \/>\n\t<meta property=\"og:image:type\" content=\"image\/jpeg\" \/>\n<script type=\"application\/ld+json\" class=\"yoast-schema-graph\">{\"@context\":\"https:\/\/schema.org\",\"@graph\":[{\"@type\":\"WebPage\",\"@id\":\"https:\/\/bio4you.eu\/retseptid\/toode\/kehakoorija-meresoola-ja-tsitrusega\/\",\"url\":\"https:\/\/bio4you.eu\/retseptid\/toode\/kehakoorija-meresoola-ja-tsitrusega\/\",\"name\":\"Kehakoorija meresoola ja tsitrusega - bio4you.eu\/retseptid\",\"isPartOf\":{\"@id\":\"https:\/\/bio4you.eu\/retseptid\/#website\"},\"primaryImageOfPage\":{\"@id\":\"https:\/\/bio4you.eu\/retseptid\/toode\/kehakoorija-meresoola-ja-tsitrusega\/#primaryimage\"},\"image\":{\"@id\":\"https:\/\/bio4you.eu\/retseptid\/toode\/kehakoorija-meresoola-ja-tsitrusega\/#primaryimage\"},\"thumbnailUrl\":\"https:\/\/bio4you.eu\/retseptid\/wp-content\/uploads\/2014\/05\/bruna-branco-7r1HxvVC7AY-unsplash-scaled.jpg\",\"datePublished\":\"2014-05-27T10:09:45+00:00\",\"dateModified\":\"2022-05-19T06:23:20+00:00\",\"description\":\"Isetehud piparm\u00fcndi-meresooloa kehakoorija\",\"breadcrumb\":{\"@id\":\"https:\/\/bio4you.eu\/retseptid\/toode\/kehakoorija-meresoola-ja-tsitrusega\/#breadcrumb\"},\"inLanguage\":\"et\",\"potentialAction\":[{\"@type\":\"ReadAction\",\"target\":[\"https:\/\/bio4you.eu\/retseptid\/toode\/kehakoorija-meresoola-ja-tsitrusega\/\"]}]},{\"@type\":\"ImageObject\",\"inLanguage\":\"et\",\"@id\":\"https:\/\/bio4you.eu\/retseptid\/toode\/kehakoorija-meresoola-ja-tsitrusega\/#primaryimage\",\"url\":\"https:\/\/bio4you.eu\/retseptid\/wp-content\/uploads\/2014\/05\/bruna-branco-7r1HxvVC7AY-unsplash-scaled.jpg\",\"contentUrl\":\"https:\/\/bio4you.eu\/retseptid\/wp-content\/uploads\/2014\/05\/bruna-branco-7r1HxvVC7AY-unsplash-scaled.jpg\",\"width\":1707,\"height\":2560},{\"@type\":\"BreadcrumbList\",\"@id\":\"https:\/\/bio4you.eu\/retseptid\/toode\/kehakoorija-meresoola-ja-tsitrusega\/#breadcrumb\",\"itemListElement\":[{\"@type\":\"ListItem\",\"position\":1,\"name\":\"Home\",\"item\":\"https:\/\/bio4you.eu\/retseptid\/\"},{\"@type\":\"ListItem\",\"position\":2,\"name\":\"Kehakoorija meresoola ja tsitrusega\"}]},{\"@type\":\"WebSite\",\"@id\":\"https:\/\/bio4you.eu\/retseptid\/#website\",\"url\":\"https:\/\/bio4you.eu\/retseptid\/\",\"name\":\"bio4you.eu\/retseptid\",\"description\":\"\u00d6ko retseptid ise tegemiseks, looduslikest koostisainetest. Maitsev toit, iluhooldus, kodupuhastus ja aiandus.\",\"potentialAction\":[{\"@type\":\"SearchAction\",\"target\":{\"@type\":\"EntryPoint\",\"urlTemplate\":\"https:\/\/bio4you.eu\/retseptid\/?s={search_term_string}\"},\"query-input\":\"required name=search_term_string\"}],\"inLanguage\":\"et\"}]}<\/script>\n<!-- \/ Yoast SEO plugin. -->","yoast_head_json":{"title":"Kehakoorija meresoola ja tsitrusega - bio4you.eu\/retseptid","description":"Isetehud piparm\u00fcndi-meresooloa kehakoorija","robots":{"index":"index","follow":"follow","max-snippet":"max-snippet:-1","max-image-preview":"max-image-preview:large","max-video-preview":"max-video-preview:-1"},"canonical":"https:\/\/bio4you.eu\/retseptid\/toode\/kehakoorija-meresoola-ja-tsitrusega\/","og_locale":"et_EE","og_type":"article","og_title":"Kehakoorija meresoola ja tsitrusega - bio4you.eu\/retseptid","og_description":"Isetehud piparm\u00fcndi-meresooloa kehakoorija","og_url":"https:\/\/bio4you.eu\/retseptid\/toode\/kehakoorija-meresoola-ja-tsitrusega\/","og_site_name":"bio4you.eu\/retseptid","article_modified_time":"2022-05-19T06:23:20+00:00","og_image":[{"width":1707,"height":2560,"url":"https:\/\/bio4you.eu\/retseptid\/wp-content\/uploads\/2014\/05\/bruna-branco-7r1HxvVC7AY-unsplash-scaled.jpg","type":"image\/jpeg"}],"schema":{"@context":"https:\/\/schema.org","@graph":[{"@type":"WebPage","@id":"https:\/\/bio4you.eu\/retseptid\/toode\/kehakoorija-meresoola-ja-tsitrusega\/","url":"https:\/\/bio4you.eu\/retseptid\/toode\/kehakoorija-meresoola-ja-tsitrusega\/","name":"Kehakoorija meresoola ja tsitrusega - bio4you.eu\/retseptid","isPartOf":{"@id":"https:\/\/bio4you.eu\/retseptid\/#website"},"primaryImageOfPage":{"@id":"https:\/\/bio4you.eu\/retseptid\/toode\/kehakoorija-meresoola-ja-tsitrusega\/#primaryimage"},"image":{"@id":"https:\/\/bio4you.eu\/retseptid\/toode\/kehakoorija-meresoola-ja-tsitrusega\/#primaryimage"},"thumbnailUrl":"https:\/\/bio4you.eu\/retseptid\/wp-content\/uploads\/2014\/05\/bruna-branco-7r1HxvVC7AY-unsplash-scaled.jpg","datePublished":"2014-05-27T10:09:45+00:00","dateModified":"2022-05-19T06:23:20+00:00","description":"Isetehud piparm\u00fcndi-meresooloa kehakoorija","breadcrumb":{"@id":"https:\/\/bio4you.eu\/retseptid\/toode\/kehakoorija-meresoola-ja-tsitrusega\/#breadcrumb"},"inLanguage":"et","potentialAction":[{"@type":"ReadAction","target":["https:\/\/bio4you.eu\/retseptid\/toode\/kehakoorija-meresoola-ja-tsitrusega\/"]}]},{"@type":"ImageObject","inLanguage":"et","@id":"https:\/\/bio4you.eu\/retseptid\/toode\/kehakoorija-meresoola-ja-tsitrusega\/#primaryimage","url":"https:\/\/bio4you.eu\/retseptid\/wp-content\/uploads\/2014\/05\/bruna-branco-7r1HxvVC7AY-unsplash-scaled.jpg","contentUrl":"https:\/\/bio4you.eu\/retseptid\/wp-content\/uploads\/2014\/05\/bruna-branco-7r1HxvVC7AY-unsplash-scaled.jpg","width":1707,"height":2560},{"@type":"BreadcrumbList","@id":"https:\/\/bio4you.eu\/retseptid\/toode\/kehakoorija-meresoola-ja-tsitrusega\/#breadcrumb","itemListElement":[{"@type":"ListItem","position":1,"name":"Home","item":"https:\/\/bio4you.eu\/retseptid\/"},{"@type":"ListItem","position":2,"name":"Kehakoorija meresoola ja tsitrusega"}]},{"@type":"WebSite","@id":"https:\/\/bio4you.eu\/retseptid\/#website","url":"https:\/\/bio4you.eu\/retseptid\/","name":"bio4you.eu\/retseptid","description":"\u00d6ko retseptid ise tegemiseks, looduslikest koostisainetest. Maitsev toit, iluhooldus, kodupuhastus ja aiandus.","potentialAction":[{"@type":"SearchAction","target":{"@type":"EntryPoint","urlTemplate":"https:\/\/bio4you.eu\/retseptid\/?s={search_term_string}"},"query-input":"required name=search_term_string"}],"inLanguage":"et"}]}},"_links":{"self":[{"href":"https:\/\/bio4you.eu\/retseptid\/wp-json\/wp\/v2\/product\/2053"}],"collection":[{"href":"https:\/\/bio4you.eu\/retseptid\/wp-json\/wp\/v2\/product"}],"about":[{"href":"https:\/\/bio4you.eu\/retseptid\/wp-json\/wp\/v2\/types\/product"}],"replies":[{"embeddable":true,"href":"https:\/\/bio4you.eu\/retseptid\/wp-json\/wp\/v2\/comments?post=2053"}],"wp:featuredmedia":[{"embeddable":true,"href":"https:\/\/bio4you.eu\/retseptid\/wp-json\/wp\/v2\/media\/3968"}],"wp:attachment":[{"href":"https:\/\/bio4you.eu\/retseptid\/wp-json\/wp\/v2\/media?parent=2053"}],"wp:term":[{"taxonomy":"product_cat","embeddable":true,"href":"https:\/\/bio4you.eu\/retseptid\/wp-json\/wp\/v2\/product_cat?post=2053"},{"taxonomy":"product_tag","embeddable":true,"href":"https:\/\/bio4you.eu\/retseptid\/wp-json\/wp\/v2\/product_tag?post=2053"}],"curies":[{"name":"wp","href":"https:\/\/api.w.org\/{rel}","templated":true}]}}