{"id":2087,"date":"2014-05-28T10:59:11","date_gmt":"2014-05-28T07:59:11","guid":{"rendered":"https:\/\/bio4you.eu\/retseptid\/product\/paevitusoli-seesami-ja-kurkumiga\/"},"modified":"2022-05-19T13:03:43","modified_gmt":"2022-05-19T10:03:43","slug":"paevitusoli-seesami-ja-kurkumiga","status":"publish","type":"product","link":"https:\/\/bio4you.eu\/retseptid\/toode\/paevitusoli-seesami-ja-kurkumiga\/","title":{"rendered":"P\u00e4evitus\u00f5li seesami ja kurkumiga (SPF 2-4)"},"content":{"rendered":"<p>VALMISTAMINE:<br \/>\nSega ained omavahel kokku. Pane tumedasse hermeetiliselt suletud klaaspudelisse. Hoia 1 n\u00e4dal pimedas. Kanna nahale v\u00e4hemalt 30 minutit enne p\u00e4evitamist. Korda peale kandmist tihti. K\u00f5ige mugavam on enne \u00f5li panemist nahka niisutada &#8211; pritsi sprei pudelist n\u00e4ole ja kehale vett, seej\u00e4rel kanna peale \u00f5li. P\u00e4iksekaitsefaktor on \u00f5lil 2-4 SPF. Randa minnes hoia \u00f5li varjus v\u00f5i k\u00fclmakotis, et see ruttu ei rikneks.<\/p>\n<p>Turvalisest p\u00e4evitamisest loe <a href=\"http:\/\/bioblogi.eu\/turvaliselt-paikese-all-kogu-tode-paikesekreemidest\/\" target=\"_blank\" rel=\"noopener\"><span style=\"color: #99cc00;\">SIIT<\/span><\/a>.\u00a0<a title=\"Turvaline p\u00e4evitamine - bioblogi.eu\" href=\"http:\/\/bioblogi.eu\/turvaliselt-paikese-all-kogu-tode-paikesekreemidest\/\" target=\"_blank\" rel=\"noopener\"><br \/>\n<\/a><\/p>\n<p>&nbsp;<\/p>\n","protected":false},"excerpt":{"rendered":"<p>VAJA L\u00c4HEB:<\/p>\n<ul>\n<li>125 ml <a href=\"https:\/\/bio4you.eu\/et\/kehahooldus\/670-seesamiseemne-oli-500ml.html?utm_source=bioretsept&amp;utm_medium=retsept&amp;utm_campaign=retsept\" target=\"_blank\" rel=\"noopener\"><span style=\"color: #99cc00;\">seesamiseemne\u00f5li<\/span><\/a> (filtreerib 55% UVB kiirtest)<\/li>\n<li>50 ml <a href=\"https:\/\/bio4you.eu\/et\/kehahooldus\/2664-nisuiduoli-kuelmpress-100ml-sapone-di-un-tempo.html?utm_source=bioretsept&amp;utm_medium=retsept&amp;utm_campaign=retsept\" target=\"_blank\" rel=\"noopener\"><span style=\"color: #99cc00;\">nisuidu\u00f5li<\/span> <\/a>(filtreerib 55% UVB kiirtest)<\/li>\n<li>25 ml metsp\u00e4hkli\u00f5li<a href=\"http:\/\/www.bio4you.eu\/et\/naohooldus\/420-oli-metspahkli-bio-oli-50ml-aknet-paiksekaitse-naturado-.html\" target=\"_blank\" rel=\"noopener\">\u00a0<\/a>(kergelt pruunistav, kaitseb nahka)<\/li>\n<li>1 tl<a href=\"https:\/\/bio4you.eu\/et\/viiruste-ennetamine\/2435-kurkumipulber-150g.html?utm_source=bioretsept&amp;utm_medium=retsept&amp;utm_campaign=retsept\" target=\"_blank\" rel=\"noopener\"><span style=\"color: #99cc00;\"> kurkumipulbrit<\/span><\/a><\/li>\n<\/ul>\n","protected":false},"featured_media":3970,"comment_status":"closed","ping_status":"closed","template":"","meta":{"_exactmetrics_skip_tracking":false,"_exactmetrics_sitenote_active":false,"_exactmetrics_sitenote_note":"","_exactmetrics_sitenote_category":0},"product_cat":[61,85,90],"product_tag":[246,250,251,249,106,247,135,248],"class_list":{"0":"post-2087","1":"product","2":"type-product","3":"status-publish","4":"has-post-thumbnail","6":"product_cat-ilu-retseptid","7":"product_cat-kehahooldus","8":"product_cat-paiksekaitse","9":"product_tag-isetehtud-paevitusoli","10":"product_tag-kurkum","11":"product_tag-metspahkli-oli","12":"product_tag-nisuidu-oli","13":"product_tag-oliivioli","14":"product_tag-paevitusoli","15":"product_tag-paikesekaitse","16":"product_tag-seesamiseemne-oli","18":"first","19":"instock","20":"shipping-taxable","21":"product-type-simple"},"yoast_head":"<!-- This site is optimized with the Yoast SEO plugin v23.3 - https:\/\/yoast.com\/wordpress\/plugins\/seo\/ -->\n<title>P\u00e4evitus\u00f5li seesami ja kurkumiga (SPF 2-4) - bio4you.eu\/retseptid<\/title>\n<meta name=\"description\" content=\"P\u00e4evitus\u00f5li seesami ja kurkumiga, SPF 2-4\" \/>\n<meta name=\"robots\" content=\"index, follow, max-snippet:-1, max-image-preview:large, max-video-preview:-1\" \/>\n<link rel=\"canonical\" href=\"https:\/\/bio4you.eu\/retseptid\/toode\/paevitusoli-seesami-ja-kurkumiga\/\" \/>\n<meta property=\"og:locale\" content=\"et_EE\" \/>\n<meta property=\"og:type\" content=\"article\" \/>\n<meta property=\"og:title\" content=\"P\u00e4evitus\u00f5li seesami ja kurkumiga (SPF 2-4) - bio4you.eu\/retseptid\" \/>\n<meta property=\"og:description\" content=\"P\u00e4evitus\u00f5li seesami ja kurkumiga, SPF 2-4\" \/>\n<meta property=\"og:url\" content=\"https:\/\/bio4you.eu\/retseptid\/toode\/paevitusoli-seesami-ja-kurkumiga\/\" \/>\n<meta property=\"og:site_name\" content=\"bio4you.eu\/retseptid\" \/>\n<meta property=\"article:modified_time\" content=\"2022-05-19T10:03:43+00:00\" \/>\n<meta property=\"og:image\" content=\"https:\/\/bio4you.eu\/retseptid\/wp-content\/uploads\/2014\/05\/tina-witherspoon-14_UxPJFCfE-unsplash-scaled.jpg\" \/>\n\t<meta property=\"og:image:width\" content=\"2048\" \/>\n\t<meta property=\"og:image:height\" content=\"2560\" \/>\n\t<meta property=\"og:image:type\" content=\"image\/jpeg\" \/>\n<meta name=\"twitter:label1\" content=\"Est. reading time\" \/>\n\t<meta name=\"twitter:data1\" content=\"1 minut\" \/>\n<script type=\"application\/ld+json\" class=\"yoast-schema-graph\">{\"@context\":\"https:\/\/schema.org\",\"@graph\":[{\"@type\":\"WebPage\",\"@id\":\"https:\/\/bio4you.eu\/retseptid\/toode\/paevitusoli-seesami-ja-kurkumiga\/\",\"url\":\"https:\/\/bio4you.eu\/retseptid\/toode\/paevitusoli-seesami-ja-kurkumiga\/\",\"name\":\"P\u00e4evitus\u00f5li seesami ja kurkumiga (SPF 2-4) - bio4you.eu\/retseptid\",\"isPartOf\":{\"@id\":\"https:\/\/bio4you.eu\/retseptid\/#website\"},\"primaryImageOfPage\":{\"@id\":\"https:\/\/bio4you.eu\/retseptid\/toode\/paevitusoli-seesami-ja-kurkumiga\/#primaryimage\"},\"image\":{\"@id\":\"https:\/\/bio4you.eu\/retseptid\/toode\/paevitusoli-seesami-ja-kurkumiga\/#primaryimage\"},\"thumbnailUrl\":\"https:\/\/bio4you.eu\/retseptid\/wp-content\/uploads\/2014\/05\/tina-witherspoon-14_UxPJFCfE-unsplash-scaled.jpg\",\"datePublished\":\"2014-05-28T07:59:11+00:00\",\"dateModified\":\"2022-05-19T10:03:43+00:00\",\"description\":\"P\u00e4evitus\u00f5li seesami ja kurkumiga, SPF 2-4\",\"breadcrumb\":{\"@id\":\"https:\/\/bio4you.eu\/retseptid\/toode\/paevitusoli-seesami-ja-kurkumiga\/#breadcrumb\"},\"inLanguage\":\"et\",\"potentialAction\":[{\"@type\":\"ReadAction\",\"target\":[\"https:\/\/bio4you.eu\/retseptid\/toode\/paevitusoli-seesami-ja-kurkumiga\/\"]}]},{\"@type\":\"ImageObject\",\"inLanguage\":\"et\",\"@id\":\"https:\/\/bio4you.eu\/retseptid\/toode\/paevitusoli-seesami-ja-kurkumiga\/#primaryimage\",\"url\":\"https:\/\/bio4you.eu\/retseptid\/wp-content\/uploads\/2014\/05\/tina-witherspoon-14_UxPJFCfE-unsplash-scaled.jpg\",\"contentUrl\":\"https:\/\/bio4you.eu\/retseptid\/wp-content\/uploads\/2014\/05\/tina-witherspoon-14_UxPJFCfE-unsplash-scaled.jpg\",\"width\":2048,\"height\":2560},{\"@type\":\"BreadcrumbList\",\"@id\":\"https:\/\/bio4you.eu\/retseptid\/toode\/paevitusoli-seesami-ja-kurkumiga\/#breadcrumb\",\"itemListElement\":[{\"@type\":\"ListItem\",\"position\":1,\"name\":\"Home\",\"item\":\"https:\/\/bio4you.eu\/retseptid\/\"},{\"@type\":\"ListItem\",\"position\":2,\"name\":\"P\u00e4evitus\u00f5li seesami ja kurkumiga (SPF 2-4)\"}]},{\"@type\":\"WebSite\",\"@id\":\"https:\/\/bio4you.eu\/retseptid\/#website\",\"url\":\"https:\/\/bio4you.eu\/retseptid\/\",\"name\":\"bio4you.eu\/retseptid\",\"description\":\"\u00d6ko retseptid ise tegemiseks, looduslikest koostisainetest. Maitsev toit, iluhooldus, kodupuhastus ja aiandus.\",\"potentialAction\":[{\"@type\":\"SearchAction\",\"target\":{\"@type\":\"EntryPoint\",\"urlTemplate\":\"https:\/\/bio4you.eu\/retseptid\/?s={search_term_string}\"},\"query-input\":\"required name=search_term_string\"}],\"inLanguage\":\"et\"}]}<\/script>\n<!-- \/ Yoast SEO plugin. -->","yoast_head_json":{"title":"P\u00e4evitus\u00f5li seesami ja kurkumiga (SPF 2-4) - bio4you.eu\/retseptid","description":"P\u00e4evitus\u00f5li seesami ja kurkumiga, SPF 2-4","robots":{"index":"index","follow":"follow","max-snippet":"max-snippet:-1","max-image-preview":"max-image-preview:large","max-video-preview":"max-video-preview:-1"},"canonical":"https:\/\/bio4you.eu\/retseptid\/toode\/paevitusoli-seesami-ja-kurkumiga\/","og_locale":"et_EE","og_type":"article","og_title":"P\u00e4evitus\u00f5li seesami ja kurkumiga (SPF 2-4) - bio4you.eu\/retseptid","og_description":"P\u00e4evitus\u00f5li seesami ja kurkumiga, SPF 2-4","og_url":"https:\/\/bio4you.eu\/retseptid\/toode\/paevitusoli-seesami-ja-kurkumiga\/","og_site_name":"bio4you.eu\/retseptid","article_modified_time":"2022-05-19T10:03:43+00:00","og_image":[{"width":2048,"height":2560,"url":"https:\/\/bio4you.eu\/retseptid\/wp-content\/uploads\/2014\/05\/tina-witherspoon-14_UxPJFCfE-unsplash-scaled.jpg","type":"image\/jpeg"}],"twitter_misc":{"Est. reading time":"1 minut"},"schema":{"@context":"https:\/\/schema.org","@graph":[{"@type":"WebPage","@id":"https:\/\/bio4you.eu\/retseptid\/toode\/paevitusoli-seesami-ja-kurkumiga\/","url":"https:\/\/bio4you.eu\/retseptid\/toode\/paevitusoli-seesami-ja-kurkumiga\/","name":"P\u00e4evitus\u00f5li seesami ja kurkumiga (SPF 2-4) - bio4you.eu\/retseptid","isPartOf":{"@id":"https:\/\/bio4you.eu\/retseptid\/#website"},"primaryImageOfPage":{"@id":"https:\/\/bio4you.eu\/retseptid\/toode\/paevitusoli-seesami-ja-kurkumiga\/#primaryimage"},"image":{"@id":"https:\/\/bio4you.eu\/retseptid\/toode\/paevitusoli-seesami-ja-kurkumiga\/#primaryimage"},"thumbnailUrl":"https:\/\/bio4you.eu\/retseptid\/wp-content\/uploads\/2014\/05\/tina-witherspoon-14_UxPJFCfE-unsplash-scaled.jpg","datePublished":"2014-05-28T07:59:11+00:00","dateModified":"2022-05-19T10:03:43+00:00","description":"P\u00e4evitus\u00f5li seesami ja kurkumiga, SPF 2-4","breadcrumb":{"@id":"https:\/\/bio4you.eu\/retseptid\/toode\/paevitusoli-seesami-ja-kurkumiga\/#breadcrumb"},"inLanguage":"et","potentialAction":[{"@type":"ReadAction","target":["https:\/\/bio4you.eu\/retseptid\/toode\/paevitusoli-seesami-ja-kurkumiga\/"]}]},{"@type":"ImageObject","inLanguage":"et","@id":"https:\/\/bio4you.eu\/retseptid\/toode\/paevitusoli-seesami-ja-kurkumiga\/#primaryimage","url":"https:\/\/bio4you.eu\/retseptid\/wp-content\/uploads\/2014\/05\/tina-witherspoon-14_UxPJFCfE-unsplash-scaled.jpg","contentUrl":"https:\/\/bio4you.eu\/retseptid\/wp-content\/uploads\/2014\/05\/tina-witherspoon-14_UxPJFCfE-unsplash-scaled.jpg","width":2048,"height":2560},{"@type":"BreadcrumbList","@id":"https:\/\/bio4you.eu\/retseptid\/toode\/paevitusoli-seesami-ja-kurkumiga\/#breadcrumb","itemListElement":[{"@type":"ListItem","position":1,"name":"Home","item":"https:\/\/bio4you.eu\/retseptid\/"},{"@type":"ListItem","position":2,"name":"P\u00e4evitus\u00f5li seesami ja kurkumiga (SPF 2-4)"}]},{"@type":"WebSite","@id":"https:\/\/bio4you.eu\/retseptid\/#website","url":"https:\/\/bio4you.eu\/retseptid\/","name":"bio4you.eu\/retseptid","description":"\u00d6ko retseptid ise tegemiseks, looduslikest koostisainetest. Maitsev toit, iluhooldus, kodupuhastus ja aiandus.","potentialAction":[{"@type":"SearchAction","target":{"@type":"EntryPoint","urlTemplate":"https:\/\/bio4you.eu\/retseptid\/?s={search_term_string}"},"query-input":"required name=search_term_string"}],"inLanguage":"et"}]}},"_links":{"self":[{"href":"https:\/\/bio4you.eu\/retseptid\/wp-json\/wp\/v2\/product\/2087"}],"collection":[{"href":"https:\/\/bio4you.eu\/retseptid\/wp-json\/wp\/v2\/product"}],"about":[{"href":"https:\/\/bio4you.eu\/retseptid\/wp-json\/wp\/v2\/types\/product"}],"replies":[{"embeddable":true,"href":"https:\/\/bio4you.eu\/retseptid\/wp-json\/wp\/v2\/comments?post=2087"}],"wp:featuredmedia":[{"embeddable":true,"href":"https:\/\/bio4you.eu\/retseptid\/wp-json\/wp\/v2\/media\/3970"}],"wp:attachment":[{"href":"https:\/\/bio4you.eu\/retseptid\/wp-json\/wp\/v2\/media?parent=2087"}],"wp:term":[{"taxonomy":"product_cat","embeddable":true,"href":"https:\/\/bio4you.eu\/retseptid\/wp-json\/wp\/v2\/product_cat?post=2087"},{"taxonomy":"product_tag","embeddable":true,"href":"https:\/\/bio4you.eu\/retseptid\/wp-json\/wp\/v2\/product_tag?post=2087"}],"curies":[{"name":"wp","href":"https:\/\/api.w.org\/{rel}","templated":true}]}}