{"id":2119,"date":"2014-07-21T18:38:08","date_gmt":"2014-07-21T15:38:08","guid":{"rendered":"https:\/\/bio4you.eu\/retseptid\/product\/kapoor-kahli-juustekasvule\/"},"modified":"2022-05-17T19:35:49","modified_gmt":"2022-05-17T16:35:49","slug":"kapoor-kahli-juustekasvule","status":"publish","type":"product","link":"https:\/\/bio4you.eu\/retseptid\/toode\/kapoor-kahli-juustekasvule\/","title":{"rendered":"Kapoor Kachli baasretseptid juustekasvule"},"content":{"rendered":"<p>KAPOOR KAHLI JUUKSEMASK: juuksemaski tegemiseks tuleb pulber segada kuuma veega. Kui sa ei ole taimepulbrite kasutamises kogenud, v\u00f5id kasutada keeva vett, et pulber paremini seguneks. Lisa vett ja pulbrit vaheldumisi v\u00e4hehaaval, et tekiks \u00fchtlane konsistents.<\/p>\n<p><strong>KAPOOR KAHLI JUUKSEMASKI BAASRETSEPT<\/strong><\/p>\n<ul>\n<li>4\u00a0 &#8211; 8 spl Kapoor Kahli taimepulbrit (olenevalt juuste paksusest ja pikkusest).<\/li>\n<li>Pane pulber savi v\u00f5i klaasn\u00f5usse. Segamiseks kasuta puu v\u00f5i plastiklusikat.<\/li>\n<li>lisa v\u00e4ga kuuma v\u00f5i keeva\u00a0 vett v\u00e4hehaaval (iga osa pulbri kohta umbes 2 osa vett).\u00a0 Kuivadele juustele maski tegemiseks peab konsistents olema vedelam. Niiskete juuste jaoks veidi kuivem.<\/li>\n<li>Kata kauss l\u00e4bipaistva paberiga ja lase seista 30 minutit.<\/li>\n<li><strong>KUIVADELE JUUSTELE ENNE SHAMPOONI:<\/strong> kanna pasta peanahale, \u00fclej\u00e4\u00e4k masseeri juustesse kuni otsteni. Masseeri h\u00e4sti juukseotsi ringjate liigutustega. Pane juuksed klambriga \u00fcles ja kata pea vannim\u00fctsiga. Hoia 40 minutit. Loputa p\u00f5hjalikult ja pese v\u00e4hese shampooniga. SOOVITUS: loputada veega, kuhu on lisatud iga 0,5 liitri vee kohta \u00fcks spl sidrunimahla v\u00f5i veini\u00e4\u00e4dikat ( heledatele juustele valget, tumedatele punast).<\/li>\n<li><strong>NIISKETELE JUUSTELE PEALE SHAMPOONI<\/strong>: kanna pasta peanahale, \u00fclej\u00e4\u00e4k masseeri juustesse kuni otsteni. Masseeri h\u00e4sti juukseotsi ringjate liigutustega. Vajadusel lisa veidi vett, et segu paremini jaotuks. Pane juuksed klambriga \u00fcles ja kata pea vannim\u00fctsiga. Hoia 15 minutit. Loputa p\u00f5hjalikult. Soovi korral kanna juukseotstele veidi balsamit ja loputa uuesti.\u00a0 SOOVITUS: loputada veega, kuhu on lisatud iga 0,5 liitri vee kohta \u00fcks spl sidrunimahla v\u00f5i veini\u00e4\u00e4dikat (heledatele juustele valget, tumedatele punast).<\/li>\n<\/ul>\n<p>KAPOOR pulbrit v\u00f5ib kasutada segatuna balsamiga, maskiga ja shampooniga, et juukseid tugevdada.<\/p>\n<p><strong>KAPOOR KAHLI BAASRETSEPT JUUKSEVEDELIKUKS:<\/strong><\/p>\n<ul>\n<li>V\u00f5ta 1 kuhjaga supilusikat\u00e4is taimepulbrit.<\/li>\n<li>Kuumuta klaas vett keemiseni<\/li>\n<li>lisa taimepulber vee sisse, sega ja lase 30 min t\u00f5mmata<\/li>\n<li>kata klaas alustassi v\u00f5i muu kattega, et segu ei aurustuks<\/li>\n<li>Filtreeri ja lase jahtuda kuni kehatemperatuurini<\/li>\n<li>Kanna segu juustele, masseeri kuni juukseotsteni. Eriti hoolsalt masseeri juukseotsi<\/li>\n<li>Kata pea vannim\u00fctsiga. Hoia peas min. 30 minutit<\/li>\n<li>Hea oleks hoida pea koguaeg soojas (saunas, p\u00e4ikse k\u00e4es, sooja k\u00e4ter\u00e4tiga kaetult) siis imendub segu paremini<\/li>\n<li>Loputa juuksed, soovitatavalt sidrunivee v\u00f5i \u00e4\u00e4dikaveega.<\/li>\n<\/ul>\n<p><em><strong>KAPOOR KAHLI<\/strong><\/em> on \u00fcks zenzenni liike, p\u00e4rit Himaalajaast. Pulber valmistatakse taime juurtest. Kapoor stimuleerib juuksekasvu ja tugevdab juuksejuuri. Kapoor on \u00fcks v\u00e4heseid pulbreid, mis leitakse sobivat ka <strong>blondidele<\/strong> juustele. Soovitame blondide juuste korral siiski enne katsetada \u00fche salgu peal, et pulber juukseid ei tooniks. Pulbri kasutamisel ei ole ohtusid ega k\u00f5rvalm\u00f5jusid. Allergia zenzenni vastu on v\u00e4ga harv ja m\u00f5nel \u00e4\u00e4rmuslikul juhul v\u00f5ib v\u00e4ljenduda punetusena. Taimepulbrid, mis ei ole otseselt m\u00f5eldud toidulisandiks, sobivad kasutamiseks vaid v\u00e4lispidiselt. KAPOOR KAHLI M\u00d5JU JUUSTELE: suurendab juuste voluumi. On teaduslikult t\u00f5estatud, et m\u00f5jub t\u00e4ide vastu, muudab juuksed paksemaks ja soodustab nende kasvu. V\u00e4ldib juuste v\u00e4ljalangemist.\u00a0 Pulber tugevdab juukseid kuid v\u00e4ikse negatiivse k\u00fcljena on tal omadus juukseid (eriti juukseotsi) kuivatada. Seet\u00f5ttu soovitame igasse Kapoor Kahli juuksemaski lisada natuke taime\u00f5li v\u00f5i siis kasutada peale maski tegemist t\u00e4iendavalt palsamit. Kui pulbri kasutamisega on juba harjutud, ei teki enam tunnet, et pulber juukseid kuivaks j\u00e4tab. Pulber j\u00e4tab juustesse meeldiva ingveril\u00f5hna, mis p\u00fcsib kaua. Soovitame pulbrit kasutada k\u00f5igil, kes soovivad tugevamaid ja kohevamaid ning tervemaid juukseid.<a title=\"Kapoor Kahli taimepulber\" href=\"http:\/\/www.bio4you.eu\/et\/naohooldus\/1338-taimepulber-kapoor-kahli-ingveri-pulber-100g-juuksekasv-ja-tihendamine-laige-erbe-di-janas.html\" target=\"_blank\" rel=\"noopener\"><br \/>\n<\/a><\/p>\n","protected":false},"excerpt":{"rendered":"<p>KAPOOR KAHLI JUUKSEMASK: juuksemaski tegemiseks tuleb pulber segada kuuma veega. Kui sa ei ole taimepulbrite kasutamises kogenud, v\u00f5id kasutada keeva vett, et pulber paremini seguneks. Lisa vett ja pulbrit vaheldumisi v\u00e4hehaaval, et tekiks \u00fchtlane konsistents. KAPOOR KAHLI JUUKSEMASKI BAASRETSEPT 4\u00a0 &#8211; 8 spl Kapoor Kahli taimepulbrit (olenevalt juuste paksusest ja pikkusest). Pane pulber savi v\u00f5i klaasn\u00f5usse. Segamiseks kasuta puu v\u00f5i plastiklusikat. lisa v\u00e4ga kuuma v\u00f5i keeva\u00a0 vett v\u00e4hehaaval (iga osa pulbri kohta umbes 2 osa vett).\u00a0 Kuivadele juustele maski tegemiseks peab konsistents olema vedelam. Niiskete juuste jaoks veidi kuivem. Kata kauss l\u00e4bipaistva paberiga ja lase seista 30 minutit. KUIVADELE JUUSTELE ENNE SHAMPOONI: kanna pasta peanahale, \u00fclej\u00e4\u00e4k masseeri juustesse kuni otsteni. Masseeri h\u00e4sti juukseotsi ringjate liigutustega. Pane juuksed klambriga \u00fcles ja kata pea vannim\u00fctsiga. Hoia 40 minutit. Loputa p\u00f5hjalikult ja pese v\u00e4hese shampooniga. SOOVITUS: loputada veega, kuhu on lisatud iga 0,5 liitri vee kohta \u00fcks spl sidrunimahla v\u00f5i veini\u00e4\u00e4dikat ( heledatele juustele valget, tumedatele punast). NIISKETELE JUUSTELE PEALE SHAMPOONI: kanna pasta peanahale, \u00fclej\u00e4\u00e4k masseeri juustesse kuni otsteni. Masseeri h\u00e4sti juukseotsi ringjate liigutustega. Vajadusel lisa veidi vett, et segu paremini jaotuks. Pane juuksed klambriga \u00fcles ja kata pea vannim\u00fctsiga. Hoia 15 minutit. Loputa p\u00f5hjalikult. Soovi korral kanna juukseotstele veidi balsamit ja loputa&hellip; <a class=\"read-more\" href=\"https:\/\/bio4you.eu\/retseptid\/toode\/kapoor-kahli-juustekasvule\/\">Vaata<\/a><\/p>\n","protected":false},"featured_media":3259,"comment_status":"closed","ping_status":"closed","template":"","meta":{"_exactmetrics_skip_tracking":false,"_exactmetrics_sitenote_active":false,"_exactmetrics_sitenote_note":"","_exactmetrics_sitenote_category":0},"product_cat":[61,92,97,95,96,78],"product_tag":[98,234,286,287,288,285,240],"class_list":{"0":"post-2119","1":"product","2":"type-product","3":"status-publish","4":"has-post-thumbnail","6":"product_cat-ilu-retseptid","7":"product_cat-juuksehooldus","8":"product_cat-juuksekasv-ja-peanaha-probleemid","9":"product_cat-juuksemaskid","10":"product_cat-juuksevedelikud","11":"product_cat-taimepulbrid","12":"product_tag-juuksed","13":"product_tag-juuksekasv","14":"product_tag-juustekasv","15":"product_tag-kapoor","16":"product_tag-kapoor-kachli","17":"product_tag-kapoor-kahli","18":"product_tag-peanahk","20":"first","21":"instock","22":"shipping-taxable","23":"product-type-simple"},"yoast_head":"<!-- This site is optimized with the Yoast SEO plugin v23.3 - https:\/\/yoast.com\/wordpress\/plugins\/seo\/ -->\n<title>Kapoor Kachli baasretseptid juustekasvule - bio4you.eu\/retseptid<\/title>\n<meta name=\"description\" content=\"Kapoor Kahli Baasretsept juustekasvule\" \/>\n<meta name=\"robots\" content=\"index, follow, max-snippet:-1, max-image-preview:large, max-video-preview:-1\" \/>\n<link rel=\"canonical\" href=\"https:\/\/bio4you.eu\/retseptid\/toode\/kapoor-kahli-juustekasvule\/\" \/>\n<meta property=\"og:locale\" content=\"et_EE\" \/>\n<meta property=\"og:type\" content=\"article\" \/>\n<meta property=\"og:title\" content=\"Kapoor Kachli baasretseptid juustekasvule - bio4you.eu\/retseptid\" \/>\n<meta property=\"og:description\" content=\"Kapoor Kahli Baasretsept juustekasvule\" \/>\n<meta property=\"og:url\" content=\"https:\/\/bio4you.eu\/retseptid\/toode\/kapoor-kahli-juustekasvule\/\" \/>\n<meta property=\"og:site_name\" content=\"bio4you.eu\/retseptid\" \/>\n<meta property=\"article:modified_time\" content=\"2022-05-17T16:35:49+00:00\" \/>\n<meta property=\"og:image\" content=\"https:\/\/bio4you.eu\/retseptid\/wp-content\/uploads\/2014\/07\/hedychium_oil_kapur_kachri_.jpg\" \/>\n\t<meta property=\"og:image:width\" content=\"300\" \/>\n\t<meta property=\"og:image:height\" content=\"300\" \/>\n\t<meta property=\"og:image:type\" content=\"image\/jpeg\" \/>\n<meta name=\"twitter:label1\" content=\"Est. reading time\" \/>\n\t<meta name=\"twitter:data1\" content=\"3 minutit\" \/>\n<script type=\"application\/ld+json\" class=\"yoast-schema-graph\">{\"@context\":\"https:\/\/schema.org\",\"@graph\":[{\"@type\":\"WebPage\",\"@id\":\"https:\/\/bio4you.eu\/retseptid\/toode\/kapoor-kahli-juustekasvule\/\",\"url\":\"https:\/\/bio4you.eu\/retseptid\/toode\/kapoor-kahli-juustekasvule\/\",\"name\":\"Kapoor Kachli baasretseptid juustekasvule - bio4you.eu\/retseptid\",\"isPartOf\":{\"@id\":\"https:\/\/bio4you.eu\/retseptid\/#website\"},\"primaryImageOfPage\":{\"@id\":\"https:\/\/bio4you.eu\/retseptid\/toode\/kapoor-kahli-juustekasvule\/#primaryimage\"},\"image\":{\"@id\":\"https:\/\/bio4you.eu\/retseptid\/toode\/kapoor-kahli-juustekasvule\/#primaryimage\"},\"thumbnailUrl\":\"https:\/\/bio4you.eu\/retseptid\/wp-content\/uploads\/2014\/07\/hedychium_oil_kapur_kachri_.jpg\",\"datePublished\":\"2014-07-21T15:38:08+00:00\",\"dateModified\":\"2022-05-17T16:35:49+00:00\",\"description\":\"Kapoor Kahli Baasretsept juustekasvule\",\"breadcrumb\":{\"@id\":\"https:\/\/bio4you.eu\/retseptid\/toode\/kapoor-kahli-juustekasvule\/#breadcrumb\"},\"inLanguage\":\"et\",\"potentialAction\":[{\"@type\":\"ReadAction\",\"target\":[\"https:\/\/bio4you.eu\/retseptid\/toode\/kapoor-kahli-juustekasvule\/\"]}]},{\"@type\":\"ImageObject\",\"inLanguage\":\"et\",\"@id\":\"https:\/\/bio4you.eu\/retseptid\/toode\/kapoor-kahli-juustekasvule\/#primaryimage\",\"url\":\"https:\/\/bio4you.eu\/retseptid\/wp-content\/uploads\/2014\/07\/hedychium_oil_kapur_kachri_.jpg\",\"contentUrl\":\"https:\/\/bio4you.eu\/retseptid\/wp-content\/uploads\/2014\/07\/hedychium_oil_kapur_kachri_.jpg\",\"width\":300,\"height\":300},{\"@type\":\"BreadcrumbList\",\"@id\":\"https:\/\/bio4you.eu\/retseptid\/toode\/kapoor-kahli-juustekasvule\/#breadcrumb\",\"itemListElement\":[{\"@type\":\"ListItem\",\"position\":1,\"name\":\"Home\",\"item\":\"https:\/\/bio4you.eu\/retseptid\/\"},{\"@type\":\"ListItem\",\"position\":2,\"name\":\"Kapoor Kachli baasretseptid juustekasvule\"}]},{\"@type\":\"WebSite\",\"@id\":\"https:\/\/bio4you.eu\/retseptid\/#website\",\"url\":\"https:\/\/bio4you.eu\/retseptid\/\",\"name\":\"bio4you.eu\/retseptid\",\"description\":\"\u00d6ko retseptid ise tegemiseks, looduslikest koostisainetest. Maitsev toit, iluhooldus, kodupuhastus ja aiandus.\",\"potentialAction\":[{\"@type\":\"SearchAction\",\"target\":{\"@type\":\"EntryPoint\",\"urlTemplate\":\"https:\/\/bio4you.eu\/retseptid\/?s={search_term_string}\"},\"query-input\":\"required name=search_term_string\"}],\"inLanguage\":\"et\"}]}<\/script>\n<!-- \/ Yoast SEO plugin. -->","yoast_head_json":{"title":"Kapoor Kachli baasretseptid juustekasvule - bio4you.eu\/retseptid","description":"Kapoor Kahli Baasretsept juustekasvule","robots":{"index":"index","follow":"follow","max-snippet":"max-snippet:-1","max-image-preview":"max-image-preview:large","max-video-preview":"max-video-preview:-1"},"canonical":"https:\/\/bio4you.eu\/retseptid\/toode\/kapoor-kahli-juustekasvule\/","og_locale":"et_EE","og_type":"article","og_title":"Kapoor Kachli baasretseptid juustekasvule - bio4you.eu\/retseptid","og_description":"Kapoor Kahli Baasretsept juustekasvule","og_url":"https:\/\/bio4you.eu\/retseptid\/toode\/kapoor-kahli-juustekasvule\/","og_site_name":"bio4you.eu\/retseptid","article_modified_time":"2022-05-17T16:35:49+00:00","og_image":[{"width":300,"height":300,"url":"https:\/\/bio4you.eu\/retseptid\/wp-content\/uploads\/2014\/07\/hedychium_oil_kapur_kachri_.jpg","type":"image\/jpeg"}],"twitter_misc":{"Est. reading time":"3 minutit"},"schema":{"@context":"https:\/\/schema.org","@graph":[{"@type":"WebPage","@id":"https:\/\/bio4you.eu\/retseptid\/toode\/kapoor-kahli-juustekasvule\/","url":"https:\/\/bio4you.eu\/retseptid\/toode\/kapoor-kahli-juustekasvule\/","name":"Kapoor Kachli baasretseptid juustekasvule - bio4you.eu\/retseptid","isPartOf":{"@id":"https:\/\/bio4you.eu\/retseptid\/#website"},"primaryImageOfPage":{"@id":"https:\/\/bio4you.eu\/retseptid\/toode\/kapoor-kahli-juustekasvule\/#primaryimage"},"image":{"@id":"https:\/\/bio4you.eu\/retseptid\/toode\/kapoor-kahli-juustekasvule\/#primaryimage"},"thumbnailUrl":"https:\/\/bio4you.eu\/retseptid\/wp-content\/uploads\/2014\/07\/hedychium_oil_kapur_kachri_.jpg","datePublished":"2014-07-21T15:38:08+00:00","dateModified":"2022-05-17T16:35:49+00:00","description":"Kapoor Kahli Baasretsept juustekasvule","breadcrumb":{"@id":"https:\/\/bio4you.eu\/retseptid\/toode\/kapoor-kahli-juustekasvule\/#breadcrumb"},"inLanguage":"et","potentialAction":[{"@type":"ReadAction","target":["https:\/\/bio4you.eu\/retseptid\/toode\/kapoor-kahli-juustekasvule\/"]}]},{"@type":"ImageObject","inLanguage":"et","@id":"https:\/\/bio4you.eu\/retseptid\/toode\/kapoor-kahli-juustekasvule\/#primaryimage","url":"https:\/\/bio4you.eu\/retseptid\/wp-content\/uploads\/2014\/07\/hedychium_oil_kapur_kachri_.jpg","contentUrl":"https:\/\/bio4you.eu\/retseptid\/wp-content\/uploads\/2014\/07\/hedychium_oil_kapur_kachri_.jpg","width":300,"height":300},{"@type":"BreadcrumbList","@id":"https:\/\/bio4you.eu\/retseptid\/toode\/kapoor-kahli-juustekasvule\/#breadcrumb","itemListElement":[{"@type":"ListItem","position":1,"name":"Home","item":"https:\/\/bio4you.eu\/retseptid\/"},{"@type":"ListItem","position":2,"name":"Kapoor Kachli baasretseptid juustekasvule"}]},{"@type":"WebSite","@id":"https:\/\/bio4you.eu\/retseptid\/#website","url":"https:\/\/bio4you.eu\/retseptid\/","name":"bio4you.eu\/retseptid","description":"\u00d6ko retseptid ise tegemiseks, looduslikest koostisainetest. Maitsev toit, iluhooldus, kodupuhastus ja aiandus.","potentialAction":[{"@type":"SearchAction","target":{"@type":"EntryPoint","urlTemplate":"https:\/\/bio4you.eu\/retseptid\/?s={search_term_string}"},"query-input":"required name=search_term_string"}],"inLanguage":"et"}]}},"_links":{"self":[{"href":"https:\/\/bio4you.eu\/retseptid\/wp-json\/wp\/v2\/product\/2119"}],"collection":[{"href":"https:\/\/bio4you.eu\/retseptid\/wp-json\/wp\/v2\/product"}],"about":[{"href":"https:\/\/bio4you.eu\/retseptid\/wp-json\/wp\/v2\/types\/product"}],"replies":[{"embeddable":true,"href":"https:\/\/bio4you.eu\/retseptid\/wp-json\/wp\/v2\/comments?post=2119"}],"wp:featuredmedia":[{"embeddable":true,"href":"https:\/\/bio4you.eu\/retseptid\/wp-json\/wp\/v2\/media\/3259"}],"wp:attachment":[{"href":"https:\/\/bio4you.eu\/retseptid\/wp-json\/wp\/v2\/media?parent=2119"}],"wp:term":[{"taxonomy":"product_cat","embeddable":true,"href":"https:\/\/bio4you.eu\/retseptid\/wp-json\/wp\/v2\/product_cat?post=2119"},{"taxonomy":"product_tag","embeddable":true,"href":"https:\/\/bio4you.eu\/retseptid\/wp-json\/wp\/v2\/product_tag?post=2119"}],"curies":[{"name":"wp","href":"https:\/\/api.w.org\/{rel}","templated":true}]}}