{"id":2139,"date":"2014-07-22T00:10:05","date_gmt":"2014-07-21T21:10:05","guid":{"rendered":"https:\/\/bio4you.eu\/retseptid\/product\/tulsi-ja-kaera-naokoorija\/"},"modified":"2022-05-17T10:57:10","modified_gmt":"2022-05-17T07:57:10","slug":"tulsi-ja-kaera-naokoorija","status":"publish","type":"product","link":"https:\/\/bio4you.eu\/retseptid\/toode\/tulsi-ja-kaera-naokoorija\/","title":{"rendered":"Tulsi ja kaera kooriv mask naha parandamiseks"},"content":{"rendered":"<p>TULSI-KAERAKOORIJA on efektiivne AKNENAHA, PLEKILISE NAHA ja RASUSE NAHA hooldamiseks kuid sobivad ka teistele (pea k\u00f5igile) nahat\u00fc\u00fcpidele. Peale koorimist \u00e4ra mine kohe p\u00e4iksevalguse k\u00e4tte. Selle koorijaga koorides 3x n\u00e4dalas ja 3 n\u00e4dalat j\u00e4rjest m\u00e4rkad, et nahk on heledam, r\u00f5\u00f5sam ja tervem.<strong><br \/>\n<\/strong><\/p>\n<p><strong>KOORIJA KAERA JA TULSI P\u00dcHA BASIILIKUGA<\/strong><\/p>\n<p>Sega ained omavahel, lisa vett v\u00f5i lillevett kuni tekib \u00fchtlane, meeldiva konsistentsiga pasta. Kanna n\u00e4ole ja hoia niiskena 15 minutit. Siis koori \u00f5rnade ringjate liigutustega ja loputa k\u00fclma veega.<\/p>\n<p><strong>TULSI ehk P\u00dcHA BASIILIK<\/strong> on suurep\u00e4rane vahend mitmesuguste nahaprobleemidega v\u00f5itlemisel.\u00a0 Tulsi leitakse olevat t\u00f5hus selliste nahaprobleemide nagu vitiliigo ( valged plekid), pigmendilaigud, tumenenud ja tuhmunud nahk, ekseemid, akne, naha seenhaigused jne puhul. Kasutatakse ka naha koorimiseks, s\u00fcgavpuhastamiseks, meigiks ettevalmistamiseks.<strong> TULSI SOBIB N\u00c4OHOOLDUSES<\/strong> tooniku, maski, koorijate jne.\u00a0 tegemiseks. V\u00f5id lisada seda vannivette nahaprobleemide leevendamiseks.<\/p>\n<p>Loe baasretsepte Tulsiga <a href=\"https:\/\/bio4you.eu\/retseptid\/product\/tulsi-ehk-puha-basiilik-nahaprobleemidele\/\" target=\"_blank\" rel=\"noopener\"><span style=\"color: #99cc00;\">SIIT<\/span><\/a>.<\/p>\n<p><strong>MIDA TEHA KUI OLED VALINUD ENDALE SOBIMATU TAIMEPULBRI ?<\/strong> Blondide juuste puhul proovi iga pulbrisegu enne varjus oleval juuksesalgul. Kui pulber tumendab v\u00f5i kui see sulle mingil muul p\u00f5hjusel ei sobi, \u00e4ra viska pulbrit minema ! Kasuta see \u00e4ra nahahoolduseks (n\u00e4omaskid, dekoltee maskid). M\u00f5ned pulbrid sobivad keha koorimiseks ja pesemiseks. Kindlasti sobivad nad isetehtud seebi v\u00f5i koorimiskreemi sisse. Kasuta pulbrit v\u00e4hehaaval segatuna balsami v\u00f5i shampooniga, lisatuna vannivette. Pulbriga v\u00f5id teha ka taimset leotist juustele v\u00f5i nahale, toonikut jne. Kui pulber ei sobinud Sulle aga nahahoolduses, siis v\u00f5id seda proovida juustehoolduses. Kui pulbriga tehtud mask oli \u00e4rritav \u00f5rnale n\u00e4onahale, v\u00f5id teha sellest n\u00e4iteks jalakoorijaid, keham\u00e4hiseid jne.<\/p>\n<p><strong>HOIATUSED:<\/strong> Mistahes pulbrit ei ole m\u00f5istlik sisse hingata. Paljusid pulbreid kasutatakse nii nahahoolduses, juustehoolduses kui ka toidulisandina. Seespidiselt ei tohi kasutada \u00fchtegi kosmeetikalaboris valmistatud pulbrit, kuna ta puutub kokku teiste kosmeetiliste ainetega.<\/p>\n<p>&nbsp;<\/p>\n<p>&nbsp;<\/p>\n<p>&nbsp;<\/p>\n","protected":false},"excerpt":{"rendered":"<p>Vaja l\u00e4heb:<\/p>\n<ul>\n<li>1-2 tl tulsi taimepulber<\/li>\n<li>1-2 tl piimapulbrit<\/li>\n<li>1-2 tl purustatud kaerahelbeid<\/li>\n<li>vett, <a href=\"http:\/\/www.bio4you.eu\/et\/toiduained\/1013-lillevesi-toiduks-ja-kosmeetikaks-aromaatne-roosivesi-275g-cosmoveda.html\" target=\"_blank\" rel=\"noopener\"><span style=\"color: #99cc00;\">roosivett<\/span><\/a> v\u00f5i <a href=\"http:\/\/www.bio4you.eu\/et\/naohooldus\/425-lillevesi-ehk-hudrosool-damaskuse-roos-200ml-orn-nahk-naturado.html\" target=\"_blank\" rel=\"noopener\"><span style=\"color: #99cc00;\">roosi h\u00fcdrosooli<\/span><\/a><\/li>\n<\/ul>\n","protected":false},"featured_media":3941,"comment_status":"closed","ping_status":"closed","template":"","meta":{"_exactmetrics_skip_tracking":false,"_exactmetrics_sitenote_active":false,"_exactmetrics_sitenote_note":"","_exactmetrics_sitenote_category":0},"product_cat":[61,79,80,82,78],"product_tag":[228,295,293,240,292,294,290,291],"class_list":{"0":"post-2139","1":"product","2":"type-product","3":"status-publish","4":"has-post-thumbnail","6":"product_cat-ilu-retseptid","7":"product_cat-naohooldus","8":"product_cat-koorimine","9":"product_cat-naomaskid","10":"product_cat-taimepulbrid","11":"product_tag-akne","12":"product_tag-nahaprobleemid","13":"product_tag-naomaskid","14":"product_tag-peanahk","15":"product_tag-pigmendilaigud","16":"product_tag-puha-basiilik","17":"product_tag-tulsi","18":"product_tag-vitiliigo","20":"first","21":"instock","22":"shipping-taxable","23":"product-type-simple"},"yoast_head":"<!-- This site is optimized with the Yoast SEO plugin v23.3 - https:\/\/yoast.com\/wordpress\/plugins\/seo\/ -->\n<title>Tulsi ja kaera kooriv mask naha parandamiseks - bio4you.eu\/retseptid<\/title>\n<meta name=\"description\" content=\"Tulsi p\u00fcha basiiliku ja kaera n\u00e4okoorija\" \/>\n<meta name=\"robots\" content=\"index, follow, max-snippet:-1, max-image-preview:large, max-video-preview:-1\" \/>\n<link rel=\"canonical\" href=\"https:\/\/bio4you.eu\/retseptid\/toode\/tulsi-ja-kaera-naokoorija\/\" \/>\n<meta property=\"og:locale\" content=\"et_EE\" \/>\n<meta property=\"og:type\" content=\"article\" \/>\n<meta property=\"og:title\" content=\"Tulsi ja kaera kooriv mask naha parandamiseks - bio4you.eu\/retseptid\" \/>\n<meta property=\"og:description\" content=\"Tulsi p\u00fcha basiiliku ja kaera n\u00e4okoorija\" \/>\n<meta property=\"og:url\" content=\"https:\/\/bio4you.eu\/retseptid\/toode\/tulsi-ja-kaera-naokoorija\/\" \/>\n<meta property=\"og:site_name\" content=\"bio4you.eu\/retseptid\" \/>\n<meta property=\"article:modified_time\" content=\"2022-05-17T07:57:10+00:00\" \/>\n<meta property=\"og:image\" content=\"https:\/\/bio4you.eu\/retseptid\/wp-content\/uploads\/2014\/07\/melissa-di-rocco-NfZ4133w9Kk-unsplash-scaled.jpg\" \/>\n\t<meta property=\"og:image:width\" content=\"1707\" \/>\n\t<meta property=\"og:image:height\" content=\"2560\" \/>\n\t<meta property=\"og:image:type\" content=\"image\/jpeg\" \/>\n<meta name=\"twitter:label1\" content=\"Est. reading time\" \/>\n\t<meta name=\"twitter:data1\" content=\"2 minutit\" \/>\n<script type=\"application\/ld+json\" class=\"yoast-schema-graph\">{\"@context\":\"https:\/\/schema.org\",\"@graph\":[{\"@type\":\"WebPage\",\"@id\":\"https:\/\/bio4you.eu\/retseptid\/toode\/tulsi-ja-kaera-naokoorija\/\",\"url\":\"https:\/\/bio4you.eu\/retseptid\/toode\/tulsi-ja-kaera-naokoorija\/\",\"name\":\"Tulsi ja kaera kooriv mask naha parandamiseks - bio4you.eu\/retseptid\",\"isPartOf\":{\"@id\":\"https:\/\/bio4you.eu\/retseptid\/#website\"},\"primaryImageOfPage\":{\"@id\":\"https:\/\/bio4you.eu\/retseptid\/toode\/tulsi-ja-kaera-naokoorija\/#primaryimage\"},\"image\":{\"@id\":\"https:\/\/bio4you.eu\/retseptid\/toode\/tulsi-ja-kaera-naokoorija\/#primaryimage\"},\"thumbnailUrl\":\"https:\/\/bio4you.eu\/retseptid\/wp-content\/uploads\/2014\/07\/melissa-di-rocco-NfZ4133w9Kk-unsplash-scaled.jpg\",\"datePublished\":\"2014-07-21T21:10:05+00:00\",\"dateModified\":\"2022-05-17T07:57:10+00:00\",\"description\":\"Tulsi p\u00fcha basiiliku ja kaera n\u00e4okoorija\",\"breadcrumb\":{\"@id\":\"https:\/\/bio4you.eu\/retseptid\/toode\/tulsi-ja-kaera-naokoorija\/#breadcrumb\"},\"inLanguage\":\"et\",\"potentialAction\":[{\"@type\":\"ReadAction\",\"target\":[\"https:\/\/bio4you.eu\/retseptid\/toode\/tulsi-ja-kaera-naokoorija\/\"]}]},{\"@type\":\"ImageObject\",\"inLanguage\":\"et\",\"@id\":\"https:\/\/bio4you.eu\/retseptid\/toode\/tulsi-ja-kaera-naokoorija\/#primaryimage\",\"url\":\"https:\/\/bio4you.eu\/retseptid\/wp-content\/uploads\/2014\/07\/melissa-di-rocco-NfZ4133w9Kk-unsplash-scaled.jpg\",\"contentUrl\":\"https:\/\/bio4you.eu\/retseptid\/wp-content\/uploads\/2014\/07\/melissa-di-rocco-NfZ4133w9Kk-unsplash-scaled.jpg\",\"width\":1707,\"height\":2560},{\"@type\":\"BreadcrumbList\",\"@id\":\"https:\/\/bio4you.eu\/retseptid\/toode\/tulsi-ja-kaera-naokoorija\/#breadcrumb\",\"itemListElement\":[{\"@type\":\"ListItem\",\"position\":1,\"name\":\"Home\",\"item\":\"https:\/\/bio4you.eu\/retseptid\/\"},{\"@type\":\"ListItem\",\"position\":2,\"name\":\"Tulsi ja kaera kooriv mask naha parandamiseks\"}]},{\"@type\":\"WebSite\",\"@id\":\"https:\/\/bio4you.eu\/retseptid\/#website\",\"url\":\"https:\/\/bio4you.eu\/retseptid\/\",\"name\":\"bio4you.eu\/retseptid\",\"description\":\"\u00d6ko retseptid ise tegemiseks, looduslikest koostisainetest. Maitsev toit, iluhooldus, kodupuhastus ja aiandus.\",\"potentialAction\":[{\"@type\":\"SearchAction\",\"target\":{\"@type\":\"EntryPoint\",\"urlTemplate\":\"https:\/\/bio4you.eu\/retseptid\/?s={search_term_string}\"},\"query-input\":\"required name=search_term_string\"}],\"inLanguage\":\"et\"}]}<\/script>\n<!-- \/ Yoast SEO plugin. -->","yoast_head_json":{"title":"Tulsi ja kaera kooriv mask naha parandamiseks - bio4you.eu\/retseptid","description":"Tulsi p\u00fcha basiiliku ja kaera n\u00e4okoorija","robots":{"index":"index","follow":"follow","max-snippet":"max-snippet:-1","max-image-preview":"max-image-preview:large","max-video-preview":"max-video-preview:-1"},"canonical":"https:\/\/bio4you.eu\/retseptid\/toode\/tulsi-ja-kaera-naokoorija\/","og_locale":"et_EE","og_type":"article","og_title":"Tulsi ja kaera kooriv mask naha parandamiseks - bio4you.eu\/retseptid","og_description":"Tulsi p\u00fcha basiiliku ja kaera n\u00e4okoorija","og_url":"https:\/\/bio4you.eu\/retseptid\/toode\/tulsi-ja-kaera-naokoorija\/","og_site_name":"bio4you.eu\/retseptid","article_modified_time":"2022-05-17T07:57:10+00:00","og_image":[{"width":1707,"height":2560,"url":"https:\/\/bio4you.eu\/retseptid\/wp-content\/uploads\/2014\/07\/melissa-di-rocco-NfZ4133w9Kk-unsplash-scaled.jpg","type":"image\/jpeg"}],"twitter_misc":{"Est. reading time":"2 minutit"},"schema":{"@context":"https:\/\/schema.org","@graph":[{"@type":"WebPage","@id":"https:\/\/bio4you.eu\/retseptid\/toode\/tulsi-ja-kaera-naokoorija\/","url":"https:\/\/bio4you.eu\/retseptid\/toode\/tulsi-ja-kaera-naokoorija\/","name":"Tulsi ja kaera kooriv mask naha parandamiseks - bio4you.eu\/retseptid","isPartOf":{"@id":"https:\/\/bio4you.eu\/retseptid\/#website"},"primaryImageOfPage":{"@id":"https:\/\/bio4you.eu\/retseptid\/toode\/tulsi-ja-kaera-naokoorija\/#primaryimage"},"image":{"@id":"https:\/\/bio4you.eu\/retseptid\/toode\/tulsi-ja-kaera-naokoorija\/#primaryimage"},"thumbnailUrl":"https:\/\/bio4you.eu\/retseptid\/wp-content\/uploads\/2014\/07\/melissa-di-rocco-NfZ4133w9Kk-unsplash-scaled.jpg","datePublished":"2014-07-21T21:10:05+00:00","dateModified":"2022-05-17T07:57:10+00:00","description":"Tulsi p\u00fcha basiiliku ja kaera n\u00e4okoorija","breadcrumb":{"@id":"https:\/\/bio4you.eu\/retseptid\/toode\/tulsi-ja-kaera-naokoorija\/#breadcrumb"},"inLanguage":"et","potentialAction":[{"@type":"ReadAction","target":["https:\/\/bio4you.eu\/retseptid\/toode\/tulsi-ja-kaera-naokoorija\/"]}]},{"@type":"ImageObject","inLanguage":"et","@id":"https:\/\/bio4you.eu\/retseptid\/toode\/tulsi-ja-kaera-naokoorija\/#primaryimage","url":"https:\/\/bio4you.eu\/retseptid\/wp-content\/uploads\/2014\/07\/melissa-di-rocco-NfZ4133w9Kk-unsplash-scaled.jpg","contentUrl":"https:\/\/bio4you.eu\/retseptid\/wp-content\/uploads\/2014\/07\/melissa-di-rocco-NfZ4133w9Kk-unsplash-scaled.jpg","width":1707,"height":2560},{"@type":"BreadcrumbList","@id":"https:\/\/bio4you.eu\/retseptid\/toode\/tulsi-ja-kaera-naokoorija\/#breadcrumb","itemListElement":[{"@type":"ListItem","position":1,"name":"Home","item":"https:\/\/bio4you.eu\/retseptid\/"},{"@type":"ListItem","position":2,"name":"Tulsi ja kaera kooriv mask naha parandamiseks"}]},{"@type":"WebSite","@id":"https:\/\/bio4you.eu\/retseptid\/#website","url":"https:\/\/bio4you.eu\/retseptid\/","name":"bio4you.eu\/retseptid","description":"\u00d6ko retseptid ise tegemiseks, looduslikest koostisainetest. Maitsev toit, iluhooldus, kodupuhastus ja aiandus.","potentialAction":[{"@type":"SearchAction","target":{"@type":"EntryPoint","urlTemplate":"https:\/\/bio4you.eu\/retseptid\/?s={search_term_string}"},"query-input":"required name=search_term_string"}],"inLanguage":"et"}]}},"_links":{"self":[{"href":"https:\/\/bio4you.eu\/retseptid\/wp-json\/wp\/v2\/product\/2139"}],"collection":[{"href":"https:\/\/bio4you.eu\/retseptid\/wp-json\/wp\/v2\/product"}],"about":[{"href":"https:\/\/bio4you.eu\/retseptid\/wp-json\/wp\/v2\/types\/product"}],"replies":[{"embeddable":true,"href":"https:\/\/bio4you.eu\/retseptid\/wp-json\/wp\/v2\/comments?post=2139"}],"wp:featuredmedia":[{"embeddable":true,"href":"https:\/\/bio4you.eu\/retseptid\/wp-json\/wp\/v2\/media\/3941"}],"wp:attachment":[{"href":"https:\/\/bio4you.eu\/retseptid\/wp-json\/wp\/v2\/media?parent=2139"}],"wp:term":[{"taxonomy":"product_cat","embeddable":true,"href":"https:\/\/bio4you.eu\/retseptid\/wp-json\/wp\/v2\/product_cat?post=2139"},{"taxonomy":"product_tag","embeddable":true,"href":"https:\/\/bio4you.eu\/retseptid\/wp-json\/wp\/v2\/product_tag?post=2139"}],"curies":[{"name":"wp","href":"https:\/\/api.w.org\/{rel}","templated":true}]}}