{"id":2197,"date":"2014-12-10T20:31:43","date_gmt":"2014-12-10T18:31:43","guid":{"rendered":"https:\/\/bio4you.eu\/retseptid\/product\/piparkoogid-agaavisiirupiga\/"},"modified":"2022-05-17T09:48:54","modified_gmt":"2022-05-17T06:48:54","slug":"piparkoogid-vahtrasiirupiga","status":"publish","type":"product","link":"https:\/\/bio4you.eu\/retseptid\/toode\/piparkoogid-vahtrasiirupiga\/","title":{"rendered":"Piparkoogid vahtrasiirupiga"},"content":{"rendered":"<p>VALMISTAMINE<\/p>\n<ol>\n<li>Soojenda veevannis vahtrasiirup ja v\u00f5i. Lisa ingver, nelk ja kaneel. Sega ja lase jahtuda.<\/li>\n<li>Vala suurde kaussi pool jahukogusest. Tee keskele auk ja lisa sinna vahtrasiirupi-v\u00f5isegu, munakollane ja kuumas vees lahustatud k\u00fcpsetuspulber. Sega h\u00e4sti ja s\u00f5tku, lisades tasapisi jahu juurde. Valmis taigen peab olema sitke ja \u00fchtlane ja ei tohi kleepuda kausi \u00e4\u00e4rtele.<\/li>\n<li>Soojenda ahi 180 kraadini. Rulli taigen lahti ja l\u00f5ika piparkoogid v\u00e4lja.<\/li>\n<li>K\u00fcpseta umbes 10 minutit.\u00a0<span style=\"line-height: 1.5;\">Enne serveerimist lase natuke jahtuda.<\/span><\/li>\n<\/ol>\n<p>&nbsp;<\/p>\n","protected":false},"excerpt":{"rendered":"<p>VAJA L\u00c4HEB:<\/p>\n<ul>\n<li>1 klaas <a href=\"https:\/\/bio4you.eu\/et\/otsi?controller=search&amp;order=product.position.desc&amp;s=vahtrasiirup&amp;utm_source=bioretsept&amp;utm_medium=retsept&amp;utm_campaign=retsept\" target=\"_blank\" rel=\"noopener noreferrer\"><span style=\"color: #99cc00;\">vahtrasiirupit<\/span><\/a><\/li>\n<li>2 spl v\u00f5id<\/li>\n<li>1\/4 tl jahvatatud <a href=\"https:\/\/bio4you.eu\/et\/maitseained-ja-magustajad\/4038-ingveripulber-100g.html?utm_source=bioretsept&amp;utm_medium=retsept&amp;utm_campaign=retsept\" target=\"_blank\" rel=\"noopener\">ingveripulbrit<\/a><\/li>\n<li>1\/8 tl jahvatatud nelki<\/li>\n<li>1\/8 jahvatatud <a href=\"http:\/\/www.bio4you.eu\/et\/toiduained\/995-kaneel-jahvatatud-10g-cosmoveda.html\" target=\"_blank\" rel=\"noopener noreferrer\"><span style=\"color: #99cc00;\">kaneeli<\/span><\/a><\/li>\n<li><span style=\"color: #99cc00;\"><span style=\"color: #000000;\">soovi korral natuke vaniljekauna pulbrit<\/span><\/span><\/li>\n<li>2 ja 1\/3 klaasi jahu<\/li>\n<li>1 munakollane<\/li>\n<li>1 tl k\u00fcpsetuspulbrit, lahustatud kuumas vees<\/li>\n<\/ul>\n<p>Kaunistuseks:<\/p>\n<ul>\n<li>1 munavalge<\/li>\n<li>1 klaas tuhksuhkrut<\/li>\n<li>5-6 spl <a href=\"http:\/\/bio4you.eu\/et\/mahlad\/1219-sidrunimahl-250ml-biologicoils.html?search_query=sidrunimahl&amp;results=13\" target=\"_blank\" rel=\"noopener noreferrer\"><span style=\"color: #99cc00;\">sidrunimahla<\/span><\/a><\/li>\n<li>v\u00e4rviliste glasuuride tegemiseks v\u00f5id kasutada mustikamahla, peedimahla v\u00f5i porgandimahla<\/li>\n<\/ul>\n","protected":false},"featured_media":3930,"comment_status":"open","ping_status":"closed","template":"","meta":{"_exactmetrics_skip_tracking":false,"_exactmetrics_sitenote_active":false,"_exactmetrics_sitenote_note":"","_exactmetrics_sitenote_category":0},"product_cat":[59,60,383,280],"product_tag":[317,319,320],"class_list":{"0":"post-2197","1":"product","2":"type-product","3":"status-publish","4":"has-post-thumbnail","6":"product_cat-featured","7":"product_cat-toiduretseptid","8":"product_cat-taimetoit","9":"product_cat-koogid-ja-kupsised","10":"product_tag-piparkoogid","11":"product_tag-vahtrasiirup","12":"product_tag-vahtrasiirupiga-piparkoogid","14":"first","15":"instock","16":"shipping-taxable","17":"product-type-simple"},"yoast_head":"<!-- This site is optimized with the Yoast SEO plugin v23.3 - https:\/\/yoast.com\/wordpress\/plugins\/seo\/ -->\n<title>Piparkoogid vahtrasiirupiga - bio4you.eu\/retseptid<\/title>\n<meta name=\"description\" content=\"vahtrasiirupiga\" \/>\n<meta name=\"robots\" content=\"index, follow, max-snippet:-1, max-image-preview:large, max-video-preview:-1\" \/>\n<link rel=\"canonical\" href=\"https:\/\/bio4you.eu\/retseptid\/toode\/piparkoogid-vahtrasiirupiga\/\" \/>\n<meta property=\"og:locale\" content=\"et_EE\" \/>\n<meta property=\"og:type\" content=\"article\" \/>\n<meta property=\"og:title\" content=\"Piparkoogid vahtrasiirupiga - bio4you.eu\/retseptid\" \/>\n<meta property=\"og:description\" content=\"vahtrasiirupiga\" \/>\n<meta property=\"og:url\" content=\"https:\/\/bio4you.eu\/retseptid\/toode\/piparkoogid-vahtrasiirupiga\/\" \/>\n<meta property=\"og:site_name\" content=\"bio4you.eu\/retseptid\" \/>\n<meta property=\"article:modified_time\" content=\"2022-05-17T06:48:54+00:00\" \/>\n<meta property=\"og:image\" content=\"https:\/\/bio4you.eu\/retseptid\/wp-content\/uploads\/2014\/12\/dari-lli-zf8yjaSHMis-unsplash-scaled.jpg\" \/>\n\t<meta property=\"og:image:width\" content=\"1920\" \/>\n\t<meta property=\"og:image:height\" content=\"2560\" \/>\n\t<meta property=\"og:image:type\" content=\"image\/jpeg\" \/>\n<script type=\"application\/ld+json\" class=\"yoast-schema-graph\">{\"@context\":\"https:\/\/schema.org\",\"@graph\":[{\"@type\":\"WebPage\",\"@id\":\"https:\/\/bio4you.eu\/retseptid\/toode\/piparkoogid-vahtrasiirupiga\/\",\"url\":\"https:\/\/bio4you.eu\/retseptid\/toode\/piparkoogid-vahtrasiirupiga\/\",\"name\":\"Piparkoogid vahtrasiirupiga - bio4you.eu\/retseptid\",\"isPartOf\":{\"@id\":\"https:\/\/bio4you.eu\/retseptid\/#website\"},\"primaryImageOfPage\":{\"@id\":\"https:\/\/bio4you.eu\/retseptid\/toode\/piparkoogid-vahtrasiirupiga\/#primaryimage\"},\"image\":{\"@id\":\"https:\/\/bio4you.eu\/retseptid\/toode\/piparkoogid-vahtrasiirupiga\/#primaryimage\"},\"thumbnailUrl\":\"https:\/\/bio4you.eu\/retseptid\/wp-content\/uploads\/2014\/12\/dari-lli-zf8yjaSHMis-unsplash-scaled.jpg\",\"datePublished\":\"2014-12-10T18:31:43+00:00\",\"dateModified\":\"2022-05-17T06:48:54+00:00\",\"description\":\"vahtrasiirupiga\",\"breadcrumb\":{\"@id\":\"https:\/\/bio4you.eu\/retseptid\/toode\/piparkoogid-vahtrasiirupiga\/#breadcrumb\"},\"inLanguage\":\"et\",\"potentialAction\":[{\"@type\":\"ReadAction\",\"target\":[\"https:\/\/bio4you.eu\/retseptid\/toode\/piparkoogid-vahtrasiirupiga\/\"]}]},{\"@type\":\"ImageObject\",\"inLanguage\":\"et\",\"@id\":\"https:\/\/bio4you.eu\/retseptid\/toode\/piparkoogid-vahtrasiirupiga\/#primaryimage\",\"url\":\"https:\/\/bio4you.eu\/retseptid\/wp-content\/uploads\/2014\/12\/dari-lli-zf8yjaSHMis-unsplash-scaled.jpg\",\"contentUrl\":\"https:\/\/bio4you.eu\/retseptid\/wp-content\/uploads\/2014\/12\/dari-lli-zf8yjaSHMis-unsplash-scaled.jpg\",\"width\":1920,\"height\":2560},{\"@type\":\"BreadcrumbList\",\"@id\":\"https:\/\/bio4you.eu\/retseptid\/toode\/piparkoogid-vahtrasiirupiga\/#breadcrumb\",\"itemListElement\":[{\"@type\":\"ListItem\",\"position\":1,\"name\":\"Home\",\"item\":\"https:\/\/bio4you.eu\/retseptid\/\"},{\"@type\":\"ListItem\",\"position\":2,\"name\":\"Piparkoogid vahtrasiirupiga\"}]},{\"@type\":\"WebSite\",\"@id\":\"https:\/\/bio4you.eu\/retseptid\/#website\",\"url\":\"https:\/\/bio4you.eu\/retseptid\/\",\"name\":\"bio4you.eu\/retseptid\",\"description\":\"\u00d6ko retseptid ise tegemiseks, looduslikest koostisainetest. Maitsev toit, iluhooldus, kodupuhastus ja aiandus.\",\"potentialAction\":[{\"@type\":\"SearchAction\",\"target\":{\"@type\":\"EntryPoint\",\"urlTemplate\":\"https:\/\/bio4you.eu\/retseptid\/?s={search_term_string}\"},\"query-input\":\"required name=search_term_string\"}],\"inLanguage\":\"et\"}]}<\/script>\n<!-- \/ Yoast SEO plugin. -->","yoast_head_json":{"title":"Piparkoogid vahtrasiirupiga - bio4you.eu\/retseptid","description":"vahtrasiirupiga","robots":{"index":"index","follow":"follow","max-snippet":"max-snippet:-1","max-image-preview":"max-image-preview:large","max-video-preview":"max-video-preview:-1"},"canonical":"https:\/\/bio4you.eu\/retseptid\/toode\/piparkoogid-vahtrasiirupiga\/","og_locale":"et_EE","og_type":"article","og_title":"Piparkoogid vahtrasiirupiga - bio4you.eu\/retseptid","og_description":"vahtrasiirupiga","og_url":"https:\/\/bio4you.eu\/retseptid\/toode\/piparkoogid-vahtrasiirupiga\/","og_site_name":"bio4you.eu\/retseptid","article_modified_time":"2022-05-17T06:48:54+00:00","og_image":[{"width":1920,"height":2560,"url":"https:\/\/bio4you.eu\/retseptid\/wp-content\/uploads\/2014\/12\/dari-lli-zf8yjaSHMis-unsplash-scaled.jpg","type":"image\/jpeg"}],"schema":{"@context":"https:\/\/schema.org","@graph":[{"@type":"WebPage","@id":"https:\/\/bio4you.eu\/retseptid\/toode\/piparkoogid-vahtrasiirupiga\/","url":"https:\/\/bio4you.eu\/retseptid\/toode\/piparkoogid-vahtrasiirupiga\/","name":"Piparkoogid vahtrasiirupiga - bio4you.eu\/retseptid","isPartOf":{"@id":"https:\/\/bio4you.eu\/retseptid\/#website"},"primaryImageOfPage":{"@id":"https:\/\/bio4you.eu\/retseptid\/toode\/piparkoogid-vahtrasiirupiga\/#primaryimage"},"image":{"@id":"https:\/\/bio4you.eu\/retseptid\/toode\/piparkoogid-vahtrasiirupiga\/#primaryimage"},"thumbnailUrl":"https:\/\/bio4you.eu\/retseptid\/wp-content\/uploads\/2014\/12\/dari-lli-zf8yjaSHMis-unsplash-scaled.jpg","datePublished":"2014-12-10T18:31:43+00:00","dateModified":"2022-05-17T06:48:54+00:00","description":"vahtrasiirupiga","breadcrumb":{"@id":"https:\/\/bio4you.eu\/retseptid\/toode\/piparkoogid-vahtrasiirupiga\/#breadcrumb"},"inLanguage":"et","potentialAction":[{"@type":"ReadAction","target":["https:\/\/bio4you.eu\/retseptid\/toode\/piparkoogid-vahtrasiirupiga\/"]}]},{"@type":"ImageObject","inLanguage":"et","@id":"https:\/\/bio4you.eu\/retseptid\/toode\/piparkoogid-vahtrasiirupiga\/#primaryimage","url":"https:\/\/bio4you.eu\/retseptid\/wp-content\/uploads\/2014\/12\/dari-lli-zf8yjaSHMis-unsplash-scaled.jpg","contentUrl":"https:\/\/bio4you.eu\/retseptid\/wp-content\/uploads\/2014\/12\/dari-lli-zf8yjaSHMis-unsplash-scaled.jpg","width":1920,"height":2560},{"@type":"BreadcrumbList","@id":"https:\/\/bio4you.eu\/retseptid\/toode\/piparkoogid-vahtrasiirupiga\/#breadcrumb","itemListElement":[{"@type":"ListItem","position":1,"name":"Home","item":"https:\/\/bio4you.eu\/retseptid\/"},{"@type":"ListItem","position":2,"name":"Piparkoogid vahtrasiirupiga"}]},{"@type":"WebSite","@id":"https:\/\/bio4you.eu\/retseptid\/#website","url":"https:\/\/bio4you.eu\/retseptid\/","name":"bio4you.eu\/retseptid","description":"\u00d6ko retseptid ise tegemiseks, looduslikest koostisainetest. Maitsev toit, iluhooldus, kodupuhastus ja aiandus.","potentialAction":[{"@type":"SearchAction","target":{"@type":"EntryPoint","urlTemplate":"https:\/\/bio4you.eu\/retseptid\/?s={search_term_string}"},"query-input":"required name=search_term_string"}],"inLanguage":"et"}]}},"_links":{"self":[{"href":"https:\/\/bio4you.eu\/retseptid\/wp-json\/wp\/v2\/product\/2197"}],"collection":[{"href":"https:\/\/bio4you.eu\/retseptid\/wp-json\/wp\/v2\/product"}],"about":[{"href":"https:\/\/bio4you.eu\/retseptid\/wp-json\/wp\/v2\/types\/product"}],"replies":[{"embeddable":true,"href":"https:\/\/bio4you.eu\/retseptid\/wp-json\/wp\/v2\/comments?post=2197"}],"wp:featuredmedia":[{"embeddable":true,"href":"https:\/\/bio4you.eu\/retseptid\/wp-json\/wp\/v2\/media\/3930"}],"wp:attachment":[{"href":"https:\/\/bio4you.eu\/retseptid\/wp-json\/wp\/v2\/media?parent=2197"}],"wp:term":[{"taxonomy":"product_cat","embeddable":true,"href":"https:\/\/bio4you.eu\/retseptid\/wp-json\/wp\/v2\/product_cat?post=2197"},{"taxonomy":"product_tag","embeddable":true,"href":"https:\/\/bio4you.eu\/retseptid\/wp-json\/wp\/v2\/product_tag?post=2197"}],"curies":[{"name":"wp","href":"https:\/\/api.w.org\/{rel}","templated":true}]}}