{"id":2269,"date":"2015-03-28T17:22:15","date_gmt":"2015-03-28T15:22:15","guid":{"rendered":"https:\/\/bio4you.eu\/retseptid\/product\/magneesiumisalv\/"},"modified":"2025-02-22T22:18:15","modified_gmt":"2025-02-22T20:18:15","slug":"magneesiumisalv","status":"publish","type":"product","link":"https:\/\/bio4you.eu\/retseptid\/toode\/magneesiumisalv\/","title":{"rendered":"Magneesiumisalv"},"content":{"rendered":"<p style=\"text-align: justify;\"><strong>Retsepte katsetas ja refereeris www.bioretsept.eu. Kui soovid teksti kasutada, viita siinsele allikale! <\/strong><\/p>\n<p style=\"text-align: justify;\"><strong>MAGNEESIUMISALVI saad kasutada magneesiumi\u00f5li v\u00f5i magneesiumi jalavannide asemel- et v\u00e4lispidiselt t\u00e4iendada magneesiumivarusid kehas. Sobib isegi n\u00e4ole m\u00e4\u00e4rimiseks, sobib lastele ja massaaziks.\u00a0<\/strong><\/p>\n<p style=\"text-align: center;\"><span style=\"color: #800000;\">\u00a0<\/span><\/p>\n<p style=\"text-align: center;\"><span style=\"color: #000000;\"><strong>VALMISTAMINE:<\/strong><\/span><\/p>\n<ol>\n<li><span style=\"color: #000000;\">Pane veevannis olevasse anumasse kookos\u00f5li ja kakaov\u00f5i (v\u00f5i sheav\u00f5i).\u00a0 Sheav\u00f5iga tuleb segu kreemjam ja pehmem.<\/span><\/li>\n<li><span style=\"color: #000000;\">Tuleb kasutada t\u00e4iesti puhast sheav\u00f5id. Koostisaineid tuleb v\u00f5tta m\u00e4\u00e4ratud kogus, muidu muutub v\u00f5ie vesiseks. Kui v\u00f5ide pinnale siiski tekivad veepiisakesed, siis see ei halvenda toote kvaliteeti. Tegelikult ei ole see vesi vaid kontsentreeritud magneesiumi\u00f5li, mis ei ole tahkemate ainetega segunenud.<\/span><\/li>\n<li><span style=\"color: #000000;\">Sega, kuni ained sulavad. Lisa soojendatud magneesiumi\u00f5li (muidu koostisained ei segune). <em><span style=\"text-align: justify; line-height: 1.5;\">Kui kasutad magneesiumihelbeid, siis vala need eraldi tassis \u00fcle kuuma veega (1 osa vett, 2 osa magneesiumihelbeid). Lisa saadud kuum magneesiumi\u00f5li soojendatud taime\u00f5lidele.<\/span><\/em><\/span><\/li>\n<li><span style=\"text-align: justify; color: #000000; line-height: 1.5;\"><strong>T\u00c4HTIS! SEGAMINE!<\/strong> N\u00fc\u00fcd pane tuli kinni ja sega magneesiumi\u00f5li taime\u00f5lidega segamini. Kui sa j\u00e4tad saadud v\u00f5ide jahtuma ning ei sega seda, siis koostisained kihistuvad. Sellep\u00e4rast sega pidevalt kuni jahtumiseni. Protsessi kiirendamiseks pane n\u00e4iteks anum koostisainetega n\u00fc\u00fcd j\u00e4\u00e4vanni ja sega energiliselt ja ruttu kuni segu kivistumiseni.<\/span><\/li>\n<li><span style=\"text-align: justify; color: #000000; line-height: 1.5;\">Pane saadud v\u00f5ie topsi ja kasuta!<\/span><\/li>\n<\/ol>\n<p style=\"text-align: center;\"><span style=\"color: #000000;\"><strong>KASUTAMINE<\/strong><\/span><\/p>\n<p>MAGNEESIUMISALV sobib kehale ja isegi n\u00e4ole m\u00e4\u00e4rimiseks ning sobib ka lastele. \u00c4ra sega magneesiumisalvi essentsi\u00f5lidega, see v\u00f5ib tekitada tundlikkust.<\/p>\n<ul>\n<li>Magneesiumisalv on hea <span style=\"color: #993300;\">valutavatele liigestele, peanaha massaaziks enne juuste pesemist, seljamassaaziks, kaelasoontele, jalataldade alla.<\/span><\/li>\n<li><span style=\"color: #008000;\">Lastele:<\/span> iga \u00f5htu jalataldade alla, aitab t\u00e4iendada magneesiumivarusid, soodustab und, v\u00e4hendab n\u00e4rvilisust.<\/li>\n<li><span style=\"line-height: 1.5;\"><span style=\"color: #800080;\">Neemi\u00f5liga segatult<\/span> on salv suurep\u00e4rane vahend tuuler\u00f5ugete jt l\u00f6\u00f6behaiguste punnidele, akne puhul v\u00f5i ekseemide ja nahaprobleemide parandamiseks.<\/span><\/li>\n<li><span style=\"color: #ff0000;\">Kurguvalu korral<\/span> m\u00e4\u00e4ri magneesiumiv\u00f5iet v\u00e4lispidiselt kaela peale 2-3 korda p\u00e4evas. Enamasti m\u00f6\u00f6dub kurguvalu juba paari p\u00e4evaga.<\/li>\n<\/ul>\n<p>&nbsp;<\/p>\n","protected":false},"excerpt":{"rendered":"<p><span style=\"color: #000000;\">VAJA L\u00c4HEB:<\/span><\/p>\n<ul>\n<li><span style=\"color: #000000;\">1\/2 tassi \u00a0<a href=\"https:\/\/bio4you.eu\/et\/toorkakao-tooted\/1868-toorkakaovoi-250g-nutrisslim.html\"><span style=\"color: #99cc00;\">kakaov\u00f5id<\/span> <\/a>v\u00f5i<span style=\"color: #99cc00;\"><a href=\"http:\/\/www.bio4you.eu\/et\/naohooldus\/428-voi-sheavoi-75g-100-naturaalne-kulmpress-naturado-.html\" target=\"_blank\" rel=\"noopener\"><span style=\"color: #99cc00;\"> sheav\u00f5id <\/span><\/a><\/span><\/span><\/li>\n<li><span style=\"color: #000000;\">1\/4 tassi k\u00fclmpress <a href=\"http:\/\/www.bio4you.eu\/et\/olid\/672-oli-kookosoli-150ml-extra-virgin-kulmpress-cosmoveda.html\" target=\"_blank\" rel=\"noopener\"><span style=\"color: #99cc00;\">kookos\u00f5li<\/span><\/a><\/span><\/li>\n<li><span style=\"color: #000000;\">1\/4 tassi soojendatud magneesiumi\u00f5li<\/span><\/li>\n<li><span style=\"color: #000000;\"><a href=\"http:\/\/www.bio4you.eu\/et\/kehahooldus\/1942-magneesiumioli-31-200ml-zechstein-inside.html\" target=\"_blank\" rel=\"noopener\"><span style=\"color: #99cc00;\">Magneesiumi\u00f5li<\/span><\/a> asemel v\u00f5id kasutada <a href=\"http:\/\/www.bio4you.eu\/et\/kehahooldus\/1349-magneesiumi-helbed-47-1kg-zechstein-inside.html\" target=\"_blank\" rel=\"noopener\"><span style=\"color: #99cc00;\">magneesiumihelbeid<\/span><\/a> ja kuuma vett, tehes ise helvestest\u00a0\u00f5li <a href=\"https:\/\/bio4you.eu\/retseptid\/toode\/magneesiumioli\/\"><span style=\"color: #99cc00;\">SELLE<\/span> <\/a>retsepti j\u00e4rgi.<a title=\"Magneesiumi\u00f5li valmistamine\" href=\"http:\/\/www.bio4you.eu\/et\/search?orderby=position&amp;orderway=desc&amp;search_query=neemi%C3%B5li&amp;submit_search=Otsi\" target=\"_blank\" rel=\"noopener\"><span style=\"color: #000000;\"><br \/>\n<\/span><\/a><\/span><\/li>\n<\/ul>\n","protected":false},"featured_media":3395,"comment_status":"open","ping_status":"closed","template":"","meta":{"_exactmetrics_skip_tracking":false,"_exactmetrics_sitenote_active":false,"_exactmetrics_sitenote_note":"","_exactmetrics_sitenote_category":0},"product_cat":[324,327,59],"product_tag":[329,330,328,347,348],"class_list":{"0":"post-2269","1":"product","2":"type-product","3":"status-publish","4":"has-post-thumbnail","6":"product_cat-tervise-retseptid","7":"product_cat-uld-toniseeriv","8":"product_cat-featured","9":"product_tag-magneesium","10":"product_tag-magneesiumihelbed","11":"product_tag-magneesiumioli","12":"product_tag-magneesiumisalv","13":"product_tag-magneesiumivoie","15":"first","16":"instock","17":"shipping-taxable","18":"product-type-simple"},"yoast_head":"<!-- This site is optimized with the Yoast SEO plugin v23.3 - https:\/\/yoast.com\/wordpress\/plugins\/seo\/ -->\n<title>Magneesiumisalv - bio4you.eu\/retseptid<\/title>\n<meta name=\"description\" content=\"magneesiumisalv\" \/>\n<meta name=\"robots\" content=\"index, follow, max-snippet:-1, max-image-preview:large, max-video-preview:-1\" \/>\n<link rel=\"canonical\" href=\"https:\/\/bio4you.eu\/retseptid\/toode\/magneesiumisalv\/\" \/>\n<meta property=\"og:locale\" content=\"et_EE\" \/>\n<meta property=\"og:type\" content=\"article\" \/>\n<meta property=\"og:title\" content=\"Magneesiumisalv - bio4you.eu\/retseptid\" \/>\n<meta property=\"og:description\" content=\"magneesiumisalv\" \/>\n<meta property=\"og:url\" content=\"https:\/\/bio4you.eu\/retseptid\/toode\/magneesiumisalv\/\" \/>\n<meta property=\"og:site_name\" content=\"bio4you.eu\/retseptid\" \/>\n<meta property=\"article:modified_time\" content=\"2025-02-22T20:18:15+00:00\" \/>\n<meta property=\"og:image\" content=\"https:\/\/bio4you.eu\/retseptid\/wp-content\/uploads\/2015\/03\/images.jpeg\" \/>\n\t<meta property=\"og:image:width\" content=\"275\" \/>\n\t<meta property=\"og:image:height\" content=\"183\" \/>\n\t<meta property=\"og:image:type\" content=\"image\/jpeg\" \/>\n<meta name=\"twitter:label1\" content=\"Est. reading time\" \/>\n\t<meta name=\"twitter:data1\" content=\"2 minutit\" \/>\n<script type=\"application\/ld+json\" class=\"yoast-schema-graph\">{\"@context\":\"https:\/\/schema.org\",\"@graph\":[{\"@type\":\"WebPage\",\"@id\":\"https:\/\/bio4you.eu\/retseptid\/toode\/magneesiumisalv\/\",\"url\":\"https:\/\/bio4you.eu\/retseptid\/toode\/magneesiumisalv\/\",\"name\":\"Magneesiumisalv - bio4you.eu\/retseptid\",\"isPartOf\":{\"@id\":\"https:\/\/bio4you.eu\/retseptid\/#website\"},\"primaryImageOfPage\":{\"@id\":\"https:\/\/bio4you.eu\/retseptid\/toode\/magneesiumisalv\/#primaryimage\"},\"image\":{\"@id\":\"https:\/\/bio4you.eu\/retseptid\/toode\/magneesiumisalv\/#primaryimage\"},\"thumbnailUrl\":\"https:\/\/bio4you.eu\/retseptid\/wp-content\/uploads\/2015\/03\/images.jpeg\",\"datePublished\":\"2015-03-28T15:22:15+00:00\",\"dateModified\":\"2025-02-22T20:18:15+00:00\",\"description\":\"magneesiumisalv\",\"breadcrumb\":{\"@id\":\"https:\/\/bio4you.eu\/retseptid\/toode\/magneesiumisalv\/#breadcrumb\"},\"inLanguage\":\"et\",\"potentialAction\":[{\"@type\":\"ReadAction\",\"target\":[\"https:\/\/bio4you.eu\/retseptid\/toode\/magneesiumisalv\/\"]}]},{\"@type\":\"ImageObject\",\"inLanguage\":\"et\",\"@id\":\"https:\/\/bio4you.eu\/retseptid\/toode\/magneesiumisalv\/#primaryimage\",\"url\":\"https:\/\/bio4you.eu\/retseptid\/wp-content\/uploads\/2015\/03\/images.jpeg\",\"contentUrl\":\"https:\/\/bio4you.eu\/retseptid\/wp-content\/uploads\/2015\/03\/images.jpeg\",\"width\":275,\"height\":183},{\"@type\":\"BreadcrumbList\",\"@id\":\"https:\/\/bio4you.eu\/retseptid\/toode\/magneesiumisalv\/#breadcrumb\",\"itemListElement\":[{\"@type\":\"ListItem\",\"position\":1,\"name\":\"Home\",\"item\":\"https:\/\/bio4you.eu\/retseptid\/\"},{\"@type\":\"ListItem\",\"position\":2,\"name\":\"Magneesiumisalv\"}]},{\"@type\":\"WebSite\",\"@id\":\"https:\/\/bio4you.eu\/retseptid\/#website\",\"url\":\"https:\/\/bio4you.eu\/retseptid\/\",\"name\":\"bio4you.eu\/retseptid\",\"description\":\"\u00d6ko retseptid ise tegemiseks, looduslikest koostisainetest. Maitsev toit, iluhooldus, kodupuhastus ja aiandus.\",\"potentialAction\":[{\"@type\":\"SearchAction\",\"target\":{\"@type\":\"EntryPoint\",\"urlTemplate\":\"https:\/\/bio4you.eu\/retseptid\/?s={search_term_string}\"},\"query-input\":\"required name=search_term_string\"}],\"inLanguage\":\"et\"}]}<\/script>\n<!-- \/ Yoast SEO plugin. -->","yoast_head_json":{"title":"Magneesiumisalv - bio4you.eu\/retseptid","description":"magneesiumisalv","robots":{"index":"index","follow":"follow","max-snippet":"max-snippet:-1","max-image-preview":"max-image-preview:large","max-video-preview":"max-video-preview:-1"},"canonical":"https:\/\/bio4you.eu\/retseptid\/toode\/magneesiumisalv\/","og_locale":"et_EE","og_type":"article","og_title":"Magneesiumisalv - bio4you.eu\/retseptid","og_description":"magneesiumisalv","og_url":"https:\/\/bio4you.eu\/retseptid\/toode\/magneesiumisalv\/","og_site_name":"bio4you.eu\/retseptid","article_modified_time":"2025-02-22T20:18:15+00:00","og_image":[{"width":275,"height":183,"url":"https:\/\/bio4you.eu\/retseptid\/wp-content\/uploads\/2015\/03\/images.jpeg","type":"image\/jpeg"}],"twitter_misc":{"Est. reading time":"2 minutit"},"schema":{"@context":"https:\/\/schema.org","@graph":[{"@type":"WebPage","@id":"https:\/\/bio4you.eu\/retseptid\/toode\/magneesiumisalv\/","url":"https:\/\/bio4you.eu\/retseptid\/toode\/magneesiumisalv\/","name":"Magneesiumisalv - bio4you.eu\/retseptid","isPartOf":{"@id":"https:\/\/bio4you.eu\/retseptid\/#website"},"primaryImageOfPage":{"@id":"https:\/\/bio4you.eu\/retseptid\/toode\/magneesiumisalv\/#primaryimage"},"image":{"@id":"https:\/\/bio4you.eu\/retseptid\/toode\/magneesiumisalv\/#primaryimage"},"thumbnailUrl":"https:\/\/bio4you.eu\/retseptid\/wp-content\/uploads\/2015\/03\/images.jpeg","datePublished":"2015-03-28T15:22:15+00:00","dateModified":"2025-02-22T20:18:15+00:00","description":"magneesiumisalv","breadcrumb":{"@id":"https:\/\/bio4you.eu\/retseptid\/toode\/magneesiumisalv\/#breadcrumb"},"inLanguage":"et","potentialAction":[{"@type":"ReadAction","target":["https:\/\/bio4you.eu\/retseptid\/toode\/magneesiumisalv\/"]}]},{"@type":"ImageObject","inLanguage":"et","@id":"https:\/\/bio4you.eu\/retseptid\/toode\/magneesiumisalv\/#primaryimage","url":"https:\/\/bio4you.eu\/retseptid\/wp-content\/uploads\/2015\/03\/images.jpeg","contentUrl":"https:\/\/bio4you.eu\/retseptid\/wp-content\/uploads\/2015\/03\/images.jpeg","width":275,"height":183},{"@type":"BreadcrumbList","@id":"https:\/\/bio4you.eu\/retseptid\/toode\/magneesiumisalv\/#breadcrumb","itemListElement":[{"@type":"ListItem","position":1,"name":"Home","item":"https:\/\/bio4you.eu\/retseptid\/"},{"@type":"ListItem","position":2,"name":"Magneesiumisalv"}]},{"@type":"WebSite","@id":"https:\/\/bio4you.eu\/retseptid\/#website","url":"https:\/\/bio4you.eu\/retseptid\/","name":"bio4you.eu\/retseptid","description":"\u00d6ko retseptid ise tegemiseks, looduslikest koostisainetest. Maitsev toit, iluhooldus, kodupuhastus ja aiandus.","potentialAction":[{"@type":"SearchAction","target":{"@type":"EntryPoint","urlTemplate":"https:\/\/bio4you.eu\/retseptid\/?s={search_term_string}"},"query-input":"required name=search_term_string"}],"inLanguage":"et"}]}},"_links":{"self":[{"href":"https:\/\/bio4you.eu\/retseptid\/wp-json\/wp\/v2\/product\/2269"}],"collection":[{"href":"https:\/\/bio4you.eu\/retseptid\/wp-json\/wp\/v2\/product"}],"about":[{"href":"https:\/\/bio4you.eu\/retseptid\/wp-json\/wp\/v2\/types\/product"}],"replies":[{"embeddable":true,"href":"https:\/\/bio4you.eu\/retseptid\/wp-json\/wp\/v2\/comments?post=2269"}],"wp:featuredmedia":[{"embeddable":true,"href":"https:\/\/bio4you.eu\/retseptid\/wp-json\/wp\/v2\/media\/3395"}],"wp:attachment":[{"href":"https:\/\/bio4you.eu\/retseptid\/wp-json\/wp\/v2\/media?parent=2269"}],"wp:term":[{"taxonomy":"product_cat","embeddable":true,"href":"https:\/\/bio4you.eu\/retseptid\/wp-json\/wp\/v2\/product_cat?post=2269"},{"taxonomy":"product_tag","embeddable":true,"href":"https:\/\/bio4you.eu\/retseptid\/wp-json\/wp\/v2\/product_tag?post=2269"}],"curies":[{"name":"wp","href":"https:\/\/api.w.org\/{rel}","templated":true}]}}