{"id":2322,"date":"2015-04-20T13:32:05","date_gmt":"2015-04-20T10:32:05","guid":{"rendered":"https:\/\/bio4you.eu\/retseptid\/?post_type=product&#038;p=2322"},"modified":"2016-10-12T15:22:41","modified_gmt":"2016-10-12T12:22:41","slug":"super-prebiootiline-jogurt-jakooniga","status":"publish","type":"product","link":"https:\/\/bio4you.eu\/retseptid\/toode\/super-prebiootiline-jogurt-jakooniga\/","title":{"rendered":"Super-prebiootiline jogurt jakooni ja baobabiga"},"content":{"rendered":"<p>Laste lemmiku super- prebiootilise jogurti saad, kui kasutad jakoon ja baobab pulbrit.<\/p>\n<ol>\n<li>Sega 2 pulbrit omavahel.<\/li>\n<li>Lisa jogurtile 1tl pulbrit klaasit\u00e4ie kohta.<\/li>\n<li>Soovi korral kaunista vaniljekauna pulbriga.<\/li>\n<\/ol>\n<p>Soovitatav tarbida toidukordade vahepeal vahepalana, hommikus\u00f6\u00f6giks v\u00f5i 30 minutit enne s\u00f6\u00f6mist.<\/p>\n<p style=\"text-align: center;\"><span style=\"color: #993300;\"><strong>Miks jakoon ja baobab?<\/strong><\/span><\/p>\n<p style=\"text-align: center;\"><span style=\"color: #993300;\"><strong>JAKOON juure pulber: PROBIOOTILISTE OMADUSTEGA MAGUSTAV JUUR<\/strong><\/span><\/p>\n<p style=\"text-align: justify;\">Jakoon juurel on probiootilised omadused, mis on leidnud ka teaduslikku t\u00f5estust. N\u00e4iteks m\u00fc\u00fcakse Ameerikas toidulisandina jakoonI juurepulbri kapsleid. Nimelt toidab jakoon juur h\u00e4id baktereid meie seede-elundkonnas.<\/p>\n<p style=\"text-align: justify;\">Kust taim oma probiootilised omadused saab? \u00a0Seedes\u00fcsteem vajab korrektseks toimimiseks nn. \u201ch\u00e4id k\u00f5hubaktereid\u201d. Nende bakterite tegevus v\u00f5ib h\u00e4iruda ANTIbiootikumide (ehk bakterikolooniaid h\u00e4vitavate ravimite) tarbimise t\u00f5ttu, pingelisel ja stressirohkel perioodil ja vale toitumise korral. Heade k\u00f5hubakterite tegevust saab aktiveerida<\/p>\n<ol>\n<li>ESITEKS: kasulike bakterikultuuride tarbimisel toidulisandina<\/li>\n<li>TEISEKS: juba olemasolevate heade bakterite toitmise teel.<\/li>\n<\/ol>\n<p>Selleks ongi ideaalne jakoon juure pulber.\u00a0Nimelt saab juurikas saab oma magususe <strong>fruktooligosahhariididest<\/strong> &#8211; prebiootikumidest, mis on toiduks \u201eheadele bakteritele\u201c <em>Bifidobacterium<\/em> ja <em>Lactobacillus<\/em>. Seet\u00f5ttu toetab ja taastab jakoon mao ja sooletrakti mikrofloorat.<\/p>\n<p style=\"text-align: center;\"><span style=\"color: #993300;\"><strong>BAOBAB vilja pulber: PROBIOOTILISTE OMADUSTEGA NATURAALNE MULTIVITAMIIN<\/strong><\/span><\/p>\n<p style=\"text-align: justify;\">Baobabi vili sisaldab lahustuvaid kiudaineid, mis stimuleerivad j\u00e4mesooles bifidobakterite ehk nn. &#8220;heade k\u00f5hubakterite&#8221; kasvu ja paljunemist. Mitmed uuringud on t\u00f5estanud, et baobab pulbri kasutamine suurendas Bifidobacterium koloonia olulist suurenemist ning samaaegselt v\u00e4hekasulike bakterite (\u00a0<span style=\"line-height: 1.5;\">Bacteroides,\u00a0<\/span><span style=\"line-height: 1.5;\">Fusobacteria Cocchi ja grampositiivsed bakterid) populatsioonide v\u00e4henemist. Uuringute alusel soodustavad baobabis leiduvad\u00a0kiudained ja seedeens\u00fc\u00fcmid probiootiliste\u00a0bakterite kasvu\u00a0seedetraktis ja parandavad seedimist.<\/span><\/p>\n<p style=\"text-align: justify;\">Lisaks on baobab naturaalne multivitamiin. Ta sisaldab 14 peamist vitamiini ja mineraali, rohkem rauda kui punane liha, 6x rohkem kaaliumi kui banaan, 6x rohkem C-vitamiini kui apelsin,\u00a0vitamiine A, B1-B2-B6, PP, kaltsiumi,\u00a0magneesiumi,\u00a0probiootilisi\u00a0kiudaineid. Aitab luudel omastada kaltsiumi,\u00a0suurendab raua k\u00e4ttesaadavust.\u00a0T\u00e4nu k\u00f5rge C-vitamiini ja \u00f5unhappe sisaldusele aitab organismil saadud toidu teisendada energiaks. Tugevdab immuuns\u00fcsteemi.<\/p>\n","protected":false},"excerpt":{"rendered":"<p>VAJA L\u00c4HEB:<\/p>\n<ul>\n<li><a href=\"http:\/\/www.bio4you.eu\/et\/superfoods\/1828-jakoon-juure-pulber-magustaja-125g-nutrisslim.html\" target=\"_blank\"><span style=\"color: #99cc00;\">jakoon juure pulbrit<\/span><\/a><\/li>\n<li><a href=\"http:\/\/www.bio4you.eu\/et\/superfoods\/1785-baobab-125g-lapsed-immuunsus-nutrisslim.html\" target=\"_blank\"><span style=\"color: #99cc00;\">baobabi pulbrit<\/span><\/a><\/li>\n<li>vaniljejogurtit (v\u00f5i valget jogurtit ja vaniljekauna pulbrit)<\/li>\n<li>soovi korral <span style=\"color: #99cc00;\"><a href=\"http:\/\/www.bio4you.eu\/et\/toiduained\/1455-vanilje-pulber-100-puhas15g-baule-volante.html\" target=\"_blank\"><span style=\"color: #99cc00;\">vaniljekauna pulbrit<\/span><\/a><br \/>\n<\/span><\/li>\n<\/ul>\n","protected":false},"featured_media":3321,"comment_status":"open","ping_status":"closed","template":"","meta":{"_exactmetrics_skip_tracking":false,"_exactmetrics_sitenote_active":false,"_exactmetrics_sitenote_note":"","_exactmetrics_sitenote_category":0},"product_cat":[59,60,365],"product_tag":[368,367,102,370,371,372,369],"class_list":{"0":"post-2322","1":"product","2":"type-product","3":"status-publish","4":"has-post-thumbnail","6":"product_cat-featured","7":"product_cat-toiduretseptid","8":"product_cat-laste-lemmikud","9":"product_tag-baobab","10":"product_tag-jakoon","11":"product_tag-jogurt","12":"product_tag-naturaalne-probiootikum","13":"product_tag-prebiootikum","14":"product_tag-prebiootiline","15":"product_tag-probiootikum","17":"first","18":"instock","19":"shipping-taxable","20":"product-type-simple"},"yoast_head":"<!-- This site is optimized with the Yoast SEO plugin v23.3 - https:\/\/yoast.com\/wordpress\/plugins\/seo\/ -->\n<title>Super-prebiootiline jogurt jakooni ja baobabiga - bio4you.eu\/retseptid<\/title>\n<meta name=\"description\" content=\"Super-probiootiline jogurt\" \/>\n<meta name=\"robots\" content=\"index, follow, max-snippet:-1, max-image-preview:large, max-video-preview:-1\" \/>\n<link rel=\"canonical\" href=\"https:\/\/bio4you.eu\/retseptid\/toode\/super-prebiootiline-jogurt-jakooniga\/\" \/>\n<meta property=\"og:locale\" content=\"et_EE\" \/>\n<meta property=\"og:type\" content=\"article\" \/>\n<meta property=\"og:title\" content=\"Super-prebiootiline jogurt jakooni ja baobabiga - bio4you.eu\/retseptid\" \/>\n<meta property=\"og:description\" content=\"Super-probiootiline jogurt\" \/>\n<meta property=\"og:url\" content=\"https:\/\/bio4you.eu\/retseptid\/toode\/super-prebiootiline-jogurt-jakooniga\/\" \/>\n<meta property=\"og:site_name\" content=\"bio4you.eu\/retseptid\" \/>\n<meta property=\"article:modified_time\" content=\"2016-10-12T12:22:41+00:00\" \/>\n<meta property=\"og:image\" content=\"https:\/\/bio4you.eu\/retseptid\/wp-content\/uploads\/2015\/04\/Screen-Shot-2016-10-12-at-15.22.05.png\" \/>\n\t<meta property=\"og:image:width\" content=\"624\" \/>\n\t<meta property=\"og:image:height\" content=\"468\" \/>\n\t<meta property=\"og:image:type\" content=\"image\/png\" \/>\n<meta name=\"twitter:label1\" content=\"Est. reading time\" \/>\n\t<meta name=\"twitter:data1\" content=\"2 minutit\" \/>\n<script type=\"application\/ld+json\" class=\"yoast-schema-graph\">{\"@context\":\"https:\/\/schema.org\",\"@graph\":[{\"@type\":\"WebPage\",\"@id\":\"https:\/\/bio4you.eu\/retseptid\/toode\/super-prebiootiline-jogurt-jakooniga\/\",\"url\":\"https:\/\/bio4you.eu\/retseptid\/toode\/super-prebiootiline-jogurt-jakooniga\/\",\"name\":\"Super-prebiootiline jogurt jakooni ja baobabiga - bio4you.eu\/retseptid\",\"isPartOf\":{\"@id\":\"https:\/\/bio4you.eu\/retseptid\/#website\"},\"primaryImageOfPage\":{\"@id\":\"https:\/\/bio4you.eu\/retseptid\/toode\/super-prebiootiline-jogurt-jakooniga\/#primaryimage\"},\"image\":{\"@id\":\"https:\/\/bio4you.eu\/retseptid\/toode\/super-prebiootiline-jogurt-jakooniga\/#primaryimage\"},\"thumbnailUrl\":\"https:\/\/bio4you.eu\/retseptid\/wp-content\/uploads\/2015\/04\/Screen-Shot-2016-10-12-at-15.22.05.png\",\"datePublished\":\"2015-04-20T10:32:05+00:00\",\"dateModified\":\"2016-10-12T12:22:41+00:00\",\"description\":\"Super-probiootiline jogurt\",\"breadcrumb\":{\"@id\":\"https:\/\/bio4you.eu\/retseptid\/toode\/super-prebiootiline-jogurt-jakooniga\/#breadcrumb\"},\"inLanguage\":\"et\",\"potentialAction\":[{\"@type\":\"ReadAction\",\"target\":[\"https:\/\/bio4you.eu\/retseptid\/toode\/super-prebiootiline-jogurt-jakooniga\/\"]}]},{\"@type\":\"ImageObject\",\"inLanguage\":\"et\",\"@id\":\"https:\/\/bio4you.eu\/retseptid\/toode\/super-prebiootiline-jogurt-jakooniga\/#primaryimage\",\"url\":\"https:\/\/bio4you.eu\/retseptid\/wp-content\/uploads\/2015\/04\/Screen-Shot-2016-10-12-at-15.22.05.png\",\"contentUrl\":\"https:\/\/bio4you.eu\/retseptid\/wp-content\/uploads\/2015\/04\/Screen-Shot-2016-10-12-at-15.22.05.png\",\"width\":624,\"height\":468},{\"@type\":\"BreadcrumbList\",\"@id\":\"https:\/\/bio4you.eu\/retseptid\/toode\/super-prebiootiline-jogurt-jakooniga\/#breadcrumb\",\"itemListElement\":[{\"@type\":\"ListItem\",\"position\":1,\"name\":\"Home\",\"item\":\"https:\/\/bio4you.eu\/retseptid\/\"},{\"@type\":\"ListItem\",\"position\":2,\"name\":\"Super-prebiootiline jogurt jakooni ja baobabiga\"}]},{\"@type\":\"WebSite\",\"@id\":\"https:\/\/bio4you.eu\/retseptid\/#website\",\"url\":\"https:\/\/bio4you.eu\/retseptid\/\",\"name\":\"bio4you.eu\/retseptid\",\"description\":\"\u00d6ko retseptid ise tegemiseks, looduslikest koostisainetest. Maitsev toit, iluhooldus, kodupuhastus ja aiandus.\",\"potentialAction\":[{\"@type\":\"SearchAction\",\"target\":{\"@type\":\"EntryPoint\",\"urlTemplate\":\"https:\/\/bio4you.eu\/retseptid\/?s={search_term_string}\"},\"query-input\":\"required name=search_term_string\"}],\"inLanguage\":\"et\"}]}<\/script>\n<!-- \/ Yoast SEO plugin. -->","yoast_head_json":{"title":"Super-prebiootiline jogurt jakooni ja baobabiga - bio4you.eu\/retseptid","description":"Super-probiootiline jogurt","robots":{"index":"index","follow":"follow","max-snippet":"max-snippet:-1","max-image-preview":"max-image-preview:large","max-video-preview":"max-video-preview:-1"},"canonical":"https:\/\/bio4you.eu\/retseptid\/toode\/super-prebiootiline-jogurt-jakooniga\/","og_locale":"et_EE","og_type":"article","og_title":"Super-prebiootiline jogurt jakooni ja baobabiga - bio4you.eu\/retseptid","og_description":"Super-probiootiline jogurt","og_url":"https:\/\/bio4you.eu\/retseptid\/toode\/super-prebiootiline-jogurt-jakooniga\/","og_site_name":"bio4you.eu\/retseptid","article_modified_time":"2016-10-12T12:22:41+00:00","og_image":[{"width":624,"height":468,"url":"https:\/\/bio4you.eu\/retseptid\/wp-content\/uploads\/2015\/04\/Screen-Shot-2016-10-12-at-15.22.05.png","type":"image\/png"}],"twitter_misc":{"Est. reading time":"2 minutit"},"schema":{"@context":"https:\/\/schema.org","@graph":[{"@type":"WebPage","@id":"https:\/\/bio4you.eu\/retseptid\/toode\/super-prebiootiline-jogurt-jakooniga\/","url":"https:\/\/bio4you.eu\/retseptid\/toode\/super-prebiootiline-jogurt-jakooniga\/","name":"Super-prebiootiline jogurt jakooni ja baobabiga - bio4you.eu\/retseptid","isPartOf":{"@id":"https:\/\/bio4you.eu\/retseptid\/#website"},"primaryImageOfPage":{"@id":"https:\/\/bio4you.eu\/retseptid\/toode\/super-prebiootiline-jogurt-jakooniga\/#primaryimage"},"image":{"@id":"https:\/\/bio4you.eu\/retseptid\/toode\/super-prebiootiline-jogurt-jakooniga\/#primaryimage"},"thumbnailUrl":"https:\/\/bio4you.eu\/retseptid\/wp-content\/uploads\/2015\/04\/Screen-Shot-2016-10-12-at-15.22.05.png","datePublished":"2015-04-20T10:32:05+00:00","dateModified":"2016-10-12T12:22:41+00:00","description":"Super-probiootiline jogurt","breadcrumb":{"@id":"https:\/\/bio4you.eu\/retseptid\/toode\/super-prebiootiline-jogurt-jakooniga\/#breadcrumb"},"inLanguage":"et","potentialAction":[{"@type":"ReadAction","target":["https:\/\/bio4you.eu\/retseptid\/toode\/super-prebiootiline-jogurt-jakooniga\/"]}]},{"@type":"ImageObject","inLanguage":"et","@id":"https:\/\/bio4you.eu\/retseptid\/toode\/super-prebiootiline-jogurt-jakooniga\/#primaryimage","url":"https:\/\/bio4you.eu\/retseptid\/wp-content\/uploads\/2015\/04\/Screen-Shot-2016-10-12-at-15.22.05.png","contentUrl":"https:\/\/bio4you.eu\/retseptid\/wp-content\/uploads\/2015\/04\/Screen-Shot-2016-10-12-at-15.22.05.png","width":624,"height":468},{"@type":"BreadcrumbList","@id":"https:\/\/bio4you.eu\/retseptid\/toode\/super-prebiootiline-jogurt-jakooniga\/#breadcrumb","itemListElement":[{"@type":"ListItem","position":1,"name":"Home","item":"https:\/\/bio4you.eu\/retseptid\/"},{"@type":"ListItem","position":2,"name":"Super-prebiootiline jogurt jakooni ja baobabiga"}]},{"@type":"WebSite","@id":"https:\/\/bio4you.eu\/retseptid\/#website","url":"https:\/\/bio4you.eu\/retseptid\/","name":"bio4you.eu\/retseptid","description":"\u00d6ko retseptid ise tegemiseks, looduslikest koostisainetest. Maitsev toit, iluhooldus, kodupuhastus ja aiandus.","potentialAction":[{"@type":"SearchAction","target":{"@type":"EntryPoint","urlTemplate":"https:\/\/bio4you.eu\/retseptid\/?s={search_term_string}"},"query-input":"required name=search_term_string"}],"inLanguage":"et"}]}},"_links":{"self":[{"href":"https:\/\/bio4you.eu\/retseptid\/wp-json\/wp\/v2\/product\/2322"}],"collection":[{"href":"https:\/\/bio4you.eu\/retseptid\/wp-json\/wp\/v2\/product"}],"about":[{"href":"https:\/\/bio4you.eu\/retseptid\/wp-json\/wp\/v2\/types\/product"}],"replies":[{"embeddable":true,"href":"https:\/\/bio4you.eu\/retseptid\/wp-json\/wp\/v2\/comments?post=2322"}],"wp:featuredmedia":[{"embeddable":true,"href":"https:\/\/bio4you.eu\/retseptid\/wp-json\/wp\/v2\/media\/3321"}],"wp:attachment":[{"href":"https:\/\/bio4you.eu\/retseptid\/wp-json\/wp\/v2\/media?parent=2322"}],"wp:term":[{"taxonomy":"product_cat","embeddable":true,"href":"https:\/\/bio4you.eu\/retseptid\/wp-json\/wp\/v2\/product_cat?post=2322"},{"taxonomy":"product_tag","embeddable":true,"href":"https:\/\/bio4you.eu\/retseptid\/wp-json\/wp\/v2\/product_tag?post=2322"}],"curies":[{"name":"wp","href":"https:\/\/api.w.org\/{rel}","templated":true}]}}