{"id":2390,"date":"2015-12-08T14:56:00","date_gmt":"2015-12-08T12:56:00","guid":{"rendered":"https:\/\/bio4you.eu\/retseptid\/?post_type=product&#038;p=2390"},"modified":"2016-10-31T12:32:44","modified_gmt":"2016-10-31T10:32:44","slug":"praemuna-musta-suvetruhvliga","status":"publish","type":"product","link":"https:\/\/bio4you.eu\/retseptid\/toode\/praemuna-musta-suvetruhvliga\/","title":{"rendered":"Praemuna musta suvetr\u00fchvliga"},"content":{"rendered":"<p style=\"text-align: justify;\">VALMISTAMINE:<\/p>\n<p style=\"text-align: justify;\"><span style=\"line-height: 1.5;\">Kuumuta pannil veidi oliivi\u00f5li, lisa koor ja tr\u00fchvel, sega. Lisa munad, maitsesta soola ja pipraga. Kuumuta umbes minut, kata kaanega ja hauta madalal kuumusel veel kaks minutit. Serveeri koos parmesanilaastude ja tilga oliivi\u00f5liga. Sobib s\u00f6\u00f6miseks n\u00e4iteks koos bruschettaga (tomatiga, juustuga vms) v\u00f5i\u00a0 leivaga, millele on m\u00e4\u00e4ritud <\/span><a style=\"line-height: 1.5;\" href=\"http:\/\/www.bio4you.eu\/et\/mahetoit\/2232-voi-musta-truhvliga-80g-il-tartufo-di-ennio.html\" target=\"_blank\">tr\u00fchvliv\u00f5id<\/a><span style=\"line-height: 1.5;\">.<\/span><\/p>\n<p style=\"text-align: justify;\">\n","protected":false},"excerpt":{"rendered":"<p>VAJA L\u00c4HEB:<\/p>\n<ul>\n<li>2 muna<\/li>\n<li>100ml r\u00f5\u00f5ska koort (sobib ka <span style=\"color: #99cc00;\"><a href=\"http:\/\/www.bio4you.eu\/et\/search?orderby=position&amp;orderway=desc&amp;search_query=taimne+koor&amp;submit_search=Otsi\" target=\"_blank\"><span style=\"color: #99cc00;\">taimne koor<\/span><\/a><\/span>)<\/li>\n<li>2 tl <span style=\"color: #99cc00;\"><a href=\"http:\/\/www.bio4you.eu\/et\/search?orderby=position&amp;orderway=desc&amp;search_query=suvetr%C3%BChvel+%C3%B5lis+riivitud&amp;submit_search=Otsi\" target=\"_blank\"><span style=\"color: #99cc00;\">riivitud tr\u00fchvlit oliivi\u00f5lis<\/span><\/a><\/span><\/li>\n<li>parmesanilaaste<\/li>\n<li>soola<\/li>\n<li>pipart<\/li>\n<li><span style=\"color: #99cc00;\"><a href=\"http:\/\/www.bio4you.eu\/et\/search?orderby=position&amp;orderway=desc&amp;search_query=oliivi%C3%B5li&amp;submit_search=Otsi\" target=\"_blank\"><span style=\"color: #99cc00;\"><i>extra virgin<\/i> oliivi\u00f5li<\/span><\/a><\/span><\/li>\n<\/ul>\n","protected":false},"featured_media":3447,"comment_status":"open","ping_status":"closed","template":"","meta":{"_exactmetrics_skip_tracking":false,"_exactmetrics_sitenote_active":false,"_exactmetrics_sitenote_note":"","_exactmetrics_sitenote_category":0},"product_cat":[60],"product_tag":[],"class_list":{"0":"post-2390","1":"product","2":"type-product","3":"status-publish","4":"has-post-thumbnail","6":"product_cat-toiduretseptid","8":"first","9":"instock","10":"shipping-taxable","11":"product-type-simple"},"yoast_head":"<!-- This site is optimized with the Yoast SEO plugin v23.3 - https:\/\/yoast.com\/wordpress\/plugins\/seo\/ -->\n<title>Praemuna musta suvetr\u00fchvliga - bio4you.eu\/retseptid<\/title>\n<meta name=\"robots\" content=\"index, follow, max-snippet:-1, max-image-preview:large, max-video-preview:-1\" \/>\n<link rel=\"canonical\" href=\"https:\/\/bio4you.eu\/retseptid\/toode\/praemuna-musta-suvetruhvliga\/\" \/>\n<meta property=\"og:locale\" content=\"et_EE\" \/>\n<meta property=\"og:type\" content=\"article\" \/>\n<meta property=\"og:title\" content=\"Praemuna musta suvetr\u00fchvliga - bio4you.eu\/retseptid\" \/>\n<meta property=\"og:description\" content=\"VAJA L\u00c4HEB:   2 muna  100ml r\u00f5\u00f5ska koort (sobib ka taimne koor)  2 tl riivitud tr\u00fchvlit oliivi\u00f5lis  parmesanilaaste  soola  pipart  extra virgin oliivi\u00f5li\" \/>\n<meta property=\"og:url\" content=\"https:\/\/bio4you.eu\/retseptid\/toode\/praemuna-musta-suvetruhvliga\/\" \/>\n<meta property=\"og:site_name\" content=\"bio4you.eu\/retseptid\" \/>\n<meta property=\"article:modified_time\" content=\"2016-10-31T10:32:44+00:00\" \/>\n<meta property=\"og:image\" content=\"https:\/\/bio4you.eu\/retseptid\/wp-content\/uploads\/2015\/12\/IMG_5625-scaled.jpg\" \/>\n\t<meta property=\"og:image:width\" content=\"2560\" \/>\n\t<meta property=\"og:image:height\" content=\"1920\" \/>\n\t<meta property=\"og:image:type\" content=\"image\/jpeg\" \/>\n<script type=\"application\/ld+json\" class=\"yoast-schema-graph\">{\"@context\":\"https:\/\/schema.org\",\"@graph\":[{\"@type\":\"WebPage\",\"@id\":\"https:\/\/bio4you.eu\/retseptid\/toode\/praemuna-musta-suvetruhvliga\/\",\"url\":\"https:\/\/bio4you.eu\/retseptid\/toode\/praemuna-musta-suvetruhvliga\/\",\"name\":\"Praemuna musta suvetr\u00fchvliga - bio4you.eu\/retseptid\",\"isPartOf\":{\"@id\":\"https:\/\/bio4you.eu\/retseptid\/#website\"},\"primaryImageOfPage\":{\"@id\":\"https:\/\/bio4you.eu\/retseptid\/toode\/praemuna-musta-suvetruhvliga\/#primaryimage\"},\"image\":{\"@id\":\"https:\/\/bio4you.eu\/retseptid\/toode\/praemuna-musta-suvetruhvliga\/#primaryimage\"},\"thumbnailUrl\":\"https:\/\/bio4you.eu\/retseptid\/wp-content\/uploads\/2015\/12\/IMG_5625-scaled.jpg\",\"datePublished\":\"2015-12-08T12:56:00+00:00\",\"dateModified\":\"2016-10-31T10:32:44+00:00\",\"breadcrumb\":{\"@id\":\"https:\/\/bio4you.eu\/retseptid\/toode\/praemuna-musta-suvetruhvliga\/#breadcrumb\"},\"inLanguage\":\"et\",\"potentialAction\":[{\"@type\":\"ReadAction\",\"target\":[\"https:\/\/bio4you.eu\/retseptid\/toode\/praemuna-musta-suvetruhvliga\/\"]}]},{\"@type\":\"ImageObject\",\"inLanguage\":\"et\",\"@id\":\"https:\/\/bio4you.eu\/retseptid\/toode\/praemuna-musta-suvetruhvliga\/#primaryimage\",\"url\":\"https:\/\/bio4you.eu\/retseptid\/wp-content\/uploads\/2015\/12\/IMG_5625-scaled.jpg\",\"contentUrl\":\"https:\/\/bio4you.eu\/retseptid\/wp-content\/uploads\/2015\/12\/IMG_5625-scaled.jpg\",\"width\":2560,\"height\":1920},{\"@type\":\"BreadcrumbList\",\"@id\":\"https:\/\/bio4you.eu\/retseptid\/toode\/praemuna-musta-suvetruhvliga\/#breadcrumb\",\"itemListElement\":[{\"@type\":\"ListItem\",\"position\":1,\"name\":\"Home\",\"item\":\"https:\/\/bio4you.eu\/retseptid\/\"},{\"@type\":\"ListItem\",\"position\":2,\"name\":\"Praemuna musta suvetr\u00fchvliga\"}]},{\"@type\":\"WebSite\",\"@id\":\"https:\/\/bio4you.eu\/retseptid\/#website\",\"url\":\"https:\/\/bio4you.eu\/retseptid\/\",\"name\":\"bio4you.eu\/retseptid\",\"description\":\"\u00d6ko retseptid ise tegemiseks, looduslikest koostisainetest. Maitsev toit, iluhooldus, kodupuhastus ja aiandus.\",\"potentialAction\":[{\"@type\":\"SearchAction\",\"target\":{\"@type\":\"EntryPoint\",\"urlTemplate\":\"https:\/\/bio4you.eu\/retseptid\/?s={search_term_string}\"},\"query-input\":\"required name=search_term_string\"}],\"inLanguage\":\"et\"}]}<\/script>\n<!-- \/ Yoast SEO plugin. -->","yoast_head_json":{"title":"Praemuna musta suvetr\u00fchvliga - bio4you.eu\/retseptid","robots":{"index":"index","follow":"follow","max-snippet":"max-snippet:-1","max-image-preview":"max-image-preview:large","max-video-preview":"max-video-preview:-1"},"canonical":"https:\/\/bio4you.eu\/retseptid\/toode\/praemuna-musta-suvetruhvliga\/","og_locale":"et_EE","og_type":"article","og_title":"Praemuna musta suvetr\u00fchvliga - bio4you.eu\/retseptid","og_description":"VAJA L\u00c4HEB:   2 muna  100ml r\u00f5\u00f5ska koort (sobib ka taimne koor)  2 tl riivitud tr\u00fchvlit oliivi\u00f5lis  parmesanilaaste  soola  pipart  extra virgin oliivi\u00f5li","og_url":"https:\/\/bio4you.eu\/retseptid\/toode\/praemuna-musta-suvetruhvliga\/","og_site_name":"bio4you.eu\/retseptid","article_modified_time":"2016-10-31T10:32:44+00:00","og_image":[{"width":2560,"height":1920,"url":"https:\/\/bio4you.eu\/retseptid\/wp-content\/uploads\/2015\/12\/IMG_5625-scaled.jpg","type":"image\/jpeg"}],"schema":{"@context":"https:\/\/schema.org","@graph":[{"@type":"WebPage","@id":"https:\/\/bio4you.eu\/retseptid\/toode\/praemuna-musta-suvetruhvliga\/","url":"https:\/\/bio4you.eu\/retseptid\/toode\/praemuna-musta-suvetruhvliga\/","name":"Praemuna musta suvetr\u00fchvliga - bio4you.eu\/retseptid","isPartOf":{"@id":"https:\/\/bio4you.eu\/retseptid\/#website"},"primaryImageOfPage":{"@id":"https:\/\/bio4you.eu\/retseptid\/toode\/praemuna-musta-suvetruhvliga\/#primaryimage"},"image":{"@id":"https:\/\/bio4you.eu\/retseptid\/toode\/praemuna-musta-suvetruhvliga\/#primaryimage"},"thumbnailUrl":"https:\/\/bio4you.eu\/retseptid\/wp-content\/uploads\/2015\/12\/IMG_5625-scaled.jpg","datePublished":"2015-12-08T12:56:00+00:00","dateModified":"2016-10-31T10:32:44+00:00","breadcrumb":{"@id":"https:\/\/bio4you.eu\/retseptid\/toode\/praemuna-musta-suvetruhvliga\/#breadcrumb"},"inLanguage":"et","potentialAction":[{"@type":"ReadAction","target":["https:\/\/bio4you.eu\/retseptid\/toode\/praemuna-musta-suvetruhvliga\/"]}]},{"@type":"ImageObject","inLanguage":"et","@id":"https:\/\/bio4you.eu\/retseptid\/toode\/praemuna-musta-suvetruhvliga\/#primaryimage","url":"https:\/\/bio4you.eu\/retseptid\/wp-content\/uploads\/2015\/12\/IMG_5625-scaled.jpg","contentUrl":"https:\/\/bio4you.eu\/retseptid\/wp-content\/uploads\/2015\/12\/IMG_5625-scaled.jpg","width":2560,"height":1920},{"@type":"BreadcrumbList","@id":"https:\/\/bio4you.eu\/retseptid\/toode\/praemuna-musta-suvetruhvliga\/#breadcrumb","itemListElement":[{"@type":"ListItem","position":1,"name":"Home","item":"https:\/\/bio4you.eu\/retseptid\/"},{"@type":"ListItem","position":2,"name":"Praemuna musta suvetr\u00fchvliga"}]},{"@type":"WebSite","@id":"https:\/\/bio4you.eu\/retseptid\/#website","url":"https:\/\/bio4you.eu\/retseptid\/","name":"bio4you.eu\/retseptid","description":"\u00d6ko retseptid ise tegemiseks, looduslikest koostisainetest. Maitsev toit, iluhooldus, kodupuhastus ja aiandus.","potentialAction":[{"@type":"SearchAction","target":{"@type":"EntryPoint","urlTemplate":"https:\/\/bio4you.eu\/retseptid\/?s={search_term_string}"},"query-input":"required name=search_term_string"}],"inLanguage":"et"}]}},"_links":{"self":[{"href":"https:\/\/bio4you.eu\/retseptid\/wp-json\/wp\/v2\/product\/2390"}],"collection":[{"href":"https:\/\/bio4you.eu\/retseptid\/wp-json\/wp\/v2\/product"}],"about":[{"href":"https:\/\/bio4you.eu\/retseptid\/wp-json\/wp\/v2\/types\/product"}],"replies":[{"embeddable":true,"href":"https:\/\/bio4you.eu\/retseptid\/wp-json\/wp\/v2\/comments?post=2390"}],"wp:featuredmedia":[{"embeddable":true,"href":"https:\/\/bio4you.eu\/retseptid\/wp-json\/wp\/v2\/media\/3447"}],"wp:attachment":[{"href":"https:\/\/bio4you.eu\/retseptid\/wp-json\/wp\/v2\/media?parent=2390"}],"wp:term":[{"taxonomy":"product_cat","embeddable":true,"href":"https:\/\/bio4you.eu\/retseptid\/wp-json\/wp\/v2\/product_cat?post=2390"},{"taxonomy":"product_tag","embeddable":true,"href":"https:\/\/bio4you.eu\/retseptid\/wp-json\/wp\/v2\/product_tag?post=2390"}],"curies":[{"name":"wp","href":"https:\/\/api.w.org\/{rel}","templated":true}]}}