{"id":2708,"date":"2016-06-13T09:58:21","date_gmt":"2016-06-13T06:58:21","guid":{"rendered":"https:\/\/bio4you.eu\/retseptid\/?post_type=product&#038;p=2708"},"modified":"2022-05-12T14:24:44","modified_gmt":"2022-05-12T11:24:44","slug":"tahiniga-seesamikupsised","status":"publish","type":"product","link":"https:\/\/bio4you.eu\/retseptid\/toode\/tahiniga-seesamikupsised\/","title":{"rendered":"Tahiiniga seesamik\u00fcpsised"},"content":{"rendered":"<p>Valmistamine:<br \/>\nTahiiniga seesamik\u00fcpsised on valmistatud ilma munata ja meenutavad maitselt natuke halvaad. S\u00e4ilivad 3-4 p\u00e4eva. Antud kogusest saab 24-30 k\u00fcpsist.<br \/>\nSega k\u00f5ik ained peale vee blenderis v\u00f5i s\u00f5tku k\u00e4sitsi taignaks. Lisa vesi ja sega \u00fchtlaseks.<br \/>\nVormi pallikesed, vajuta lapikuks ja pane k\u00fcpsetuspaberiga ahjuplaadile.<br \/>\nK\u00fcpseta 180 kraadises ahjus (160 p\u00f6\u00f6rd\u00f5hu re\u017eiimil) 10-12 minutit. \u00c4ra lase k\u00fcpsistel k\u00f5rbema minna ega tumepruuniks t\u00f5mbuda.<br \/>\nLase h\u00e4sti jahtuda ja serveeri.<\/p>\n","protected":false},"excerpt":{"rendered":"<p>Vaja l\u00e4heb:<\/p>\n<ul>\n<li>140 g <a href=\"http:\/\/bio4you.eu\/et\/seemnevoided-ja-paehklikreemid\/2077-tahini-seesamipasta-350g-jean-herve.html?utm_source=bioretsept&amp;utm_medium=retseptireklaam&amp;utm_campaign=Retsept\" target=\"_blank\" rel=\"noopener\"><span style=\"color: #99cc00;\">tahiinit<\/span><\/a><\/li>\n<li>140 g\u00a0nisujahu<\/li>\n<li>140 g t\u00e4isterajahu v\u00f5i 5-viljajahu<\/li>\n<li>150 g toor-roosuhkrut<\/li>\n<li>1 tl vaniljekaunapulbrit<\/li>\n<li>120 g <a href=\"http:\/\/bio4you.eu\/et\/42-kookostooted?utm_source=bioretsept&amp;utm_medium=retseptireklaam&amp;utm_campaign=Retsept\" target=\"_blank\" rel=\"noopener\"><span style=\"color: #99cc00;\">kookos\u00f5li<\/span><\/a><\/li>\n<li>2 tl vett<\/li>\n<li>terake soola<\/li>\n<\/ul>\n","protected":false},"featured_media":3124,"comment_status":"open","ping_status":"closed","template":"","meta":{"_exactmetrics_skip_tracking":false,"_exactmetrics_sitenote_active":false,"_exactmetrics_sitenote_note":"","_exactmetrics_sitenote_category":0},"product_cat":[60,382,383,280,365,68],"product_tag":[],"class_list":{"0":"post-2708","1":"product","2":"type-product","3":"status-publish","4":"has-post-thumbnail","6":"product_cat-toiduretseptid","7":"product_cat-vegan-toiduretseptid","8":"product_cat-taimetoit","9":"product_cat-koogid-ja-kupsised","10":"product_cat-laste-lemmikud","11":"product_cat-suupisted","13":"first","14":"instock","15":"shipping-taxable","16":"product-type-simple"},"yoast_head":"<!-- This site is optimized with the Yoast SEO plugin v23.3 - https:\/\/yoast.com\/wordpress\/plugins\/seo\/ -->\n<title>Tahiiniga seesamik\u00fcpsised - bio4you.eu\/retseptid<\/title>\n<meta name=\"robots\" content=\"index, follow, max-snippet:-1, max-image-preview:large, max-video-preview:-1\" \/>\n<link rel=\"canonical\" href=\"https:\/\/bio4you.eu\/retseptid\/toode\/tahiniga-seesamikupsised\/\" \/>\n<meta property=\"og:locale\" content=\"et_EE\" \/>\n<meta property=\"og:type\" content=\"article\" \/>\n<meta property=\"og:title\" content=\"Tahiiniga seesamik\u00fcpsised - bio4you.eu\/retseptid\" \/>\n<meta property=\"og:description\" content=\"Vaja l\u00e4heb:   140 g tahiinit  140 g\u00a0nisujahu  140 g t\u00e4isterajahu v\u00f5i 5-viljajahu  150 g toor-roosuhkrut  1 tl vaniljekaunapulbrit  120 g kookos\u00f5li  2 tl vett  terake soola\" \/>\n<meta property=\"og:url\" content=\"https:\/\/bio4you.eu\/retseptid\/toode\/tahiniga-seesamikupsised\/\" \/>\n<meta property=\"og:site_name\" content=\"bio4you.eu\/retseptid\" \/>\n<meta property=\"article:modified_time\" content=\"2022-05-12T11:24:44+00:00\" \/>\n<meta property=\"og:image\" content=\"https:\/\/bio4you.eu\/retseptid\/wp-content\/uploads\/2016\/06\/13413550_1793792874167095_4309154999053007169_n.jpg\" \/>\n\t<meta property=\"og:image:width\" content=\"960\" \/>\n\t<meta property=\"og:image:height\" content=\"720\" \/>\n\t<meta property=\"og:image:type\" content=\"image\/jpeg\" \/>\n<script type=\"application\/ld+json\" class=\"yoast-schema-graph\">{\"@context\":\"https:\/\/schema.org\",\"@graph\":[{\"@type\":\"WebPage\",\"@id\":\"https:\/\/bio4you.eu\/retseptid\/toode\/tahiniga-seesamikupsised\/\",\"url\":\"https:\/\/bio4you.eu\/retseptid\/toode\/tahiniga-seesamikupsised\/\",\"name\":\"Tahiiniga seesamik\u00fcpsised - bio4you.eu\/retseptid\",\"isPartOf\":{\"@id\":\"https:\/\/bio4you.eu\/retseptid\/#website\"},\"primaryImageOfPage\":{\"@id\":\"https:\/\/bio4you.eu\/retseptid\/toode\/tahiniga-seesamikupsised\/#primaryimage\"},\"image\":{\"@id\":\"https:\/\/bio4you.eu\/retseptid\/toode\/tahiniga-seesamikupsised\/#primaryimage\"},\"thumbnailUrl\":\"https:\/\/bio4you.eu\/retseptid\/wp-content\/uploads\/2016\/06\/13413550_1793792874167095_4309154999053007169_n.jpg\",\"datePublished\":\"2016-06-13T06:58:21+00:00\",\"dateModified\":\"2022-05-12T11:24:44+00:00\",\"breadcrumb\":{\"@id\":\"https:\/\/bio4you.eu\/retseptid\/toode\/tahiniga-seesamikupsised\/#breadcrumb\"},\"inLanguage\":\"et\",\"potentialAction\":[{\"@type\":\"ReadAction\",\"target\":[\"https:\/\/bio4you.eu\/retseptid\/toode\/tahiniga-seesamikupsised\/\"]}]},{\"@type\":\"ImageObject\",\"inLanguage\":\"et\",\"@id\":\"https:\/\/bio4you.eu\/retseptid\/toode\/tahiniga-seesamikupsised\/#primaryimage\",\"url\":\"https:\/\/bio4you.eu\/retseptid\/wp-content\/uploads\/2016\/06\/13413550_1793792874167095_4309154999053007169_n.jpg\",\"contentUrl\":\"https:\/\/bio4you.eu\/retseptid\/wp-content\/uploads\/2016\/06\/13413550_1793792874167095_4309154999053007169_n.jpg\",\"width\":960,\"height\":720},{\"@type\":\"BreadcrumbList\",\"@id\":\"https:\/\/bio4you.eu\/retseptid\/toode\/tahiniga-seesamikupsised\/#breadcrumb\",\"itemListElement\":[{\"@type\":\"ListItem\",\"position\":1,\"name\":\"Home\",\"item\":\"https:\/\/bio4you.eu\/retseptid\/\"},{\"@type\":\"ListItem\",\"position\":2,\"name\":\"Tahiiniga seesamik\u00fcpsised\"}]},{\"@type\":\"WebSite\",\"@id\":\"https:\/\/bio4you.eu\/retseptid\/#website\",\"url\":\"https:\/\/bio4you.eu\/retseptid\/\",\"name\":\"bio4you.eu\/retseptid\",\"description\":\"\u00d6ko retseptid ise tegemiseks, looduslikest koostisainetest. Maitsev toit, iluhooldus, kodupuhastus ja aiandus.\",\"potentialAction\":[{\"@type\":\"SearchAction\",\"target\":{\"@type\":\"EntryPoint\",\"urlTemplate\":\"https:\/\/bio4you.eu\/retseptid\/?s={search_term_string}\"},\"query-input\":\"required name=search_term_string\"}],\"inLanguage\":\"et\"}]}<\/script>\n<!-- \/ Yoast SEO plugin. -->","yoast_head_json":{"title":"Tahiiniga seesamik\u00fcpsised - bio4you.eu\/retseptid","robots":{"index":"index","follow":"follow","max-snippet":"max-snippet:-1","max-image-preview":"max-image-preview:large","max-video-preview":"max-video-preview:-1"},"canonical":"https:\/\/bio4you.eu\/retseptid\/toode\/tahiniga-seesamikupsised\/","og_locale":"et_EE","og_type":"article","og_title":"Tahiiniga seesamik\u00fcpsised - bio4you.eu\/retseptid","og_description":"Vaja l\u00e4heb:   140 g tahiinit  140 g\u00a0nisujahu  140 g t\u00e4isterajahu v\u00f5i 5-viljajahu  150 g toor-roosuhkrut  1 tl vaniljekaunapulbrit  120 g kookos\u00f5li  2 tl vett  terake soola","og_url":"https:\/\/bio4you.eu\/retseptid\/toode\/tahiniga-seesamikupsised\/","og_site_name":"bio4you.eu\/retseptid","article_modified_time":"2022-05-12T11:24:44+00:00","og_image":[{"width":960,"height":720,"url":"https:\/\/bio4you.eu\/retseptid\/wp-content\/uploads\/2016\/06\/13413550_1793792874167095_4309154999053007169_n.jpg","type":"image\/jpeg"}],"schema":{"@context":"https:\/\/schema.org","@graph":[{"@type":"WebPage","@id":"https:\/\/bio4you.eu\/retseptid\/toode\/tahiniga-seesamikupsised\/","url":"https:\/\/bio4you.eu\/retseptid\/toode\/tahiniga-seesamikupsised\/","name":"Tahiiniga seesamik\u00fcpsised - bio4you.eu\/retseptid","isPartOf":{"@id":"https:\/\/bio4you.eu\/retseptid\/#website"},"primaryImageOfPage":{"@id":"https:\/\/bio4you.eu\/retseptid\/toode\/tahiniga-seesamikupsised\/#primaryimage"},"image":{"@id":"https:\/\/bio4you.eu\/retseptid\/toode\/tahiniga-seesamikupsised\/#primaryimage"},"thumbnailUrl":"https:\/\/bio4you.eu\/retseptid\/wp-content\/uploads\/2016\/06\/13413550_1793792874167095_4309154999053007169_n.jpg","datePublished":"2016-06-13T06:58:21+00:00","dateModified":"2022-05-12T11:24:44+00:00","breadcrumb":{"@id":"https:\/\/bio4you.eu\/retseptid\/toode\/tahiniga-seesamikupsised\/#breadcrumb"},"inLanguage":"et","potentialAction":[{"@type":"ReadAction","target":["https:\/\/bio4you.eu\/retseptid\/toode\/tahiniga-seesamikupsised\/"]}]},{"@type":"ImageObject","inLanguage":"et","@id":"https:\/\/bio4you.eu\/retseptid\/toode\/tahiniga-seesamikupsised\/#primaryimage","url":"https:\/\/bio4you.eu\/retseptid\/wp-content\/uploads\/2016\/06\/13413550_1793792874167095_4309154999053007169_n.jpg","contentUrl":"https:\/\/bio4you.eu\/retseptid\/wp-content\/uploads\/2016\/06\/13413550_1793792874167095_4309154999053007169_n.jpg","width":960,"height":720},{"@type":"BreadcrumbList","@id":"https:\/\/bio4you.eu\/retseptid\/toode\/tahiniga-seesamikupsised\/#breadcrumb","itemListElement":[{"@type":"ListItem","position":1,"name":"Home","item":"https:\/\/bio4you.eu\/retseptid\/"},{"@type":"ListItem","position":2,"name":"Tahiiniga seesamik\u00fcpsised"}]},{"@type":"WebSite","@id":"https:\/\/bio4you.eu\/retseptid\/#website","url":"https:\/\/bio4you.eu\/retseptid\/","name":"bio4you.eu\/retseptid","description":"\u00d6ko retseptid ise tegemiseks, looduslikest koostisainetest. Maitsev toit, iluhooldus, kodupuhastus ja aiandus.","potentialAction":[{"@type":"SearchAction","target":{"@type":"EntryPoint","urlTemplate":"https:\/\/bio4you.eu\/retseptid\/?s={search_term_string}"},"query-input":"required name=search_term_string"}],"inLanguage":"et"}]}},"_links":{"self":[{"href":"https:\/\/bio4you.eu\/retseptid\/wp-json\/wp\/v2\/product\/2708"}],"collection":[{"href":"https:\/\/bio4you.eu\/retseptid\/wp-json\/wp\/v2\/product"}],"about":[{"href":"https:\/\/bio4you.eu\/retseptid\/wp-json\/wp\/v2\/types\/product"}],"replies":[{"embeddable":true,"href":"https:\/\/bio4you.eu\/retseptid\/wp-json\/wp\/v2\/comments?post=2708"}],"wp:featuredmedia":[{"embeddable":true,"href":"https:\/\/bio4you.eu\/retseptid\/wp-json\/wp\/v2\/media\/3124"}],"wp:attachment":[{"href":"https:\/\/bio4you.eu\/retseptid\/wp-json\/wp\/v2\/media?parent=2708"}],"wp:term":[{"taxonomy":"product_cat","embeddable":true,"href":"https:\/\/bio4you.eu\/retseptid\/wp-json\/wp\/v2\/product_cat?post=2708"},{"taxonomy":"product_tag","embeddable":true,"href":"https:\/\/bio4you.eu\/retseptid\/wp-json\/wp\/v2\/product_tag?post=2708"}],"curies":[{"name":"wp","href":"https:\/\/api.w.org\/{rel}","templated":true}]}}