{"id":2767,"date":"2016-06-27T10:20:28","date_gmt":"2016-06-27T07:20:28","guid":{"rendered":"https:\/\/bio4you.eu\/retseptid\/?post_type=product&#038;p=2767"},"modified":"2022-05-12T10:40:52","modified_gmt":"2022-05-12T07:40:52","slug":"kikerherneomlett","status":"publish","type":"product","link":"https:\/\/bio4you.eu\/retseptid\/toode\/kikerherneomlett\/","title":{"rendered":"Kikerherneomlett"},"content":{"rendered":"<p>Allergikud ja munatoodete v\u00e4ltijad saavad samuti s\u00fc\u00fca maitsvat omletti. Kikerhernejahu asendab suurep\u00e4raselt muna ning on v\u00e4ga toitainerikas &#8211; see sisaldab b2, b3, b5 ja E vitamiine, foolhapet, rauda, kaaliumi, tsinki, kiudaineid, valke. Kikerherned sisaldavad proteaasi (reguleerib proteiini seedimisega seonduvaid protsesse, h\u00fcdrol\u00fc\u00fcsib valke) ning isoflavoone, mis aitavad hoida tasakaalus \u00f6strogeenide taset.<\/p>\n<div id=\"short_description_block\">\n<div id=\"short_description_content\">\n<p>Valmistamine:<br \/>\nSega kausis 1 dl kikerhernejahu, sool, pipar ja paprikapulber. Lisa 1,5 dl vett ja sega \u00fchtlaseks taignaks. N\u00fc\u00fcd v\u00f5id soovi korral maitse j\u00e4rgi lisada veel soola v\u00f5i pipart. \u00a0Haki sibul ja tomatid v\u00e4ikesteks t\u00fckkideks ja lisa taignale.<\/p>\n<p>Pane pann oliivi\u00f5liga sooja. Kui \u00f5li on kuum siis keera kuumus keskmise peale ja aja taigen pannile laiali. Prae omletti 4-5 minutit keskimisel kuumusel ilma kaaneta. Seej\u00e4rel p\u00f6\u00f6ra see \u00f5hukese pannilabidaga \u00fcmber. Omlett peaks h\u00e4sti koos p\u00fcsima, kuid kui sul ei \u00f5nnestu seda \u00fches t\u00fckis \u00fcmber keerata, siis l\u00f5ika see neljaks ja keera t\u00fckid \u00fckshaaval \u00fcmber. Prae teist poolt kuni see on kergelt pruun. Serveeri meeldiva kastme, n\u00e4iteks m\u00f5nusa riisimajoneesiga ja soovi korral lisa hakitud maitserohelist!<\/p>\n<p>Sellest kogusest piisab kahele inimesele. Suuremaks koguseks soovitame valmistada omletti eraldi pannit\u00e4itega, sest antud kogusest saab \u00f5ige paksusega omleti \u00fchele pannile.<\/p>\n<p>&nbsp;<\/p>\n<\/div>\n<\/div>\n","protected":false},"excerpt":{"rendered":"<p>Vaja l\u00e4heb:<\/p>\n<ul>\n<li>1 dl\u00a0<a href=\"https:\/\/bio4you.eu\/et\/jahud\/3098-kikerhernejahu-400g-cosmoveda.html?search_query=kikerhernejahu&amp;results=8\"><span style=\"color: #99cc00;\"><span style=\"color: #99cc00;\">kikerhernejahu<\/span><\/span><\/a><\/li>\n<li>1,5 dl vett<\/li>\n<li>1 v\u00e4iksem sibul<\/li>\n<li>4-5 kirsstomatit v\u00f5i 1 suur tomat<\/li>\n<li>1\/4 tl <a href=\"https:\/\/bio4you.eu\/et\/otsi?controller=search&amp;order=product.position.desc&amp;s=sool&amp;utm_source=bioretsept&amp;utm_medium=retsept&amp;utm_campaign=kikerheneomlett\">soola<\/a><\/li>\n<li>musta pipart<\/li>\n<li><a href=\"https:\/\/bio4you.eu\/et\/maitseained-ja-magustajad\/5256-suitsutatud-paprika-pulber-35g.html?utm_source=bioretsept&amp;utm_medium=retsept&amp;utm_campaign=kikerheneomlett\"><span style=\"color: #000000;\">paprikapulbrit<\/span><\/a><\/li>\n<li>1 spl\u00a0<span style=\"color: #99cc00;\"><a href=\"https:\/\/bio4you.eu\/et\/otsi?controller=search&amp;order=product.position.desc&amp;s=oliivi%C3%B5li&amp;utm_source=bioretsept&amp;utm_medium=retsept&amp;utm_campaign=kikerheneomlett\" target=\"_blank\" rel=\"noopener\"><span style=\"color: #99cc00;\">oliivi\u00f5li\u00a0<\/span><\/a><\/span><\/li>\n<li>maitseroheline<\/li>\n<li><a href=\"https:\/\/bio4you.eu\/retseptid\/toode\/vegan-majonees\/\"><span style=\"color: #99cc00;\">majonees<\/span><\/a><\/li>\n<\/ul>\n","protected":false},"featured_media":3314,"comment_status":"open","ping_status":"closed","template":"","meta":{"_exactmetrics_skip_tracking":false,"_exactmetrics_sitenote_active":false,"_exactmetrics_sitenote_note":"","_exactmetrics_sitenote_category":0},"product_cat":[60,382,63,383,72],"product_tag":[],"class_list":{"0":"post-2767","1":"product","2":"type-product","3":"status-publish","4":"has-post-thumbnail","6":"product_cat-toiduretseptid","7":"product_cat-vegan-toiduretseptid","8":"product_cat-gluteenivabad-retseptid","9":"product_cat-taimetoit","10":"product_cat-oa-laatse-ja-hernetoidud","12":"first","13":"instock","14":"shipping-taxable","15":"product-type-simple"},"yoast_head":"<!-- This site is optimized with the Yoast SEO plugin v23.3 - https:\/\/yoast.com\/wordpress\/plugins\/seo\/ -->\n<title>Kikerherneomlett - bio4you.eu\/retseptid<\/title>\n<meta name=\"robots\" content=\"index, follow, max-snippet:-1, max-image-preview:large, max-video-preview:-1\" \/>\n<link rel=\"canonical\" href=\"https:\/\/bio4you.eu\/retseptid\/toode\/kikerherneomlett\/\" \/>\n<meta property=\"og:locale\" content=\"et_EE\" \/>\n<meta property=\"og:type\" content=\"article\" \/>\n<meta property=\"og:title\" content=\"Kikerherneomlett - bio4you.eu\/retseptid\" \/>\n<meta property=\"og:description\" content=\"Vaja l\u00e4heb:   1 dl\u00a0kikerhernejahu  1,5 dl vett  1 v\u00e4iksem sibul  4-5 kirsstomatit v\u00f5i 1 suur tomat  1\/4 tl soola  musta pipart  paprikapulbrit  1 spl\u00a0oliivi\u00f5li\u00a0  maitseroheline  majonees\" \/>\n<meta property=\"og:url\" content=\"https:\/\/bio4you.eu\/retseptid\/toode\/kikerherneomlett\/\" \/>\n<meta property=\"og:site_name\" content=\"bio4you.eu\/retseptid\" \/>\n<meta property=\"article:modified_time\" content=\"2022-05-12T07:40:52+00:00\" \/>\n<meta property=\"og:image\" content=\"https:\/\/bio4you.eu\/retseptid\/wp-content\/uploads\/2016\/06\/Screen-Shot-2016-10-12-at-13.45.44.png\" \/>\n\t<meta property=\"og:image:width\" content=\"697\" \/>\n\t<meta property=\"og:image:height\" content=\"527\" \/>\n\t<meta property=\"og:image:type\" content=\"image\/png\" \/>\n<meta name=\"twitter:label1\" content=\"Est. reading time\" \/>\n\t<meta name=\"twitter:data1\" content=\"1 minut\" \/>\n<script type=\"application\/ld+json\" class=\"yoast-schema-graph\">{\"@context\":\"https:\/\/schema.org\",\"@graph\":[{\"@type\":\"WebPage\",\"@id\":\"https:\/\/bio4you.eu\/retseptid\/toode\/kikerherneomlett\/\",\"url\":\"https:\/\/bio4you.eu\/retseptid\/toode\/kikerherneomlett\/\",\"name\":\"Kikerherneomlett - bio4you.eu\/retseptid\",\"isPartOf\":{\"@id\":\"https:\/\/bio4you.eu\/retseptid\/#website\"},\"primaryImageOfPage\":{\"@id\":\"https:\/\/bio4you.eu\/retseptid\/toode\/kikerherneomlett\/#primaryimage\"},\"image\":{\"@id\":\"https:\/\/bio4you.eu\/retseptid\/toode\/kikerherneomlett\/#primaryimage\"},\"thumbnailUrl\":\"https:\/\/bio4you.eu\/retseptid\/wp-content\/uploads\/2016\/06\/Screen-Shot-2016-10-12-at-13.45.44.png\",\"datePublished\":\"2016-06-27T07:20:28+00:00\",\"dateModified\":\"2022-05-12T07:40:52+00:00\",\"breadcrumb\":{\"@id\":\"https:\/\/bio4you.eu\/retseptid\/toode\/kikerherneomlett\/#breadcrumb\"},\"inLanguage\":\"et\",\"potentialAction\":[{\"@type\":\"ReadAction\",\"target\":[\"https:\/\/bio4you.eu\/retseptid\/toode\/kikerherneomlett\/\"]}]},{\"@type\":\"ImageObject\",\"inLanguage\":\"et\",\"@id\":\"https:\/\/bio4you.eu\/retseptid\/toode\/kikerherneomlett\/#primaryimage\",\"url\":\"https:\/\/bio4you.eu\/retseptid\/wp-content\/uploads\/2016\/06\/Screen-Shot-2016-10-12-at-13.45.44.png\",\"contentUrl\":\"https:\/\/bio4you.eu\/retseptid\/wp-content\/uploads\/2016\/06\/Screen-Shot-2016-10-12-at-13.45.44.png\",\"width\":697,\"height\":527},{\"@type\":\"BreadcrumbList\",\"@id\":\"https:\/\/bio4you.eu\/retseptid\/toode\/kikerherneomlett\/#breadcrumb\",\"itemListElement\":[{\"@type\":\"ListItem\",\"position\":1,\"name\":\"Home\",\"item\":\"https:\/\/bio4you.eu\/retseptid\/\"},{\"@type\":\"ListItem\",\"position\":2,\"name\":\"Kikerherneomlett\"}]},{\"@type\":\"WebSite\",\"@id\":\"https:\/\/bio4you.eu\/retseptid\/#website\",\"url\":\"https:\/\/bio4you.eu\/retseptid\/\",\"name\":\"bio4you.eu\/retseptid\",\"description\":\"\u00d6ko retseptid ise tegemiseks, looduslikest koostisainetest. Maitsev toit, iluhooldus, kodupuhastus ja aiandus.\",\"potentialAction\":[{\"@type\":\"SearchAction\",\"target\":{\"@type\":\"EntryPoint\",\"urlTemplate\":\"https:\/\/bio4you.eu\/retseptid\/?s={search_term_string}\"},\"query-input\":\"required name=search_term_string\"}],\"inLanguage\":\"et\"}]}<\/script>\n<!-- \/ Yoast SEO plugin. -->","yoast_head_json":{"title":"Kikerherneomlett - bio4you.eu\/retseptid","robots":{"index":"index","follow":"follow","max-snippet":"max-snippet:-1","max-image-preview":"max-image-preview:large","max-video-preview":"max-video-preview:-1"},"canonical":"https:\/\/bio4you.eu\/retseptid\/toode\/kikerherneomlett\/","og_locale":"et_EE","og_type":"article","og_title":"Kikerherneomlett - bio4you.eu\/retseptid","og_description":"Vaja l\u00e4heb:   1 dl\u00a0kikerhernejahu  1,5 dl vett  1 v\u00e4iksem sibul  4-5 kirsstomatit v\u00f5i 1 suur tomat  1\/4 tl soola  musta pipart  paprikapulbrit  1 spl\u00a0oliivi\u00f5li\u00a0  maitseroheline  majonees","og_url":"https:\/\/bio4you.eu\/retseptid\/toode\/kikerherneomlett\/","og_site_name":"bio4you.eu\/retseptid","article_modified_time":"2022-05-12T07:40:52+00:00","og_image":[{"width":697,"height":527,"url":"https:\/\/bio4you.eu\/retseptid\/wp-content\/uploads\/2016\/06\/Screen-Shot-2016-10-12-at-13.45.44.png","type":"image\/png"}],"twitter_misc":{"Est. reading time":"1 minut"},"schema":{"@context":"https:\/\/schema.org","@graph":[{"@type":"WebPage","@id":"https:\/\/bio4you.eu\/retseptid\/toode\/kikerherneomlett\/","url":"https:\/\/bio4you.eu\/retseptid\/toode\/kikerherneomlett\/","name":"Kikerherneomlett - bio4you.eu\/retseptid","isPartOf":{"@id":"https:\/\/bio4you.eu\/retseptid\/#website"},"primaryImageOfPage":{"@id":"https:\/\/bio4you.eu\/retseptid\/toode\/kikerherneomlett\/#primaryimage"},"image":{"@id":"https:\/\/bio4you.eu\/retseptid\/toode\/kikerherneomlett\/#primaryimage"},"thumbnailUrl":"https:\/\/bio4you.eu\/retseptid\/wp-content\/uploads\/2016\/06\/Screen-Shot-2016-10-12-at-13.45.44.png","datePublished":"2016-06-27T07:20:28+00:00","dateModified":"2022-05-12T07:40:52+00:00","breadcrumb":{"@id":"https:\/\/bio4you.eu\/retseptid\/toode\/kikerherneomlett\/#breadcrumb"},"inLanguage":"et","potentialAction":[{"@type":"ReadAction","target":["https:\/\/bio4you.eu\/retseptid\/toode\/kikerherneomlett\/"]}]},{"@type":"ImageObject","inLanguage":"et","@id":"https:\/\/bio4you.eu\/retseptid\/toode\/kikerherneomlett\/#primaryimage","url":"https:\/\/bio4you.eu\/retseptid\/wp-content\/uploads\/2016\/06\/Screen-Shot-2016-10-12-at-13.45.44.png","contentUrl":"https:\/\/bio4you.eu\/retseptid\/wp-content\/uploads\/2016\/06\/Screen-Shot-2016-10-12-at-13.45.44.png","width":697,"height":527},{"@type":"BreadcrumbList","@id":"https:\/\/bio4you.eu\/retseptid\/toode\/kikerherneomlett\/#breadcrumb","itemListElement":[{"@type":"ListItem","position":1,"name":"Home","item":"https:\/\/bio4you.eu\/retseptid\/"},{"@type":"ListItem","position":2,"name":"Kikerherneomlett"}]},{"@type":"WebSite","@id":"https:\/\/bio4you.eu\/retseptid\/#website","url":"https:\/\/bio4you.eu\/retseptid\/","name":"bio4you.eu\/retseptid","description":"\u00d6ko retseptid ise tegemiseks, looduslikest koostisainetest. Maitsev toit, iluhooldus, kodupuhastus ja aiandus.","potentialAction":[{"@type":"SearchAction","target":{"@type":"EntryPoint","urlTemplate":"https:\/\/bio4you.eu\/retseptid\/?s={search_term_string}"},"query-input":"required name=search_term_string"}],"inLanguage":"et"}]}},"_links":{"self":[{"href":"https:\/\/bio4you.eu\/retseptid\/wp-json\/wp\/v2\/product\/2767"}],"collection":[{"href":"https:\/\/bio4you.eu\/retseptid\/wp-json\/wp\/v2\/product"}],"about":[{"href":"https:\/\/bio4you.eu\/retseptid\/wp-json\/wp\/v2\/types\/product"}],"replies":[{"embeddable":true,"href":"https:\/\/bio4you.eu\/retseptid\/wp-json\/wp\/v2\/comments?post=2767"}],"wp:featuredmedia":[{"embeddable":true,"href":"https:\/\/bio4you.eu\/retseptid\/wp-json\/wp\/v2\/media\/3314"}],"wp:attachment":[{"href":"https:\/\/bio4you.eu\/retseptid\/wp-json\/wp\/v2\/media?parent=2767"}],"wp:term":[{"taxonomy":"product_cat","embeddable":true,"href":"https:\/\/bio4you.eu\/retseptid\/wp-json\/wp\/v2\/product_cat?post=2767"},{"taxonomy":"product_tag","embeddable":true,"href":"https:\/\/bio4you.eu\/retseptid\/wp-json\/wp\/v2\/product_tag?post=2767"}],"curies":[{"name":"wp","href":"https:\/\/api.w.org\/{rel}","templated":true}]}}