{"id":2922,"date":"2016-08-30T13:49:26","date_gmt":"2016-08-30T10:49:26","guid":{"rendered":"https:\/\/bio4you.eu\/retseptid\/?post_type=product&#038;p=2922"},"modified":"2022-03-25T15:56:13","modified_gmt":"2022-03-25T13:56:13","slug":"gluteeni-ja-suhkruvaba-ouna-purutaigna-kook","status":"publish","type":"product","link":"https:\/\/bio4you.eu\/retseptid\/toode\/gluteeni-ja-suhkruvaba-ouna-purutaigna-kook\/","title":{"rendered":"Gluteeni- ja suhkruvaba \u00f5una-purutaina kook"},"content":{"rendered":"<p>Valmistamine:<br \/>\nPane ahi 200 kraadi juurde sooja. Koori \u00f5unad ning viiluta \u00f5hukesteks t\u00fckkideks. Sega \u00f5unaviilud kaneeli, kardemoni ning agaavi siirupiga ja j\u00e4ta seisma kuni valmistad p\u00f5hja.<\/p>\n<p>P\u00f5hja jaoks sega kausis jahusegu, maamandlijahu, sool ja mudi tahke kookos\u00f5liga puruliseks taignaks. N\u00fc\u00fcd hakka v\u00e4hehaaval lisama vett, et purust moodustuks tainapall. Kata koogivorm k\u00fcpsetuspaberiga ning vajuta taignapall s\u00f5rmedega laiaks. Lisa taignale \u00f5unasegu, k\u00fcpseta ahjus umbes 20 minutit v\u00f5i kuni \u00f5unad on pehmed.<\/p>\n<p>Serveeri j\u00e4\u00e4tise v\u00f5i vahukoorega.<\/p>\n","protected":false},"excerpt":{"rendered":"<p>Vaja l\u00e4heb:<\/p>\n<ul>\n<li>150 g <a href=\"http:\/\/bio4you.eu\/et\/gluteenivabad-jahusegud\/2000-jahusegu-saia-kupsetamiseks-gluteenivaba-800g-bauckhof.html?utm_source=bioretsept&amp;utm_medium=retseptireklaam&amp;utm_campaign=Retsept\" target=\"_blank\" rel=\"noopener\"><span style=\"color: #99cc00;\">Bauckhof jahusegu<\/span><\/a><\/li>\n<li>50 g maamandlijahu<\/li>\n<li>130 g <a href=\"https:\/\/bio4you.eu\/et\/bio-toit\/3867-extra-virgin-kookosoli-500ml.html?utm_source=bioretsept&amp;utm_medium=blogi&amp;utm_campaign=retsept\" target=\"_blank\" rel=\"noopener\"><span style=\"color: #99cc00;\">kookos\u00f5li<\/span><\/a> (tahket)<\/li>\n<li>1\/2 dl vett<\/li>\n<li>1\/2 tl soola<\/li>\n<li>6 keskmise suurusega \u00f5una<\/li>\n<li>4 spl <a href=\"https:\/\/bio4you.eu\/et\/otsi?controller=search&amp;order=product.position.desc&amp;s=agaavisiirup&amp;utm_source=bioretsept&amp;utm_medium=blogi&amp;utm_campaign=retsept\" target=\"_blank\" rel=\"noopener\"><span style=\"color: #99cc00;\">agaavisiirupit<\/span><\/a><\/li>\n<li>1 tl <a href=\"https:\/\/bio4you.eu\/et\/toiduvalmistamine\/995-tseiloni-kaneel-10g.html?utm_source=bioretsept&amp;utm_medium=blogi&amp;utm_campaign=retsept\" target=\"_blank\" rel=\"noopener\"><span style=\"color: #99cc00;\">kaneeli<\/span><\/a><\/li>\n<li>1\/5 tl <a href=\"https:\/\/bio4you.eu\/et\/maitseainesegud\/994-jahvatatud-kardemon-10g.html?utm_source=bioretsept&amp;utm_medium=blogi&amp;utm_campaign=retsept\" target=\"_blank\" rel=\"noopener\"><span style=\"color: #99cc00;\">kardemoni<\/span><\/a><\/li>\n<\/ul>\n","protected":false},"featured_media":3184,"comment_status":"open","ping_status":"closed","template":"","meta":{"_exactmetrics_skip_tracking":false,"_exactmetrics_sitenote_active":false,"_exactmetrics_sitenote_note":"","_exactmetrics_sitenote_category":0},"product_cat":[59,60,382,63,383,280],"product_tag":[],"class_list":{"0":"post-2922","1":"product","2":"type-product","3":"status-publish","4":"has-post-thumbnail","6":"product_cat-featured","7":"product_cat-toiduretseptid","8":"product_cat-vegan-toiduretseptid","9":"product_cat-gluteenivabad-retseptid","10":"product_cat-taimetoit","11":"product_cat-koogid-ja-kupsised","13":"first","14":"instock","15":"shipping-taxable","16":"product-type-simple"},"yoast_head":"<!-- This site is optimized with the Yoast SEO plugin v23.3 - https:\/\/yoast.com\/wordpress\/plugins\/seo\/ -->\n<title>Gluteeni- ja suhkruvaba \u00f5una-purutaina kook - bio4you.eu\/retseptid<\/title>\n<meta name=\"robots\" content=\"index, follow, max-snippet:-1, max-image-preview:large, max-video-preview:-1\" \/>\n<link rel=\"canonical\" href=\"https:\/\/bio4you.eu\/retseptid\/toode\/gluteeni-ja-suhkruvaba-ouna-purutaigna-kook\/\" \/>\n<meta property=\"og:locale\" content=\"et_EE\" \/>\n<meta property=\"og:type\" content=\"article\" \/>\n<meta property=\"og:title\" content=\"Gluteeni- ja suhkruvaba \u00f5una-purutaina kook - bio4you.eu\/retseptid\" \/>\n<meta property=\"og:description\" content=\"Vaja l\u00e4heb:   150 g Bauckhof jahusegu  50 g maamandlijahu  130 g kookos\u00f5li (tahket)  1\/2 dl vett  1\/2 tl soola  6 keskmise suurusega \u00f5una  4 spl agaavisiirupit  1 tl kaneeli  1\/5 tl kardemoni\" \/>\n<meta property=\"og:url\" content=\"https:\/\/bio4you.eu\/retseptid\/toode\/gluteeni-ja-suhkruvaba-ouna-purutaigna-kook\/\" \/>\n<meta property=\"og:site_name\" content=\"bio4you.eu\/retseptid\" \/>\n<meta property=\"article:modified_time\" content=\"2022-03-25T13:56:13+00:00\" \/>\n<meta property=\"og:image\" content=\"https:\/\/bio4you.eu\/retseptid\/wp-content\/uploads\/2016\/08\/IMG_2453.jpg\" \/>\n\t<meta property=\"og:image:width\" content=\"640\" \/>\n\t<meta property=\"og:image:height\" content=\"640\" \/>\n\t<meta property=\"og:image:type\" content=\"image\/jpeg\" \/>\n<meta name=\"twitter:label1\" content=\"Est. reading time\" \/>\n\t<meta name=\"twitter:data1\" content=\"1 minut\" \/>\n<script type=\"application\/ld+json\" class=\"yoast-schema-graph\">{\"@context\":\"https:\/\/schema.org\",\"@graph\":[{\"@type\":\"WebPage\",\"@id\":\"https:\/\/bio4you.eu\/retseptid\/toode\/gluteeni-ja-suhkruvaba-ouna-purutaigna-kook\/\",\"url\":\"https:\/\/bio4you.eu\/retseptid\/toode\/gluteeni-ja-suhkruvaba-ouna-purutaigna-kook\/\",\"name\":\"Gluteeni- ja suhkruvaba \u00f5una-purutaina kook - bio4you.eu\/retseptid\",\"isPartOf\":{\"@id\":\"https:\/\/bio4you.eu\/retseptid\/#website\"},\"primaryImageOfPage\":{\"@id\":\"https:\/\/bio4you.eu\/retseptid\/toode\/gluteeni-ja-suhkruvaba-ouna-purutaigna-kook\/#primaryimage\"},\"image\":{\"@id\":\"https:\/\/bio4you.eu\/retseptid\/toode\/gluteeni-ja-suhkruvaba-ouna-purutaigna-kook\/#primaryimage\"},\"thumbnailUrl\":\"https:\/\/bio4you.eu\/retseptid\/wp-content\/uploads\/2016\/08\/IMG_2453.jpg\",\"datePublished\":\"2016-08-30T10:49:26+00:00\",\"dateModified\":\"2022-03-25T13:56:13+00:00\",\"breadcrumb\":{\"@id\":\"https:\/\/bio4you.eu\/retseptid\/toode\/gluteeni-ja-suhkruvaba-ouna-purutaigna-kook\/#breadcrumb\"},\"inLanguage\":\"et\",\"potentialAction\":[{\"@type\":\"ReadAction\",\"target\":[\"https:\/\/bio4you.eu\/retseptid\/toode\/gluteeni-ja-suhkruvaba-ouna-purutaigna-kook\/\"]}]},{\"@type\":\"ImageObject\",\"inLanguage\":\"et\",\"@id\":\"https:\/\/bio4you.eu\/retseptid\/toode\/gluteeni-ja-suhkruvaba-ouna-purutaigna-kook\/#primaryimage\",\"url\":\"https:\/\/bio4you.eu\/retseptid\/wp-content\/uploads\/2016\/08\/IMG_2453.jpg\",\"contentUrl\":\"https:\/\/bio4you.eu\/retseptid\/wp-content\/uploads\/2016\/08\/IMG_2453.jpg\",\"width\":640,\"height\":640},{\"@type\":\"BreadcrumbList\",\"@id\":\"https:\/\/bio4you.eu\/retseptid\/toode\/gluteeni-ja-suhkruvaba-ouna-purutaigna-kook\/#breadcrumb\",\"itemListElement\":[{\"@type\":\"ListItem\",\"position\":1,\"name\":\"Home\",\"item\":\"https:\/\/bio4you.eu\/retseptid\/\"},{\"@type\":\"ListItem\",\"position\":2,\"name\":\"Gluteeni- ja suhkruvaba \u00f5una-purutaina kook\"}]},{\"@type\":\"WebSite\",\"@id\":\"https:\/\/bio4you.eu\/retseptid\/#website\",\"url\":\"https:\/\/bio4you.eu\/retseptid\/\",\"name\":\"bio4you.eu\/retseptid\",\"description\":\"\u00d6ko retseptid ise tegemiseks, looduslikest koostisainetest. Maitsev toit, iluhooldus, kodupuhastus ja aiandus.\",\"potentialAction\":[{\"@type\":\"SearchAction\",\"target\":{\"@type\":\"EntryPoint\",\"urlTemplate\":\"https:\/\/bio4you.eu\/retseptid\/?s={search_term_string}\"},\"query-input\":\"required name=search_term_string\"}],\"inLanguage\":\"et\"}]}<\/script>\n<!-- \/ Yoast SEO plugin. -->","yoast_head_json":{"title":"Gluteeni- ja suhkruvaba \u00f5una-purutaina kook - bio4you.eu\/retseptid","robots":{"index":"index","follow":"follow","max-snippet":"max-snippet:-1","max-image-preview":"max-image-preview:large","max-video-preview":"max-video-preview:-1"},"canonical":"https:\/\/bio4you.eu\/retseptid\/toode\/gluteeni-ja-suhkruvaba-ouna-purutaigna-kook\/","og_locale":"et_EE","og_type":"article","og_title":"Gluteeni- ja suhkruvaba \u00f5una-purutaina kook - bio4you.eu\/retseptid","og_description":"Vaja l\u00e4heb:   150 g Bauckhof jahusegu  50 g maamandlijahu  130 g kookos\u00f5li (tahket)  1\/2 dl vett  1\/2 tl soola  6 keskmise suurusega \u00f5una  4 spl agaavisiirupit  1 tl kaneeli  1\/5 tl kardemoni","og_url":"https:\/\/bio4you.eu\/retseptid\/toode\/gluteeni-ja-suhkruvaba-ouna-purutaigna-kook\/","og_site_name":"bio4you.eu\/retseptid","article_modified_time":"2022-03-25T13:56:13+00:00","og_image":[{"width":640,"height":640,"url":"https:\/\/bio4you.eu\/retseptid\/wp-content\/uploads\/2016\/08\/IMG_2453.jpg","type":"image\/jpeg"}],"twitter_misc":{"Est. reading time":"1 minut"},"schema":{"@context":"https:\/\/schema.org","@graph":[{"@type":"WebPage","@id":"https:\/\/bio4you.eu\/retseptid\/toode\/gluteeni-ja-suhkruvaba-ouna-purutaigna-kook\/","url":"https:\/\/bio4you.eu\/retseptid\/toode\/gluteeni-ja-suhkruvaba-ouna-purutaigna-kook\/","name":"Gluteeni- ja suhkruvaba \u00f5una-purutaina kook - bio4you.eu\/retseptid","isPartOf":{"@id":"https:\/\/bio4you.eu\/retseptid\/#website"},"primaryImageOfPage":{"@id":"https:\/\/bio4you.eu\/retseptid\/toode\/gluteeni-ja-suhkruvaba-ouna-purutaigna-kook\/#primaryimage"},"image":{"@id":"https:\/\/bio4you.eu\/retseptid\/toode\/gluteeni-ja-suhkruvaba-ouna-purutaigna-kook\/#primaryimage"},"thumbnailUrl":"https:\/\/bio4you.eu\/retseptid\/wp-content\/uploads\/2016\/08\/IMG_2453.jpg","datePublished":"2016-08-30T10:49:26+00:00","dateModified":"2022-03-25T13:56:13+00:00","breadcrumb":{"@id":"https:\/\/bio4you.eu\/retseptid\/toode\/gluteeni-ja-suhkruvaba-ouna-purutaigna-kook\/#breadcrumb"},"inLanguage":"et","potentialAction":[{"@type":"ReadAction","target":["https:\/\/bio4you.eu\/retseptid\/toode\/gluteeni-ja-suhkruvaba-ouna-purutaigna-kook\/"]}]},{"@type":"ImageObject","inLanguage":"et","@id":"https:\/\/bio4you.eu\/retseptid\/toode\/gluteeni-ja-suhkruvaba-ouna-purutaigna-kook\/#primaryimage","url":"https:\/\/bio4you.eu\/retseptid\/wp-content\/uploads\/2016\/08\/IMG_2453.jpg","contentUrl":"https:\/\/bio4you.eu\/retseptid\/wp-content\/uploads\/2016\/08\/IMG_2453.jpg","width":640,"height":640},{"@type":"BreadcrumbList","@id":"https:\/\/bio4you.eu\/retseptid\/toode\/gluteeni-ja-suhkruvaba-ouna-purutaigna-kook\/#breadcrumb","itemListElement":[{"@type":"ListItem","position":1,"name":"Home","item":"https:\/\/bio4you.eu\/retseptid\/"},{"@type":"ListItem","position":2,"name":"Gluteeni- ja suhkruvaba \u00f5una-purutaina kook"}]},{"@type":"WebSite","@id":"https:\/\/bio4you.eu\/retseptid\/#website","url":"https:\/\/bio4you.eu\/retseptid\/","name":"bio4you.eu\/retseptid","description":"\u00d6ko retseptid ise tegemiseks, looduslikest koostisainetest. Maitsev toit, iluhooldus, kodupuhastus ja aiandus.","potentialAction":[{"@type":"SearchAction","target":{"@type":"EntryPoint","urlTemplate":"https:\/\/bio4you.eu\/retseptid\/?s={search_term_string}"},"query-input":"required name=search_term_string"}],"inLanguage":"et"}]}},"_links":{"self":[{"href":"https:\/\/bio4you.eu\/retseptid\/wp-json\/wp\/v2\/product\/2922"}],"collection":[{"href":"https:\/\/bio4you.eu\/retseptid\/wp-json\/wp\/v2\/product"}],"about":[{"href":"https:\/\/bio4you.eu\/retseptid\/wp-json\/wp\/v2\/types\/product"}],"replies":[{"embeddable":true,"href":"https:\/\/bio4you.eu\/retseptid\/wp-json\/wp\/v2\/comments?post=2922"}],"wp:featuredmedia":[{"embeddable":true,"href":"https:\/\/bio4you.eu\/retseptid\/wp-json\/wp\/v2\/media\/3184"}],"wp:attachment":[{"href":"https:\/\/bio4you.eu\/retseptid\/wp-json\/wp\/v2\/media?parent=2922"}],"wp:term":[{"taxonomy":"product_cat","embeddable":true,"href":"https:\/\/bio4you.eu\/retseptid\/wp-json\/wp\/v2\/product_cat?post=2922"},{"taxonomy":"product_tag","embeddable":true,"href":"https:\/\/bio4you.eu\/retseptid\/wp-json\/wp\/v2\/product_tag?post=2922"}],"curies":[{"name":"wp","href":"https:\/\/api.w.org\/{rel}","templated":true}]}}