{"id":3550,"date":"2017-01-10T11:28:42","date_gmt":"2017-01-10T09:28:42","guid":{"rendered":"https:\/\/bio4you.eu\/retseptid\/?post_type=product&#038;p=3550"},"modified":"2022-03-25T10:29:58","modified_gmt":"2022-03-25T08:29:58","slug":"brokkoli-nagitsad","status":"publish","type":"product","link":"https:\/\/bio4you.eu\/retseptid\/toode\/brokkoli-nagitsad\/","title":{"rendered":"Brokoli nagitsad"},"content":{"rendered":"<p>Valmistamine:<br \/>\nPane ahi 180 kraadi juurde soojenema. Pese brokoli ja murra suup\u00e4rasteks \u00f5isikuteks, j\u00e4ttes igale \u00f5isikule umbes 1-2 cm vars k\u00fclge.<\/p>\n<p>Sega kausis kuivained: jahu, maitsep\u00e4rm, sool, suitsupaprika pulber ning lisa vedelad koostisained. Sega \u00fchtlaseks tainaks ning lase 5 minutit seista. N\u00fc\u00fcd kontrolli, ega tainas liiga paks v\u00f5i vedel ei saanud. Vajadusel lisa juurde piima v\u00f5i jahu. Tainas peaks j\u00e4\u00e4ma piisavalt paks, et ei valguks kohe brokoli\u00f5isikutelt maha.<\/p>\n<p>Kata ahjuplaat k\u00fcpsetuspaberiga ning kasta brokoli\u00f5isikud \u00fckshaaval tainasse. Vars v\u00f5ib j\u00e4\u00e4da katmata. Aseta tainaga kaetud brokoli\u00f5isikud k\u00fcpsetuspaberile ning k\u00fcpseta ahjus umbes 15 minutit v\u00f5i kuni need on kuldpruunid ja kr\u00f5bedad. Serveeri soojalt.<\/p>\n","protected":false},"excerpt":{"rendered":"<p>Vaja l\u00e4heb:<\/p>\n<ul>\n<li>1 v\u00e4ike brokolipea<\/li>\n<li>2 dl <a href=\"https:\/\/bio4you.eu\/et\/54_the-bridge?utm_source=bioretsept&amp;utm_medium=retseptireklaam&amp;utm_campaign=Retsept\" target=\"_blank\" rel=\"noopener\"><span style=\"color: #99cc00;\">taimset piima<\/span><\/a><\/li>\n<li>1- 1,5 dl <a href=\"https:\/\/bio4you.eu\/et\/outlet\/4672-taeistera-nisujahu-1kg.html\" target=\"_blank\" rel=\"noopener\">t\u00e4istera nisujahu<\/a><\/li>\n<li>0,5 tl <a href=\"http:\/\/bio4you.eu\/et\/156-sool?utm_source=bioretsept&amp;utm_medium=retseptireklaam&amp;utm_campaign=Retsept\" target=\"_blank\" rel=\"noopener\"><span style=\"color: #99cc00;\">soola<\/span><\/a><\/li>\n<li>1 tl suitsupaprika pulbrit<\/li>\n<li>1 tl <a href=\"http:\/\/bio4you.eu\/et\/aadikad-ja-kastmed\/1937-ounaaadikas-750ml-baule-volante.html?utm_source=bioretsept&amp;utm_medium=retseptireklaam&amp;utm_campaign=Retsept\u200b\" target=\"_blank\" rel=\"noopener\"><span style=\"color: #99cc00;\">\u00f5una\u00e4\u00e4dikat<\/span><\/a><\/li>\n<li>5 spl <a href=\"https:\/\/bio4you.eu\/et\/bio-toit\/3280-maitsepaerm-125g.html?utm_source=bioretsept&amp;utm_medium=blogi&amp;utm_campaign=retsept\" target=\"_blank\" rel=\"noopener\">maitsep\u00e4rmi<\/a><\/li>\n<li>1 spl <a href=\"https:\/\/bio4you.eu\/et\/olid\/2244-itaalia-filtreerimata-oliivioli-1l-kulmpress-corvino.html?utm_source=bioretsept&amp;utm_medium=retseptireklaam&amp;utm_campaign=Retsept\" target=\"_blank\" rel=\"noopener\"><span style=\"color: #99cc00;\">oliivi\u00f5li<\/span><\/a><\/li>\n<\/ul>\n","protected":false},"featured_media":3552,"comment_status":"open","ping_status":"closed","template":"","meta":{"_exactmetrics_skip_tracking":false,"_exactmetrics_sitenote_active":false,"_exactmetrics_sitenote_note":"","_exactmetrics_sitenote_category":0},"product_cat":[59,60,382,383,68],"product_tag":[],"class_list":{"0":"post-3550","1":"product","2":"type-product","3":"status-publish","4":"has-post-thumbnail","6":"product_cat-featured","7":"product_cat-toiduretseptid","8":"product_cat-vegan-toiduretseptid","9":"product_cat-taimetoit","10":"product_cat-suupisted","12":"first","13":"instock","14":"shipping-taxable","15":"product-type-simple"},"yoast_head":"<!-- This site is optimized with the Yoast SEO plugin v23.3 - https:\/\/yoast.com\/wordpress\/plugins\/seo\/ -->\n<title>Brokoli nagitsad - bio4you.eu\/retseptid<\/title>\n<meta name=\"robots\" content=\"index, follow, max-snippet:-1, max-image-preview:large, max-video-preview:-1\" \/>\n<link rel=\"canonical\" href=\"https:\/\/bio4you.eu\/retseptid\/toode\/brokkoli-nagitsad\/\" \/>\n<meta property=\"og:locale\" content=\"et_EE\" \/>\n<meta property=\"og:type\" content=\"article\" \/>\n<meta property=\"og:title\" content=\"Brokoli nagitsad - bio4you.eu\/retseptid\" \/>\n<meta property=\"og:description\" content=\"Vaja l\u00e4heb:   1 v\u00e4ike brokolipea  2 dl taimset piima  1- 1,5 dl t\u00e4istera nisujahu  0,5 tl soola  1 tl suitsupaprika pulbrit  1 tl \u00f5una\u00e4\u00e4dikat  5 spl maitsep\u00e4rmi  1 spl oliivi\u00f5li\" \/>\n<meta property=\"og:url\" content=\"https:\/\/bio4you.eu\/retseptid\/toode\/brokkoli-nagitsad\/\" \/>\n<meta property=\"og:site_name\" content=\"bio4you.eu\/retseptid\" \/>\n<meta property=\"article:modified_time\" content=\"2022-03-25T08:29:58+00:00\" \/>\n<meta property=\"og:image\" content=\"https:\/\/bio4you.eu\/retseptid\/wp-content\/uploads\/2017\/01\/IMG_3317.jpg\" \/>\n\t<meta property=\"og:image:width\" content=\"640\" \/>\n\t<meta property=\"og:image:height\" content=\"480\" \/>\n\t<meta property=\"og:image:type\" content=\"image\/jpeg\" \/>\n<meta name=\"twitter:label1\" content=\"Est. reading time\" \/>\n\t<meta name=\"twitter:data1\" content=\"1 minut\" \/>\n<script type=\"application\/ld+json\" class=\"yoast-schema-graph\">{\"@context\":\"https:\/\/schema.org\",\"@graph\":[{\"@type\":\"WebPage\",\"@id\":\"https:\/\/bio4you.eu\/retseptid\/toode\/brokkoli-nagitsad\/\",\"url\":\"https:\/\/bio4you.eu\/retseptid\/toode\/brokkoli-nagitsad\/\",\"name\":\"Brokoli nagitsad - bio4you.eu\/retseptid\",\"isPartOf\":{\"@id\":\"https:\/\/bio4you.eu\/retseptid\/#website\"},\"primaryImageOfPage\":{\"@id\":\"https:\/\/bio4you.eu\/retseptid\/toode\/brokkoli-nagitsad\/#primaryimage\"},\"image\":{\"@id\":\"https:\/\/bio4you.eu\/retseptid\/toode\/brokkoli-nagitsad\/#primaryimage\"},\"thumbnailUrl\":\"https:\/\/bio4you.eu\/retseptid\/wp-content\/uploads\/2017\/01\/IMG_3317.jpg\",\"datePublished\":\"2017-01-10T09:28:42+00:00\",\"dateModified\":\"2022-03-25T08:29:58+00:00\",\"breadcrumb\":{\"@id\":\"https:\/\/bio4you.eu\/retseptid\/toode\/brokkoli-nagitsad\/#breadcrumb\"},\"inLanguage\":\"et\",\"potentialAction\":[{\"@type\":\"ReadAction\",\"target\":[\"https:\/\/bio4you.eu\/retseptid\/toode\/brokkoli-nagitsad\/\"]}]},{\"@type\":\"ImageObject\",\"inLanguage\":\"et\",\"@id\":\"https:\/\/bio4you.eu\/retseptid\/toode\/brokkoli-nagitsad\/#primaryimage\",\"url\":\"https:\/\/bio4you.eu\/retseptid\/wp-content\/uploads\/2017\/01\/IMG_3317.jpg\",\"contentUrl\":\"https:\/\/bio4you.eu\/retseptid\/wp-content\/uploads\/2017\/01\/IMG_3317.jpg\",\"width\":640,\"height\":480},{\"@type\":\"BreadcrumbList\",\"@id\":\"https:\/\/bio4you.eu\/retseptid\/toode\/brokkoli-nagitsad\/#breadcrumb\",\"itemListElement\":[{\"@type\":\"ListItem\",\"position\":1,\"name\":\"Home\",\"item\":\"https:\/\/bio4you.eu\/retseptid\/\"},{\"@type\":\"ListItem\",\"position\":2,\"name\":\"Brokoli nagitsad\"}]},{\"@type\":\"WebSite\",\"@id\":\"https:\/\/bio4you.eu\/retseptid\/#website\",\"url\":\"https:\/\/bio4you.eu\/retseptid\/\",\"name\":\"bio4you.eu\/retseptid\",\"description\":\"\u00d6ko retseptid ise tegemiseks, looduslikest koostisainetest. Maitsev toit, iluhooldus, kodupuhastus ja aiandus.\",\"potentialAction\":[{\"@type\":\"SearchAction\",\"target\":{\"@type\":\"EntryPoint\",\"urlTemplate\":\"https:\/\/bio4you.eu\/retseptid\/?s={search_term_string}\"},\"query-input\":\"required name=search_term_string\"}],\"inLanguage\":\"et\"}]}<\/script>\n<!-- \/ Yoast SEO plugin. -->","yoast_head_json":{"title":"Brokoli nagitsad - bio4you.eu\/retseptid","robots":{"index":"index","follow":"follow","max-snippet":"max-snippet:-1","max-image-preview":"max-image-preview:large","max-video-preview":"max-video-preview:-1"},"canonical":"https:\/\/bio4you.eu\/retseptid\/toode\/brokkoli-nagitsad\/","og_locale":"et_EE","og_type":"article","og_title":"Brokoli nagitsad - bio4you.eu\/retseptid","og_description":"Vaja l\u00e4heb:   1 v\u00e4ike brokolipea  2 dl taimset piima  1- 1,5 dl t\u00e4istera nisujahu  0,5 tl soola  1 tl suitsupaprika pulbrit  1 tl \u00f5una\u00e4\u00e4dikat  5 spl maitsep\u00e4rmi  1 spl oliivi\u00f5li","og_url":"https:\/\/bio4you.eu\/retseptid\/toode\/brokkoli-nagitsad\/","og_site_name":"bio4you.eu\/retseptid","article_modified_time":"2022-03-25T08:29:58+00:00","og_image":[{"width":640,"height":480,"url":"https:\/\/bio4you.eu\/retseptid\/wp-content\/uploads\/2017\/01\/IMG_3317.jpg","type":"image\/jpeg"}],"twitter_misc":{"Est. reading time":"1 minut"},"schema":{"@context":"https:\/\/schema.org","@graph":[{"@type":"WebPage","@id":"https:\/\/bio4you.eu\/retseptid\/toode\/brokkoli-nagitsad\/","url":"https:\/\/bio4you.eu\/retseptid\/toode\/brokkoli-nagitsad\/","name":"Brokoli nagitsad - bio4you.eu\/retseptid","isPartOf":{"@id":"https:\/\/bio4you.eu\/retseptid\/#website"},"primaryImageOfPage":{"@id":"https:\/\/bio4you.eu\/retseptid\/toode\/brokkoli-nagitsad\/#primaryimage"},"image":{"@id":"https:\/\/bio4you.eu\/retseptid\/toode\/brokkoli-nagitsad\/#primaryimage"},"thumbnailUrl":"https:\/\/bio4you.eu\/retseptid\/wp-content\/uploads\/2017\/01\/IMG_3317.jpg","datePublished":"2017-01-10T09:28:42+00:00","dateModified":"2022-03-25T08:29:58+00:00","breadcrumb":{"@id":"https:\/\/bio4you.eu\/retseptid\/toode\/brokkoli-nagitsad\/#breadcrumb"},"inLanguage":"et","potentialAction":[{"@type":"ReadAction","target":["https:\/\/bio4you.eu\/retseptid\/toode\/brokkoli-nagitsad\/"]}]},{"@type":"ImageObject","inLanguage":"et","@id":"https:\/\/bio4you.eu\/retseptid\/toode\/brokkoli-nagitsad\/#primaryimage","url":"https:\/\/bio4you.eu\/retseptid\/wp-content\/uploads\/2017\/01\/IMG_3317.jpg","contentUrl":"https:\/\/bio4you.eu\/retseptid\/wp-content\/uploads\/2017\/01\/IMG_3317.jpg","width":640,"height":480},{"@type":"BreadcrumbList","@id":"https:\/\/bio4you.eu\/retseptid\/toode\/brokkoli-nagitsad\/#breadcrumb","itemListElement":[{"@type":"ListItem","position":1,"name":"Home","item":"https:\/\/bio4you.eu\/retseptid\/"},{"@type":"ListItem","position":2,"name":"Brokoli nagitsad"}]},{"@type":"WebSite","@id":"https:\/\/bio4you.eu\/retseptid\/#website","url":"https:\/\/bio4you.eu\/retseptid\/","name":"bio4you.eu\/retseptid","description":"\u00d6ko retseptid ise tegemiseks, looduslikest koostisainetest. Maitsev toit, iluhooldus, kodupuhastus ja aiandus.","potentialAction":[{"@type":"SearchAction","target":{"@type":"EntryPoint","urlTemplate":"https:\/\/bio4you.eu\/retseptid\/?s={search_term_string}"},"query-input":"required name=search_term_string"}],"inLanguage":"et"}]}},"_links":{"self":[{"href":"https:\/\/bio4you.eu\/retseptid\/wp-json\/wp\/v2\/product\/3550"}],"collection":[{"href":"https:\/\/bio4you.eu\/retseptid\/wp-json\/wp\/v2\/product"}],"about":[{"href":"https:\/\/bio4you.eu\/retseptid\/wp-json\/wp\/v2\/types\/product"}],"replies":[{"embeddable":true,"href":"https:\/\/bio4you.eu\/retseptid\/wp-json\/wp\/v2\/comments?post=3550"}],"wp:featuredmedia":[{"embeddable":true,"href":"https:\/\/bio4you.eu\/retseptid\/wp-json\/wp\/v2\/media\/3552"}],"wp:attachment":[{"href":"https:\/\/bio4you.eu\/retseptid\/wp-json\/wp\/v2\/media?parent=3550"}],"wp:term":[{"taxonomy":"product_cat","embeddable":true,"href":"https:\/\/bio4you.eu\/retseptid\/wp-json\/wp\/v2\/product_cat?post=3550"},{"taxonomy":"product_tag","embeddable":true,"href":"https:\/\/bio4you.eu\/retseptid\/wp-json\/wp\/v2\/product_tag?post=3550"}],"curies":[{"name":"wp","href":"https:\/\/api.w.org\/{rel}","templated":true}]}}