{"id":3557,"date":"2017-01-17T15:10:56","date_gmt":"2017-01-17T13:10:56","guid":{"rendered":"https:\/\/bio4you.eu\/retseptid\/?post_type=product&#038;p=3557"},"modified":"2022-03-25T17:07:04","modified_gmt":"2022-03-25T15:07:04","slug":"idamaine-turgioa-bataadi-roog","status":"publish","type":"product","link":"https:\/\/bio4you.eu\/retseptid\/toode\/idamaine-turgioa-bataadi-roog\/","title":{"rendered":"Idamaine T\u00fcrgi oa-bataadi roog"},"content":{"rendered":"<p>Valmistamine:<br \/>\nHaki seened ning prae oliivi\u00f5lis kergelt pruuniks. Lisa t\u00fckeldatud bataat ja umbes 1 dl vett ning hauta kaane all umbes 5 minutit ning lisa oad. Hauta veel kuni bataat on pehme. Seej\u00e4rel lisa sojakaste, riivitud ingver, paprikapulber ning k\u00fc\u00fcslauk. Prae k\u00f5rgemal kuumusel ning ilma kaaneta, et \u00fcleliigne vesi aurustuks ning serveeri koheselt.<\/p>\n","protected":false},"excerpt":{"rendered":"<p>Vaja l\u00e4heb:<\/p>\n<ul>\n<li>400 g t\u00fcrgi uba<\/li>\n<li>1 keskmine bataat<\/li>\n<li>250 g \u0161ampinjone<\/li>\n<li><a href=\"https:\/\/bio4you.eu\/et\/olid-ja-gheed\/2244-ekstra-neitsioliivioli-1l.html?utm_source=bioretsept&amp;utm_medium=blogi&amp;utm_campaign=retsept\" target=\"_blank\" rel=\"noopener\"><span style=\"color: #99cc00;\">oliivi\u00f5li<\/span><\/a> praadimiseks<\/li>\n<li>3 spl <a href=\"http:\/\/bio4you.eu\/et\/aadikad-ja-kastmed\/2192-tamari-sojakaste-250ml-biologicoils.html?utm_source=bioretsept&amp;utm_medium=retseptireklaam&amp;utm_campaign=Retsept\"><span style=\"color: #99cc00;\">sojakastet<\/span><\/a><\/li>\n<li>1 cm jupp ingverit<\/li>\n<li>1 tl paprikapulbrit<\/li>\n<li>3 k\u00fc\u00fcslauguk\u00fc\u00fcnt<\/li>\n<\/ul>\n","protected":false},"featured_media":3560,"comment_status":"open","ping_status":"closed","template":"","meta":{"_exactmetrics_skip_tracking":false,"_exactmetrics_sitenote_active":false,"_exactmetrics_sitenote_note":"","_exactmetrics_sitenote_category":0},"product_cat":[59,60,382,383],"product_tag":[],"class_list":{"0":"post-3557","1":"product","2":"type-product","3":"status-publish","4":"has-post-thumbnail","6":"product_cat-featured","7":"product_cat-toiduretseptid","8":"product_cat-vegan-toiduretseptid","9":"product_cat-taimetoit","11":"first","12":"instock","13":"shipping-taxable","14":"product-type-simple"},"yoast_head":"<!-- This site is optimized with the Yoast SEO plugin v23.3 - https:\/\/yoast.com\/wordpress\/plugins\/seo\/ -->\n<title>Idamaine T\u00fcrgi oa-bataadi roog - bio4you.eu\/retseptid<\/title>\n<meta name=\"robots\" content=\"index, follow, max-snippet:-1, max-image-preview:large, max-video-preview:-1\" \/>\n<link rel=\"canonical\" href=\"https:\/\/bio4you.eu\/retseptid\/toode\/idamaine-turgioa-bataadi-roog\/\" \/>\n<meta property=\"og:locale\" content=\"et_EE\" \/>\n<meta property=\"og:type\" content=\"article\" \/>\n<meta property=\"og:title\" content=\"Idamaine T\u00fcrgi oa-bataadi roog - bio4you.eu\/retseptid\" \/>\n<meta property=\"og:description\" content=\"Vaja l\u00e4heb:   400 g t\u00fcrgi uba  1 keskmine bataat  250 g \u0161ampinjone  oliivi\u00f5li praadimiseks  3 spl sojakastet  1 cm jupp ingverit  1 tl paprikapulbrit  3 k\u00fc\u00fcslauguk\u00fc\u00fcnt\" \/>\n<meta property=\"og:url\" content=\"https:\/\/bio4you.eu\/retseptid\/toode\/idamaine-turgioa-bataadi-roog\/\" \/>\n<meta property=\"og:site_name\" content=\"bio4you.eu\/retseptid\" \/>\n<meta property=\"article:modified_time\" content=\"2022-03-25T15:07:04+00:00\" \/>\n<meta property=\"og:image\" content=\"https:\/\/bio4you.eu\/retseptid\/wp-content\/uploads\/2017\/01\/IMG_3337-1.jpg\" \/>\n\t<meta property=\"og:image:width\" content=\"640\" \/>\n\t<meta property=\"og:image:height\" content=\"480\" \/>\n\t<meta property=\"og:image:type\" content=\"image\/jpeg\" \/>\n<script type=\"application\/ld+json\" class=\"yoast-schema-graph\">{\"@context\":\"https:\/\/schema.org\",\"@graph\":[{\"@type\":\"WebPage\",\"@id\":\"https:\/\/bio4you.eu\/retseptid\/toode\/idamaine-turgioa-bataadi-roog\/\",\"url\":\"https:\/\/bio4you.eu\/retseptid\/toode\/idamaine-turgioa-bataadi-roog\/\",\"name\":\"Idamaine T\u00fcrgi oa-bataadi roog - bio4you.eu\/retseptid\",\"isPartOf\":{\"@id\":\"https:\/\/bio4you.eu\/retseptid\/#website\"},\"primaryImageOfPage\":{\"@id\":\"https:\/\/bio4you.eu\/retseptid\/toode\/idamaine-turgioa-bataadi-roog\/#primaryimage\"},\"image\":{\"@id\":\"https:\/\/bio4you.eu\/retseptid\/toode\/idamaine-turgioa-bataadi-roog\/#primaryimage\"},\"thumbnailUrl\":\"https:\/\/bio4you.eu\/retseptid\/wp-content\/uploads\/2017\/01\/IMG_3337-1.jpg\",\"datePublished\":\"2017-01-17T13:10:56+00:00\",\"dateModified\":\"2022-03-25T15:07:04+00:00\",\"breadcrumb\":{\"@id\":\"https:\/\/bio4you.eu\/retseptid\/toode\/idamaine-turgioa-bataadi-roog\/#breadcrumb\"},\"inLanguage\":\"et\",\"potentialAction\":[{\"@type\":\"ReadAction\",\"target\":[\"https:\/\/bio4you.eu\/retseptid\/toode\/idamaine-turgioa-bataadi-roog\/\"]}]},{\"@type\":\"ImageObject\",\"inLanguage\":\"et\",\"@id\":\"https:\/\/bio4you.eu\/retseptid\/toode\/idamaine-turgioa-bataadi-roog\/#primaryimage\",\"url\":\"https:\/\/bio4you.eu\/retseptid\/wp-content\/uploads\/2017\/01\/IMG_3337-1.jpg\",\"contentUrl\":\"https:\/\/bio4you.eu\/retseptid\/wp-content\/uploads\/2017\/01\/IMG_3337-1.jpg\",\"width\":640,\"height\":480},{\"@type\":\"BreadcrumbList\",\"@id\":\"https:\/\/bio4you.eu\/retseptid\/toode\/idamaine-turgioa-bataadi-roog\/#breadcrumb\",\"itemListElement\":[{\"@type\":\"ListItem\",\"position\":1,\"name\":\"Home\",\"item\":\"https:\/\/bio4you.eu\/retseptid\/\"},{\"@type\":\"ListItem\",\"position\":2,\"name\":\"Idamaine T\u00fcrgi oa-bataadi roog\"}]},{\"@type\":\"WebSite\",\"@id\":\"https:\/\/bio4you.eu\/retseptid\/#website\",\"url\":\"https:\/\/bio4you.eu\/retseptid\/\",\"name\":\"bio4you.eu\/retseptid\",\"description\":\"\u00d6ko retseptid ise tegemiseks, looduslikest koostisainetest. Maitsev toit, iluhooldus, kodupuhastus ja aiandus.\",\"potentialAction\":[{\"@type\":\"SearchAction\",\"target\":{\"@type\":\"EntryPoint\",\"urlTemplate\":\"https:\/\/bio4you.eu\/retseptid\/?s={search_term_string}\"},\"query-input\":\"required name=search_term_string\"}],\"inLanguage\":\"et\"}]}<\/script>\n<!-- \/ Yoast SEO plugin. -->","yoast_head_json":{"title":"Idamaine T\u00fcrgi oa-bataadi roog - bio4you.eu\/retseptid","robots":{"index":"index","follow":"follow","max-snippet":"max-snippet:-1","max-image-preview":"max-image-preview:large","max-video-preview":"max-video-preview:-1"},"canonical":"https:\/\/bio4you.eu\/retseptid\/toode\/idamaine-turgioa-bataadi-roog\/","og_locale":"et_EE","og_type":"article","og_title":"Idamaine T\u00fcrgi oa-bataadi roog - bio4you.eu\/retseptid","og_description":"Vaja l\u00e4heb:   400 g t\u00fcrgi uba  1 keskmine bataat  250 g \u0161ampinjone  oliivi\u00f5li praadimiseks  3 spl sojakastet  1 cm jupp ingverit  1 tl paprikapulbrit  3 k\u00fc\u00fcslauguk\u00fc\u00fcnt","og_url":"https:\/\/bio4you.eu\/retseptid\/toode\/idamaine-turgioa-bataadi-roog\/","og_site_name":"bio4you.eu\/retseptid","article_modified_time":"2022-03-25T15:07:04+00:00","og_image":[{"width":640,"height":480,"url":"https:\/\/bio4you.eu\/retseptid\/wp-content\/uploads\/2017\/01\/IMG_3337-1.jpg","type":"image\/jpeg"}],"schema":{"@context":"https:\/\/schema.org","@graph":[{"@type":"WebPage","@id":"https:\/\/bio4you.eu\/retseptid\/toode\/idamaine-turgioa-bataadi-roog\/","url":"https:\/\/bio4you.eu\/retseptid\/toode\/idamaine-turgioa-bataadi-roog\/","name":"Idamaine T\u00fcrgi oa-bataadi roog - bio4you.eu\/retseptid","isPartOf":{"@id":"https:\/\/bio4you.eu\/retseptid\/#website"},"primaryImageOfPage":{"@id":"https:\/\/bio4you.eu\/retseptid\/toode\/idamaine-turgioa-bataadi-roog\/#primaryimage"},"image":{"@id":"https:\/\/bio4you.eu\/retseptid\/toode\/idamaine-turgioa-bataadi-roog\/#primaryimage"},"thumbnailUrl":"https:\/\/bio4you.eu\/retseptid\/wp-content\/uploads\/2017\/01\/IMG_3337-1.jpg","datePublished":"2017-01-17T13:10:56+00:00","dateModified":"2022-03-25T15:07:04+00:00","breadcrumb":{"@id":"https:\/\/bio4you.eu\/retseptid\/toode\/idamaine-turgioa-bataadi-roog\/#breadcrumb"},"inLanguage":"et","potentialAction":[{"@type":"ReadAction","target":["https:\/\/bio4you.eu\/retseptid\/toode\/idamaine-turgioa-bataadi-roog\/"]}]},{"@type":"ImageObject","inLanguage":"et","@id":"https:\/\/bio4you.eu\/retseptid\/toode\/idamaine-turgioa-bataadi-roog\/#primaryimage","url":"https:\/\/bio4you.eu\/retseptid\/wp-content\/uploads\/2017\/01\/IMG_3337-1.jpg","contentUrl":"https:\/\/bio4you.eu\/retseptid\/wp-content\/uploads\/2017\/01\/IMG_3337-1.jpg","width":640,"height":480},{"@type":"BreadcrumbList","@id":"https:\/\/bio4you.eu\/retseptid\/toode\/idamaine-turgioa-bataadi-roog\/#breadcrumb","itemListElement":[{"@type":"ListItem","position":1,"name":"Home","item":"https:\/\/bio4you.eu\/retseptid\/"},{"@type":"ListItem","position":2,"name":"Idamaine T\u00fcrgi oa-bataadi roog"}]},{"@type":"WebSite","@id":"https:\/\/bio4you.eu\/retseptid\/#website","url":"https:\/\/bio4you.eu\/retseptid\/","name":"bio4you.eu\/retseptid","description":"\u00d6ko retseptid ise tegemiseks, looduslikest koostisainetest. Maitsev toit, iluhooldus, kodupuhastus ja aiandus.","potentialAction":[{"@type":"SearchAction","target":{"@type":"EntryPoint","urlTemplate":"https:\/\/bio4you.eu\/retseptid\/?s={search_term_string}"},"query-input":"required name=search_term_string"}],"inLanguage":"et"}]}},"_links":{"self":[{"href":"https:\/\/bio4you.eu\/retseptid\/wp-json\/wp\/v2\/product\/3557"}],"collection":[{"href":"https:\/\/bio4you.eu\/retseptid\/wp-json\/wp\/v2\/product"}],"about":[{"href":"https:\/\/bio4you.eu\/retseptid\/wp-json\/wp\/v2\/types\/product"}],"replies":[{"embeddable":true,"href":"https:\/\/bio4you.eu\/retseptid\/wp-json\/wp\/v2\/comments?post=3557"}],"wp:featuredmedia":[{"embeddable":true,"href":"https:\/\/bio4you.eu\/retseptid\/wp-json\/wp\/v2\/media\/3560"}],"wp:attachment":[{"href":"https:\/\/bio4you.eu\/retseptid\/wp-json\/wp\/v2\/media?parent=3557"}],"wp:term":[{"taxonomy":"product_cat","embeddable":true,"href":"https:\/\/bio4you.eu\/retseptid\/wp-json\/wp\/v2\/product_cat?post=3557"},{"taxonomy":"product_tag","embeddable":true,"href":"https:\/\/bio4you.eu\/retseptid\/wp-json\/wp\/v2\/product_tag?post=3557"}],"curies":[{"name":"wp","href":"https:\/\/api.w.org\/{rel}","templated":true}]}}