{"id":3563,"date":"2017-01-17T15:37:23","date_gmt":"2017-01-17T13:37:23","guid":{"rendered":"https:\/\/bio4you.eu\/retseptid\/?post_type=product&#038;p=3563"},"modified":"2022-05-12T14:11:59","modified_gmt":"2022-05-12T11:11:59","slug":"sokolaadi-maapahklikreem","status":"publish","type":"product","link":"https:\/\/bio4you.eu\/retseptid\/toode\/sokolaadi-maapahklikreem\/","title":{"rendered":"\u0160okolaadi-metsap\u00e4hklikreem"},"content":{"rendered":"<p>Valmistamine:<br \/>\nR\u00f6sti metsap\u00e4hkleid 170 kraadi juures umbes 10 minutit, et koor avaneks ja \u00f5lid p\u00e4hklis kuumeneksid. Kui p\u00e4hklid on kergelt pruunikad, siis v\u00f5ta need ahjust ning lase neil paar minutut\u00a0jahtuda. Seej\u00e4rel aseta need puhta k\u00f6\u00f6gir\u00e4tiku vahele ning h\u00f5\u00f5ru neid, et koor tuleks lahti. M\u00f5ni kooret\u00fckk v\u00f5ib p\u00e4hklitele j\u00e4\u00e4da, need ei pea olema t\u00e4iesti paljad.<br \/>\nSeej\u00e4rel purusta p\u00e4hklid\u00a0k\u00f6\u00f6gikombainis, aidates vahepeal k\u00f6\u00f6gikombaini n\u00f5u servadelt seda alla poole. See v\u00f5ib v\u00f5tta umbes 10 minutit- oleneb k\u00f6\u00f6gikombaini v\u00f5imsusest. Purusta p\u00e4hkleid nii kaua, kuni saavutad tulemuse, mis on n\u00e4ha pildil.<br \/>\nSeej\u00e4rel lisa k\u00f5ik \u00fclej\u00e4\u00e4nud koostisained ning sega veelkord. Lisa v\u00e4hehaaval piima nii palju, kui vedelat\u00a0kreemi\u00a0soovid.<\/p>\n","protected":false},"excerpt":{"rendered":"<p>Vaja l\u00e4heb:<\/p>\n<ul>\n<li>200 g metsap\u00e4hkleid<\/li>\n<li>1 spl <a href=\"https:\/\/bio4you.eu\/et\/otsi?controller=search&amp;order=product.position.desc&amp;s=kookos%C3%B5li&amp;utm_source=blogi&amp;utm_medium=bioretsept&amp;utm_campaign=retsept\"><span style=\"color: #99cc00;\">kookos\u00f5li<\/span><\/a><\/li>\n<li>1 spl <a href=\"https:\/\/bio4you.eu\/et\/supertoidud\/1725-toorkakao-pulber-250g.html?utm_source=blogi&amp;utm_medium=bioretsept&amp;utm_campaign=retsept\"><span style=\"color: #99cc00;\">toorkakaod<\/span><\/a> v\u00f5i 50 g<a href=\"https:\/\/bio4you.eu\/et\/sokolaadid\/5002-tume-sokolaad-85-100g.html?utm_source=blogi&amp;utm_medium=bioretsept&amp;utm_campaign=retsept\">\u00a0<span style=\"color: #99cc00;\">tumedat \u0161okolaadi<\/span><\/a><\/li>\n<li>3 spl <a href=\"https:\/\/bio4you.eu\/et\/otsi?controller=search&amp;order=product.position.desc&amp;s=agaavisiirup&amp;utm_source=blogi&amp;utm_medium=bioretsept&amp;utm_campaign=retsept\"><span style=\"color: #99cc00;\">agaavinektarit<\/span><\/a><\/li>\n<li>1-2 tl vanilje ekstrakti<\/li>\n<li><a href=\"http:\/\/bio4you.eu\/et\/124-taimsed-piimad-ja-koored?utm_source=bioretsept&amp;utm_medium=Retseptireklaam&amp;utm_campaign=Retsept\"><span style=\"color: #99cc00;\">taimset piima\u00a0<\/span><\/a><\/li>\n<\/ul>\n","protected":false},"featured_media":3566,"comment_status":"open","ping_status":"closed","template":"","meta":{"_exactmetrics_skip_tracking":false,"_exactmetrics_sitenote_active":false,"_exactmetrics_sitenote_note":"","_exactmetrics_sitenote_category":0},"product_cat":[59,60,382,383,365,74],"product_tag":[],"class_list":{"0":"post-3563","1":"product","2":"type-product","3":"status-publish","4":"has-post-thumbnail","6":"product_cat-featured","7":"product_cat-toiduretseptid","8":"product_cat-vegan-toiduretseptid","9":"product_cat-taimetoit","10":"product_cat-laste-lemmikud","11":"product_cat-kastmed-maarded-voided","13":"first","14":"instock","15":"shipping-taxable","16":"product-type-simple"},"yoast_head":"<!-- This site is optimized with the Yoast SEO plugin v23.3 - https:\/\/yoast.com\/wordpress\/plugins\/seo\/ -->\n<title>\u0160okolaadi-metsap\u00e4hklikreem - bio4you.eu\/retseptid<\/title>\n<meta name=\"robots\" content=\"index, follow, max-snippet:-1, max-image-preview:large, max-video-preview:-1\" \/>\n<link rel=\"canonical\" href=\"https:\/\/bio4you.eu\/retseptid\/toode\/sokolaadi-maapahklikreem\/\" \/>\n<meta property=\"og:locale\" content=\"et_EE\" \/>\n<meta property=\"og:type\" content=\"article\" \/>\n<meta property=\"og:title\" content=\"\u0160okolaadi-metsap\u00e4hklikreem - bio4you.eu\/retseptid\" \/>\n<meta property=\"og:description\" content=\"Vaja l\u00e4heb:   200 g metsap\u00e4hkleid  1 spl kookos\u00f5li  1 spl toorkakaod v\u00f5i 50 g\u00a0tumedat \u0161okolaadi  3 spl agaavinektarit  1-2 tl vanilje ekstrakti  taimset piima\u00a0\" \/>\n<meta property=\"og:url\" content=\"https:\/\/bio4you.eu\/retseptid\/toode\/sokolaadi-maapahklikreem\/\" \/>\n<meta property=\"og:site_name\" content=\"bio4you.eu\/retseptid\" \/>\n<meta property=\"article:modified_time\" content=\"2022-05-12T11:11:59+00:00\" \/>\n<meta property=\"og:image\" content=\"https:\/\/bio4you.eu\/retseptid\/wp-content\/uploads\/2017\/01\/FullSizeRender-3.jpg\" \/>\n\t<meta property=\"og:image:width\" content=\"640\" \/>\n\t<meta property=\"og:image:height\" content=\"480\" \/>\n\t<meta property=\"og:image:type\" content=\"image\/jpeg\" \/>\n<meta name=\"twitter:label1\" content=\"Est. reading time\" \/>\n\t<meta name=\"twitter:data1\" content=\"1 minut\" \/>\n<script type=\"application\/ld+json\" class=\"yoast-schema-graph\">{\"@context\":\"https:\/\/schema.org\",\"@graph\":[{\"@type\":\"WebPage\",\"@id\":\"https:\/\/bio4you.eu\/retseptid\/toode\/sokolaadi-maapahklikreem\/\",\"url\":\"https:\/\/bio4you.eu\/retseptid\/toode\/sokolaadi-maapahklikreem\/\",\"name\":\"\u0160okolaadi-metsap\u00e4hklikreem - bio4you.eu\/retseptid\",\"isPartOf\":{\"@id\":\"https:\/\/bio4you.eu\/retseptid\/#website\"},\"primaryImageOfPage\":{\"@id\":\"https:\/\/bio4you.eu\/retseptid\/toode\/sokolaadi-maapahklikreem\/#primaryimage\"},\"image\":{\"@id\":\"https:\/\/bio4you.eu\/retseptid\/toode\/sokolaadi-maapahklikreem\/#primaryimage\"},\"thumbnailUrl\":\"https:\/\/bio4you.eu\/retseptid\/wp-content\/uploads\/2017\/01\/FullSizeRender-3.jpg\",\"datePublished\":\"2017-01-17T13:37:23+00:00\",\"dateModified\":\"2022-05-12T11:11:59+00:00\",\"breadcrumb\":{\"@id\":\"https:\/\/bio4you.eu\/retseptid\/toode\/sokolaadi-maapahklikreem\/#breadcrumb\"},\"inLanguage\":\"et\",\"potentialAction\":[{\"@type\":\"ReadAction\",\"target\":[\"https:\/\/bio4you.eu\/retseptid\/toode\/sokolaadi-maapahklikreem\/\"]}]},{\"@type\":\"ImageObject\",\"inLanguage\":\"et\",\"@id\":\"https:\/\/bio4you.eu\/retseptid\/toode\/sokolaadi-maapahklikreem\/#primaryimage\",\"url\":\"https:\/\/bio4you.eu\/retseptid\/wp-content\/uploads\/2017\/01\/FullSizeRender-3.jpg\",\"contentUrl\":\"https:\/\/bio4you.eu\/retseptid\/wp-content\/uploads\/2017\/01\/FullSizeRender-3.jpg\",\"width\":640,\"height\":480},{\"@type\":\"BreadcrumbList\",\"@id\":\"https:\/\/bio4you.eu\/retseptid\/toode\/sokolaadi-maapahklikreem\/#breadcrumb\",\"itemListElement\":[{\"@type\":\"ListItem\",\"position\":1,\"name\":\"Home\",\"item\":\"https:\/\/bio4you.eu\/retseptid\/\"},{\"@type\":\"ListItem\",\"position\":2,\"name\":\"\u0160okolaadi-metsap\u00e4hklikreem\"}]},{\"@type\":\"WebSite\",\"@id\":\"https:\/\/bio4you.eu\/retseptid\/#website\",\"url\":\"https:\/\/bio4you.eu\/retseptid\/\",\"name\":\"bio4you.eu\/retseptid\",\"description\":\"\u00d6ko retseptid ise tegemiseks, looduslikest koostisainetest. Maitsev toit, iluhooldus, kodupuhastus ja aiandus.\",\"potentialAction\":[{\"@type\":\"SearchAction\",\"target\":{\"@type\":\"EntryPoint\",\"urlTemplate\":\"https:\/\/bio4you.eu\/retseptid\/?s={search_term_string}\"},\"query-input\":\"required name=search_term_string\"}],\"inLanguage\":\"et\"}]}<\/script>\n<!-- \/ Yoast SEO plugin. -->","yoast_head_json":{"title":"\u0160okolaadi-metsap\u00e4hklikreem - bio4you.eu\/retseptid","robots":{"index":"index","follow":"follow","max-snippet":"max-snippet:-1","max-image-preview":"max-image-preview:large","max-video-preview":"max-video-preview:-1"},"canonical":"https:\/\/bio4you.eu\/retseptid\/toode\/sokolaadi-maapahklikreem\/","og_locale":"et_EE","og_type":"article","og_title":"\u0160okolaadi-metsap\u00e4hklikreem - bio4you.eu\/retseptid","og_description":"Vaja l\u00e4heb:   200 g metsap\u00e4hkleid  1 spl kookos\u00f5li  1 spl toorkakaod v\u00f5i 50 g\u00a0tumedat \u0161okolaadi  3 spl agaavinektarit  1-2 tl vanilje ekstrakti  taimset piima\u00a0","og_url":"https:\/\/bio4you.eu\/retseptid\/toode\/sokolaadi-maapahklikreem\/","og_site_name":"bio4you.eu\/retseptid","article_modified_time":"2022-05-12T11:11:59+00:00","og_image":[{"width":640,"height":480,"url":"https:\/\/bio4you.eu\/retseptid\/wp-content\/uploads\/2017\/01\/FullSizeRender-3.jpg","type":"image\/jpeg"}],"twitter_misc":{"Est. reading time":"1 minut"},"schema":{"@context":"https:\/\/schema.org","@graph":[{"@type":"WebPage","@id":"https:\/\/bio4you.eu\/retseptid\/toode\/sokolaadi-maapahklikreem\/","url":"https:\/\/bio4you.eu\/retseptid\/toode\/sokolaadi-maapahklikreem\/","name":"\u0160okolaadi-metsap\u00e4hklikreem - bio4you.eu\/retseptid","isPartOf":{"@id":"https:\/\/bio4you.eu\/retseptid\/#website"},"primaryImageOfPage":{"@id":"https:\/\/bio4you.eu\/retseptid\/toode\/sokolaadi-maapahklikreem\/#primaryimage"},"image":{"@id":"https:\/\/bio4you.eu\/retseptid\/toode\/sokolaadi-maapahklikreem\/#primaryimage"},"thumbnailUrl":"https:\/\/bio4you.eu\/retseptid\/wp-content\/uploads\/2017\/01\/FullSizeRender-3.jpg","datePublished":"2017-01-17T13:37:23+00:00","dateModified":"2022-05-12T11:11:59+00:00","breadcrumb":{"@id":"https:\/\/bio4you.eu\/retseptid\/toode\/sokolaadi-maapahklikreem\/#breadcrumb"},"inLanguage":"et","potentialAction":[{"@type":"ReadAction","target":["https:\/\/bio4you.eu\/retseptid\/toode\/sokolaadi-maapahklikreem\/"]}]},{"@type":"ImageObject","inLanguage":"et","@id":"https:\/\/bio4you.eu\/retseptid\/toode\/sokolaadi-maapahklikreem\/#primaryimage","url":"https:\/\/bio4you.eu\/retseptid\/wp-content\/uploads\/2017\/01\/FullSizeRender-3.jpg","contentUrl":"https:\/\/bio4you.eu\/retseptid\/wp-content\/uploads\/2017\/01\/FullSizeRender-3.jpg","width":640,"height":480},{"@type":"BreadcrumbList","@id":"https:\/\/bio4you.eu\/retseptid\/toode\/sokolaadi-maapahklikreem\/#breadcrumb","itemListElement":[{"@type":"ListItem","position":1,"name":"Home","item":"https:\/\/bio4you.eu\/retseptid\/"},{"@type":"ListItem","position":2,"name":"\u0160okolaadi-metsap\u00e4hklikreem"}]},{"@type":"WebSite","@id":"https:\/\/bio4you.eu\/retseptid\/#website","url":"https:\/\/bio4you.eu\/retseptid\/","name":"bio4you.eu\/retseptid","description":"\u00d6ko retseptid ise tegemiseks, looduslikest koostisainetest. Maitsev toit, iluhooldus, kodupuhastus ja aiandus.","potentialAction":[{"@type":"SearchAction","target":{"@type":"EntryPoint","urlTemplate":"https:\/\/bio4you.eu\/retseptid\/?s={search_term_string}"},"query-input":"required name=search_term_string"}],"inLanguage":"et"}]}},"_links":{"self":[{"href":"https:\/\/bio4you.eu\/retseptid\/wp-json\/wp\/v2\/product\/3563"}],"collection":[{"href":"https:\/\/bio4you.eu\/retseptid\/wp-json\/wp\/v2\/product"}],"about":[{"href":"https:\/\/bio4you.eu\/retseptid\/wp-json\/wp\/v2\/types\/product"}],"replies":[{"embeddable":true,"href":"https:\/\/bio4you.eu\/retseptid\/wp-json\/wp\/v2\/comments?post=3563"}],"wp:featuredmedia":[{"embeddable":true,"href":"https:\/\/bio4you.eu\/retseptid\/wp-json\/wp\/v2\/media\/3566"}],"wp:attachment":[{"href":"https:\/\/bio4you.eu\/retseptid\/wp-json\/wp\/v2\/media?parent=3563"}],"wp:term":[{"taxonomy":"product_cat","embeddable":true,"href":"https:\/\/bio4you.eu\/retseptid\/wp-json\/wp\/v2\/product_cat?post=3563"},{"taxonomy":"product_tag","embeddable":true,"href":"https:\/\/bio4you.eu\/retseptid\/wp-json\/wp\/v2\/product_tag?post=3563"}],"curies":[{"name":"wp","href":"https:\/\/api.w.org\/{rel}","templated":true}]}}