{"id":3737,"date":"2017-09-26T14:08:06","date_gmt":"2017-09-26T11:08:06","guid":{"rendered":"https:\/\/bio4you.eu\/retseptid\/?post_type=product&#038;p=3737"},"modified":"2022-05-12T10:43:40","modified_gmt":"2022-05-12T07:43:40","slug":"mustsostra-vaarika-toorkook","status":"publish","type":"product","link":"https:\/\/bio4you.eu\/retseptid\/toode\/mustsostra-vaarika-toorkook\/","title":{"rendered":"Musts\u00f5stra-vaarika toorkook"},"content":{"rendered":"<p>P\u00f5hi:<br \/>\nPurusta k\u00f5ik koostisosad blenderis ja suru 20 cm l\u00e4bim\u00f5\u00f5duga koogivormi p\u00f5hjale.<\/p>\n<p>T\u00e4idis:<br \/>\nLeota india p\u00e4hkleid 12 tundi. Kui kasutada leotamata p\u00e4hkleid, j\u00e4\u00e4b kook teralisem. Purusta k\u00f5ik t\u00e4idise koosisosad blenders v\u00f5i saumiksriga ning vala p\u00f5hjale.<\/p>\n<div class=\"gmail_default\">Pane kook paariks tunniks s\u00fcgavk\u00fclma.<\/div>\n","protected":false},"excerpt":{"rendered":"<div class=\"gmail_default\">Vaja l\u00e4heb:<\/div>\n<div class=\"gmail_default\">P\u00f5hi:<\/div>\n<ul>\n<li class=\"gmail_default\">150 g mandleid<\/li>\n<li class=\"gmail_default\">10 kivideta datlit<\/li>\n<li class=\"gmail_default\">natke soola<\/li>\n<li class=\"gmail_default\">1 spl <a href=\"https:\/\/bio4you.eu\/et\/otsi?controller=search&amp;order=product.position.desc&amp;s=kookos%C3%B5li&amp;utm_source=bioretsept&amp;utm_medium=retsept&amp;utm_campaign=kook\"><span style=\"color: #99cc00;\">k\u00fclmpressitud kookos\u00f5li<\/span><\/a><\/li>\n<\/ul>\n<div class=\"gmail_default\">T\u00e4idis:<\/div>\n<ul>\n<li class=\"gmail_default\">300 g <a href=\"https:\/\/bio4you.eu\/et\/supertoidud\/4579-india-paehklid-1kg.html?utm_source=bioretsept&amp;utm_medium=retsept&amp;utm_campaign=kook\">India p\u00e4hkleid<\/a><\/li>\n<li class=\"gmail_default\">400 g musts\u00f5sta-vaarikate segu<\/li>\n<li class=\"gmail_default\"><a href=\"https:\/\/bio4you.eu\/et\/155-suhkruasendaja?utm_source=bioretsept&amp;utm_medium=retsept&amp;utm_campaign=kook\"><span style=\"color: #99cc00;\">magustajat<\/span> <\/a>maitse j\u00e4rgi<\/li>\n<li class=\"gmail_default\">6 spl <a href=\"https:\/\/bio4you.eu\/et\/otsi?controller=search&amp;order=product.position.desc&amp;s=kookos%C3%B5li&amp;utm_source=bioretsept&amp;utm_medium=retsept&amp;utm_campaign=kook\"><span style=\"color: #99cc00;\">k\u00fclmpressitud kookos\u00f5li<\/span><\/a><\/li>\n<\/ul>\n<div class=\"gmail_default\"><\/div>\n<div class=\"gmail_default\"><\/div>\n","protected":false},"featured_media":3738,"comment_status":"open","ping_status":"closed","template":"","meta":{"_exactmetrics_skip_tracking":false,"_exactmetrics_sitenote_active":false,"_exactmetrics_sitenote_note":"","_exactmetrics_sitenote_category":0},"product_cat":[59,60,382,63,383,280,77],"product_tag":[],"class_list":{"0":"post-3737","1":"product","2":"type-product","3":"status-publish","4":"has-post-thumbnail","6":"product_cat-featured","7":"product_cat-toiduretseptid","8":"product_cat-vegan-toiduretseptid","9":"product_cat-gluteenivabad-retseptid","10":"product_cat-taimetoit","11":"product_cat-koogid-ja-kupsised","12":"product_cat-toortoit","14":"first","15":"instock","16":"shipping-taxable","17":"product-type-simple"},"yoast_head":"<!-- This site is optimized with the Yoast SEO plugin v23.3 - https:\/\/yoast.com\/wordpress\/plugins\/seo\/ -->\n<title>Musts\u00f5stra-vaarika toorkook - bio4you.eu\/retseptid<\/title>\n<meta name=\"robots\" content=\"index, follow, max-snippet:-1, max-image-preview:large, max-video-preview:-1\" \/>\n<link rel=\"canonical\" href=\"https:\/\/bio4you.eu\/retseptid\/toode\/mustsostra-vaarika-toorkook\/\" \/>\n<meta property=\"og:locale\" content=\"et_EE\" \/>\n<meta property=\"og:type\" content=\"article\" \/>\n<meta property=\"og:title\" content=\"Musts\u00f5stra-vaarika toorkook - bio4you.eu\/retseptid\" \/>\n<meta property=\"og:description\" content=\"Vaja l\u00e4heb: P\u00f5hi:   150 g mandleid  10 kivideta datlit  natke soola  1 spl k\u00fclmpressitud kookos\u00f5li  T\u00e4idis:   300 g India p\u00e4hkleid  400 g musts\u00f5sta-vaarikate segu  magustajat maitse j\u00e4rgi  6 spl k\u00fclmpressitud kookos\u00f5li\" \/>\n<meta property=\"og:url\" content=\"https:\/\/bio4you.eu\/retseptid\/toode\/mustsostra-vaarika-toorkook\/\" \/>\n<meta property=\"og:site_name\" content=\"bio4you.eu\/retseptid\" \/>\n<meta property=\"article:modified_time\" content=\"2022-05-12T07:43:40+00:00\" \/>\n<meta property=\"og:image\" content=\"https:\/\/bio4you.eu\/retseptid\/wp-content\/uploads\/2017\/09\/20170924_202547-e1506423582616-scaled.jpg\" \/>\n\t<meta property=\"og:image:width\" content=\"1920\" \/>\n\t<meta property=\"og:image:height\" content=\"2560\" \/>\n\t<meta property=\"og:image:type\" content=\"image\/jpeg\" \/>\n<script type=\"application\/ld+json\" class=\"yoast-schema-graph\">{\"@context\":\"https:\/\/schema.org\",\"@graph\":[{\"@type\":\"WebPage\",\"@id\":\"https:\/\/bio4you.eu\/retseptid\/toode\/mustsostra-vaarika-toorkook\/\",\"url\":\"https:\/\/bio4you.eu\/retseptid\/toode\/mustsostra-vaarika-toorkook\/\",\"name\":\"Musts\u00f5stra-vaarika toorkook - bio4you.eu\/retseptid\",\"isPartOf\":{\"@id\":\"https:\/\/bio4you.eu\/retseptid\/#website\"},\"primaryImageOfPage\":{\"@id\":\"https:\/\/bio4you.eu\/retseptid\/toode\/mustsostra-vaarika-toorkook\/#primaryimage\"},\"image\":{\"@id\":\"https:\/\/bio4you.eu\/retseptid\/toode\/mustsostra-vaarika-toorkook\/#primaryimage\"},\"thumbnailUrl\":\"https:\/\/bio4you.eu\/retseptid\/wp-content\/uploads\/2017\/09\/20170924_202547-e1506423582616-scaled.jpg\",\"datePublished\":\"2017-09-26T11:08:06+00:00\",\"dateModified\":\"2022-05-12T07:43:40+00:00\",\"breadcrumb\":{\"@id\":\"https:\/\/bio4you.eu\/retseptid\/toode\/mustsostra-vaarika-toorkook\/#breadcrumb\"},\"inLanguage\":\"et\",\"potentialAction\":[{\"@type\":\"ReadAction\",\"target\":[\"https:\/\/bio4you.eu\/retseptid\/toode\/mustsostra-vaarika-toorkook\/\"]}]},{\"@type\":\"ImageObject\",\"inLanguage\":\"et\",\"@id\":\"https:\/\/bio4you.eu\/retseptid\/toode\/mustsostra-vaarika-toorkook\/#primaryimage\",\"url\":\"https:\/\/bio4you.eu\/retseptid\/wp-content\/uploads\/2017\/09\/20170924_202547-e1506423582616-scaled.jpg\",\"contentUrl\":\"https:\/\/bio4you.eu\/retseptid\/wp-content\/uploads\/2017\/09\/20170924_202547-e1506423582616-scaled.jpg\",\"width\":1920,\"height\":2560},{\"@type\":\"BreadcrumbList\",\"@id\":\"https:\/\/bio4you.eu\/retseptid\/toode\/mustsostra-vaarika-toorkook\/#breadcrumb\",\"itemListElement\":[{\"@type\":\"ListItem\",\"position\":1,\"name\":\"Home\",\"item\":\"https:\/\/bio4you.eu\/retseptid\/\"},{\"@type\":\"ListItem\",\"position\":2,\"name\":\"Musts\u00f5stra-vaarika toorkook\"}]},{\"@type\":\"WebSite\",\"@id\":\"https:\/\/bio4you.eu\/retseptid\/#website\",\"url\":\"https:\/\/bio4you.eu\/retseptid\/\",\"name\":\"bio4you.eu\/retseptid\",\"description\":\"\u00d6ko retseptid ise tegemiseks, looduslikest koostisainetest. Maitsev toit, iluhooldus, kodupuhastus ja aiandus.\",\"potentialAction\":[{\"@type\":\"SearchAction\",\"target\":{\"@type\":\"EntryPoint\",\"urlTemplate\":\"https:\/\/bio4you.eu\/retseptid\/?s={search_term_string}\"},\"query-input\":\"required name=search_term_string\"}],\"inLanguage\":\"et\"}]}<\/script>\n<!-- \/ Yoast SEO plugin. -->","yoast_head_json":{"title":"Musts\u00f5stra-vaarika toorkook - bio4you.eu\/retseptid","robots":{"index":"index","follow":"follow","max-snippet":"max-snippet:-1","max-image-preview":"max-image-preview:large","max-video-preview":"max-video-preview:-1"},"canonical":"https:\/\/bio4you.eu\/retseptid\/toode\/mustsostra-vaarika-toorkook\/","og_locale":"et_EE","og_type":"article","og_title":"Musts\u00f5stra-vaarika toorkook - bio4you.eu\/retseptid","og_description":"Vaja l\u00e4heb: P\u00f5hi:   150 g mandleid  10 kivideta datlit  natke soola  1 spl k\u00fclmpressitud kookos\u00f5li  T\u00e4idis:   300 g India p\u00e4hkleid  400 g musts\u00f5sta-vaarikate segu  magustajat maitse j\u00e4rgi  6 spl k\u00fclmpressitud kookos\u00f5li","og_url":"https:\/\/bio4you.eu\/retseptid\/toode\/mustsostra-vaarika-toorkook\/","og_site_name":"bio4you.eu\/retseptid","article_modified_time":"2022-05-12T07:43:40+00:00","og_image":[{"width":1920,"height":2560,"url":"https:\/\/bio4you.eu\/retseptid\/wp-content\/uploads\/2017\/09\/20170924_202547-e1506423582616-scaled.jpg","type":"image\/jpeg"}],"schema":{"@context":"https:\/\/schema.org","@graph":[{"@type":"WebPage","@id":"https:\/\/bio4you.eu\/retseptid\/toode\/mustsostra-vaarika-toorkook\/","url":"https:\/\/bio4you.eu\/retseptid\/toode\/mustsostra-vaarika-toorkook\/","name":"Musts\u00f5stra-vaarika toorkook - bio4you.eu\/retseptid","isPartOf":{"@id":"https:\/\/bio4you.eu\/retseptid\/#website"},"primaryImageOfPage":{"@id":"https:\/\/bio4you.eu\/retseptid\/toode\/mustsostra-vaarika-toorkook\/#primaryimage"},"image":{"@id":"https:\/\/bio4you.eu\/retseptid\/toode\/mustsostra-vaarika-toorkook\/#primaryimage"},"thumbnailUrl":"https:\/\/bio4you.eu\/retseptid\/wp-content\/uploads\/2017\/09\/20170924_202547-e1506423582616-scaled.jpg","datePublished":"2017-09-26T11:08:06+00:00","dateModified":"2022-05-12T07:43:40+00:00","breadcrumb":{"@id":"https:\/\/bio4you.eu\/retseptid\/toode\/mustsostra-vaarika-toorkook\/#breadcrumb"},"inLanguage":"et","potentialAction":[{"@type":"ReadAction","target":["https:\/\/bio4you.eu\/retseptid\/toode\/mustsostra-vaarika-toorkook\/"]}]},{"@type":"ImageObject","inLanguage":"et","@id":"https:\/\/bio4you.eu\/retseptid\/toode\/mustsostra-vaarika-toorkook\/#primaryimage","url":"https:\/\/bio4you.eu\/retseptid\/wp-content\/uploads\/2017\/09\/20170924_202547-e1506423582616-scaled.jpg","contentUrl":"https:\/\/bio4you.eu\/retseptid\/wp-content\/uploads\/2017\/09\/20170924_202547-e1506423582616-scaled.jpg","width":1920,"height":2560},{"@type":"BreadcrumbList","@id":"https:\/\/bio4you.eu\/retseptid\/toode\/mustsostra-vaarika-toorkook\/#breadcrumb","itemListElement":[{"@type":"ListItem","position":1,"name":"Home","item":"https:\/\/bio4you.eu\/retseptid\/"},{"@type":"ListItem","position":2,"name":"Musts\u00f5stra-vaarika toorkook"}]},{"@type":"WebSite","@id":"https:\/\/bio4you.eu\/retseptid\/#website","url":"https:\/\/bio4you.eu\/retseptid\/","name":"bio4you.eu\/retseptid","description":"\u00d6ko retseptid ise tegemiseks, looduslikest koostisainetest. Maitsev toit, iluhooldus, kodupuhastus ja aiandus.","potentialAction":[{"@type":"SearchAction","target":{"@type":"EntryPoint","urlTemplate":"https:\/\/bio4you.eu\/retseptid\/?s={search_term_string}"},"query-input":"required name=search_term_string"}],"inLanguage":"et"}]}},"_links":{"self":[{"href":"https:\/\/bio4you.eu\/retseptid\/wp-json\/wp\/v2\/product\/3737"}],"collection":[{"href":"https:\/\/bio4you.eu\/retseptid\/wp-json\/wp\/v2\/product"}],"about":[{"href":"https:\/\/bio4you.eu\/retseptid\/wp-json\/wp\/v2\/types\/product"}],"replies":[{"embeddable":true,"href":"https:\/\/bio4you.eu\/retseptid\/wp-json\/wp\/v2\/comments?post=3737"}],"wp:featuredmedia":[{"embeddable":true,"href":"https:\/\/bio4you.eu\/retseptid\/wp-json\/wp\/v2\/media\/3738"}],"wp:attachment":[{"href":"https:\/\/bio4you.eu\/retseptid\/wp-json\/wp\/v2\/media?parent=3737"}],"wp:term":[{"taxonomy":"product_cat","embeddable":true,"href":"https:\/\/bio4you.eu\/retseptid\/wp-json\/wp\/v2\/product_cat?post=3737"},{"taxonomy":"product_tag","embeddable":true,"href":"https:\/\/bio4you.eu\/retseptid\/wp-json\/wp\/v2\/product_tag?post=3737"}],"curies":[{"name":"wp","href":"https:\/\/api.w.org\/{rel}","templated":true}]}}