{"id":3801,"date":"2017-12-08T13:49:04","date_gmt":"2017-12-08T11:49:04","guid":{"rendered":"https:\/\/bio4you.eu\/retseptid\/?post_type=product&#038;p=3801"},"modified":"2022-05-06T10:46:21","modified_gmt":"2022-05-06T07:46:21","slug":"vitamiinipomm-granaatounaga","status":"publish","type":"product","link":"https:\/\/bio4you.eu\/retseptid\/toode\/vitamiinipomm-granaatounaga\/","title":{"rendered":"Lihtne salat kinoa ja granaat\u00f5unaseemnetega"},"content":{"rendered":"<p>Pese salat ja beebispinat. T\u00fckelda ploomtomatid ja puhasta granaat\u00f5un.<br \/>\nSega kokku keedetud kinoa, granaat\u00f5unaseemned, pestud salat ja spinat ning idandid.<br \/>\nKastmeks seda kokku lihtne kaste oliivi\u00f5list ja palsami\u00e4\u00e4dikast.<\/p>\n","protected":false},"excerpt":{"rendered":"<p>Vaja l\u00e4heb:<br \/>\nsuur peot\u00e4is beebispinatit<br \/>\nsuur peot\u00e4is meelep\u00e4rast salatit<br \/>\n10 ploomtomatit<br \/>\neot\u00e4is idandeid<br \/>\n1 tassit\u00e4is<span style=\"color: #99cc00;\"><a style=\"color: #99cc00;\" href=\"https:\/\/bio4you.eu\/et\/kuivained\/3107-kinoasegu-400g.html?utm_source=bioretsept&amp;utm_medium=retsept&amp;utm_campaign=vitamiinipomm\"> keedetud kinoad<\/a><br \/>\n<\/span>1 granaat\u00f5un<\/p>\n<p>Kastmeks:<br \/>\n<a style=\"color: #99cc00;\" href=\"https:\/\/bio4you.eu\/et\/olid\/2244-itaalia-filtreerimata-oliivioli-1l-kulmpress-corvino.html?utm_source=bioretsept&amp;utm_medium=retseptireklaam&amp;utm_campaign=retsept\">oliiv\u00f5li<\/a><br \/>\npalsami\u00e4\u00e4dikas<\/p>\n<p>&nbsp;<\/p>\n","protected":false},"featured_media":3802,"comment_status":"open","ping_status":"closed","template":"","meta":{"_exactmetrics_skip_tracking":false,"_exactmetrics_sitenote_active":false,"_exactmetrics_sitenote_note":"","_exactmetrics_sitenote_category":0},"product_cat":[382,63,383,77],"product_tag":[],"class_list":{"0":"post-3801","1":"product","2":"type-product","3":"status-publish","4":"has-post-thumbnail","6":"product_cat-vegan-toiduretseptid","7":"product_cat-gluteenivabad-retseptid","8":"product_cat-taimetoit","9":"product_cat-toortoit","11":"first","12":"instock","13":"featured","14":"shipping-taxable","15":"product-type-simple"},"yoast_head":"<!-- This site is optimized with the Yoast SEO plugin v23.3 - https:\/\/yoast.com\/wordpress\/plugins\/seo\/ -->\n<title>Lihtne salat kinoa ja granaat\u00f5unaseemnetega - bio4you.eu\/retseptid<\/title>\n<meta name=\"robots\" content=\"index, follow, max-snippet:-1, max-image-preview:large, max-video-preview:-1\" \/>\n<link rel=\"canonical\" href=\"https:\/\/bio4you.eu\/retseptid\/toode\/vitamiinipomm-granaatounaga\/\" \/>\n<meta property=\"og:locale\" content=\"et_EE\" \/>\n<meta property=\"og:type\" content=\"article\" \/>\n<meta property=\"og:title\" content=\"Lihtne salat kinoa ja granaat\u00f5unaseemnetega - bio4you.eu\/retseptid\" \/>\n<meta property=\"og:description\" content=\"Vaja l\u00e4heb: suur peot\u00e4is beebispinatit suur peot\u00e4is meelep\u00e4rast salatit 10 ploomtomatit eot\u00e4is idandeid 1 tassit\u00e4is keedetud kinoad 1 granaat\u00f5un  Kastmeks: oliiv\u00f5li palsami\u00e4\u00e4dikas  &nbsp;\" \/>\n<meta property=\"og:url\" content=\"https:\/\/bio4you.eu\/retseptid\/toode\/vitamiinipomm-granaatounaga\/\" \/>\n<meta property=\"og:site_name\" content=\"bio4you.eu\/retseptid\" \/>\n<meta property=\"article:modified_time\" content=\"2022-05-06T07:46:21+00:00\" \/>\n<meta property=\"og:image\" content=\"https:\/\/bio4you.eu\/retseptid\/wp-content\/uploads\/2017\/12\/20171207_180207-scaled.jpg\" \/>\n\t<meta property=\"og:image:width\" content=\"1920\" \/>\n\t<meta property=\"og:image:height\" content=\"2560\" \/>\n\t<meta property=\"og:image:type\" content=\"image\/jpeg\" \/>\n<script type=\"application\/ld+json\" class=\"yoast-schema-graph\">{\"@context\":\"https:\/\/schema.org\",\"@graph\":[{\"@type\":\"WebPage\",\"@id\":\"https:\/\/bio4you.eu\/retseptid\/toode\/vitamiinipomm-granaatounaga\/\",\"url\":\"https:\/\/bio4you.eu\/retseptid\/toode\/vitamiinipomm-granaatounaga\/\",\"name\":\"Lihtne salat kinoa ja granaat\u00f5unaseemnetega - bio4you.eu\/retseptid\",\"isPartOf\":{\"@id\":\"https:\/\/bio4you.eu\/retseptid\/#website\"},\"primaryImageOfPage\":{\"@id\":\"https:\/\/bio4you.eu\/retseptid\/toode\/vitamiinipomm-granaatounaga\/#primaryimage\"},\"image\":{\"@id\":\"https:\/\/bio4you.eu\/retseptid\/toode\/vitamiinipomm-granaatounaga\/#primaryimage\"},\"thumbnailUrl\":\"https:\/\/bio4you.eu\/retseptid\/wp-content\/uploads\/2017\/12\/20171207_180207-scaled.jpg\",\"datePublished\":\"2017-12-08T11:49:04+00:00\",\"dateModified\":\"2022-05-06T07:46:21+00:00\",\"breadcrumb\":{\"@id\":\"https:\/\/bio4you.eu\/retseptid\/toode\/vitamiinipomm-granaatounaga\/#breadcrumb\"},\"inLanguage\":\"et\",\"potentialAction\":[{\"@type\":\"ReadAction\",\"target\":[\"https:\/\/bio4you.eu\/retseptid\/toode\/vitamiinipomm-granaatounaga\/\"]}]},{\"@type\":\"ImageObject\",\"inLanguage\":\"et\",\"@id\":\"https:\/\/bio4you.eu\/retseptid\/toode\/vitamiinipomm-granaatounaga\/#primaryimage\",\"url\":\"https:\/\/bio4you.eu\/retseptid\/wp-content\/uploads\/2017\/12\/20171207_180207-scaled.jpg\",\"contentUrl\":\"https:\/\/bio4you.eu\/retseptid\/wp-content\/uploads\/2017\/12\/20171207_180207-scaled.jpg\",\"width\":1920,\"height\":2560},{\"@type\":\"BreadcrumbList\",\"@id\":\"https:\/\/bio4you.eu\/retseptid\/toode\/vitamiinipomm-granaatounaga\/#breadcrumb\",\"itemListElement\":[{\"@type\":\"ListItem\",\"position\":1,\"name\":\"Home\",\"item\":\"https:\/\/bio4you.eu\/retseptid\/\"},{\"@type\":\"ListItem\",\"position\":2,\"name\":\"Lihtne salat kinoa ja granaat\u00f5unaseemnetega\"}]},{\"@type\":\"WebSite\",\"@id\":\"https:\/\/bio4you.eu\/retseptid\/#website\",\"url\":\"https:\/\/bio4you.eu\/retseptid\/\",\"name\":\"bio4you.eu\/retseptid\",\"description\":\"\u00d6ko retseptid ise tegemiseks, looduslikest koostisainetest. Maitsev toit, iluhooldus, kodupuhastus ja aiandus.\",\"potentialAction\":[{\"@type\":\"SearchAction\",\"target\":{\"@type\":\"EntryPoint\",\"urlTemplate\":\"https:\/\/bio4you.eu\/retseptid\/?s={search_term_string}\"},\"query-input\":\"required name=search_term_string\"}],\"inLanguage\":\"et\"}]}<\/script>\n<!-- \/ Yoast SEO plugin. -->","yoast_head_json":{"title":"Lihtne salat kinoa ja granaat\u00f5unaseemnetega - bio4you.eu\/retseptid","robots":{"index":"index","follow":"follow","max-snippet":"max-snippet:-1","max-image-preview":"max-image-preview:large","max-video-preview":"max-video-preview:-1"},"canonical":"https:\/\/bio4you.eu\/retseptid\/toode\/vitamiinipomm-granaatounaga\/","og_locale":"et_EE","og_type":"article","og_title":"Lihtne salat kinoa ja granaat\u00f5unaseemnetega - bio4you.eu\/retseptid","og_description":"Vaja l\u00e4heb: suur peot\u00e4is beebispinatit suur peot\u00e4is meelep\u00e4rast salatit 10 ploomtomatit eot\u00e4is idandeid 1 tassit\u00e4is keedetud kinoad 1 granaat\u00f5un  Kastmeks: oliiv\u00f5li palsami\u00e4\u00e4dikas  &nbsp;","og_url":"https:\/\/bio4you.eu\/retseptid\/toode\/vitamiinipomm-granaatounaga\/","og_site_name":"bio4you.eu\/retseptid","article_modified_time":"2022-05-06T07:46:21+00:00","og_image":[{"width":1920,"height":2560,"url":"https:\/\/bio4you.eu\/retseptid\/wp-content\/uploads\/2017\/12\/20171207_180207-scaled.jpg","type":"image\/jpeg"}],"schema":{"@context":"https:\/\/schema.org","@graph":[{"@type":"WebPage","@id":"https:\/\/bio4you.eu\/retseptid\/toode\/vitamiinipomm-granaatounaga\/","url":"https:\/\/bio4you.eu\/retseptid\/toode\/vitamiinipomm-granaatounaga\/","name":"Lihtne salat kinoa ja granaat\u00f5unaseemnetega - bio4you.eu\/retseptid","isPartOf":{"@id":"https:\/\/bio4you.eu\/retseptid\/#website"},"primaryImageOfPage":{"@id":"https:\/\/bio4you.eu\/retseptid\/toode\/vitamiinipomm-granaatounaga\/#primaryimage"},"image":{"@id":"https:\/\/bio4you.eu\/retseptid\/toode\/vitamiinipomm-granaatounaga\/#primaryimage"},"thumbnailUrl":"https:\/\/bio4you.eu\/retseptid\/wp-content\/uploads\/2017\/12\/20171207_180207-scaled.jpg","datePublished":"2017-12-08T11:49:04+00:00","dateModified":"2022-05-06T07:46:21+00:00","breadcrumb":{"@id":"https:\/\/bio4you.eu\/retseptid\/toode\/vitamiinipomm-granaatounaga\/#breadcrumb"},"inLanguage":"et","potentialAction":[{"@type":"ReadAction","target":["https:\/\/bio4you.eu\/retseptid\/toode\/vitamiinipomm-granaatounaga\/"]}]},{"@type":"ImageObject","inLanguage":"et","@id":"https:\/\/bio4you.eu\/retseptid\/toode\/vitamiinipomm-granaatounaga\/#primaryimage","url":"https:\/\/bio4you.eu\/retseptid\/wp-content\/uploads\/2017\/12\/20171207_180207-scaled.jpg","contentUrl":"https:\/\/bio4you.eu\/retseptid\/wp-content\/uploads\/2017\/12\/20171207_180207-scaled.jpg","width":1920,"height":2560},{"@type":"BreadcrumbList","@id":"https:\/\/bio4you.eu\/retseptid\/toode\/vitamiinipomm-granaatounaga\/#breadcrumb","itemListElement":[{"@type":"ListItem","position":1,"name":"Home","item":"https:\/\/bio4you.eu\/retseptid\/"},{"@type":"ListItem","position":2,"name":"Lihtne salat kinoa ja granaat\u00f5unaseemnetega"}]},{"@type":"WebSite","@id":"https:\/\/bio4you.eu\/retseptid\/#website","url":"https:\/\/bio4you.eu\/retseptid\/","name":"bio4you.eu\/retseptid","description":"\u00d6ko retseptid ise tegemiseks, looduslikest koostisainetest. Maitsev toit, iluhooldus, kodupuhastus ja aiandus.","potentialAction":[{"@type":"SearchAction","target":{"@type":"EntryPoint","urlTemplate":"https:\/\/bio4you.eu\/retseptid\/?s={search_term_string}"},"query-input":"required name=search_term_string"}],"inLanguage":"et"}]}},"_links":{"self":[{"href":"https:\/\/bio4you.eu\/retseptid\/wp-json\/wp\/v2\/product\/3801"}],"collection":[{"href":"https:\/\/bio4you.eu\/retseptid\/wp-json\/wp\/v2\/product"}],"about":[{"href":"https:\/\/bio4you.eu\/retseptid\/wp-json\/wp\/v2\/types\/product"}],"replies":[{"embeddable":true,"href":"https:\/\/bio4you.eu\/retseptid\/wp-json\/wp\/v2\/comments?post=3801"}],"wp:featuredmedia":[{"embeddable":true,"href":"https:\/\/bio4you.eu\/retseptid\/wp-json\/wp\/v2\/media\/3802"}],"wp:attachment":[{"href":"https:\/\/bio4you.eu\/retseptid\/wp-json\/wp\/v2\/media?parent=3801"}],"wp:term":[{"taxonomy":"product_cat","embeddable":true,"href":"https:\/\/bio4you.eu\/retseptid\/wp-json\/wp\/v2\/product_cat?post=3801"},{"taxonomy":"product_tag","embeddable":true,"href":"https:\/\/bio4you.eu\/retseptid\/wp-json\/wp\/v2\/product_tag?post=3801"}],"curies":[{"name":"wp","href":"https:\/\/api.w.org\/{rel}","templated":true}]}}