{"id":3834,"date":"2018-02-27T15:45:42","date_gmt":"2018-02-27T13:45:42","guid":{"rendered":"https:\/\/bio4you.eu\/retseptid\/?post_type=product&#038;p=3834"},"modified":"2022-05-19T09:47:08","modified_gmt":"2022-05-19T06:47:08","slug":"matcha-latte","status":"publish","type":"product","link":"https:\/\/bio4you.eu\/retseptid\/toode\/matcha-latte\/","title":{"rendered":"Matcha latte"},"content":{"rendered":"<p>Traditsiooniliselt valmistatakse matcha teed bambusest vispliga. Kuid kuna matcha latte ei ole sugugi traditsiooniline jook, on retseptis kasutatud blenderit.<\/p>\n<p>Pane k\u00f5ik koostisosad blenderisse ja blenderda umbes 1 minut.<\/p>\n","protected":false},"excerpt":{"rendered":"<p>Vaja l\u00e4heb<\/p>\n<ul>\n<li>pool tassi kuuma vett<\/li>\n<li>pool tassi <a href=\"https:\/\/bio4you.eu\/et\/54_the-bridge\"><span style=\"color: #99cc00;\">taimset piima<\/span><\/a><\/li>\n<li>1 tl <a href=\"https:\/\/bio4you.eu\/et\/supertoit\/2906-matcha-pulber-70g-nutrisslim.html\"><span style=\"color: #99cc00;\">matcha pulbrit<\/span><\/a><\/li>\n<li>1 spl mett, <a href=\"https:\/\/bio4you.eu\/et\/search?controller=search&amp;orderby=position&amp;orderway=desc&amp;search_query=agaavi+siirup&amp;submit_search=\"><span style=\"color: #99cc00;\">agaavisiirupit<\/span><\/a>, <span style=\"color: #99cc00;\"><a style=\"color: #99cc00;\" href=\"https:\/\/bio4you.eu\/et\/otsi?controller=search&amp;order=product.position.desc&amp;s=steevia&amp;utm_source=bioretsept&amp;utm_medium=retsept&amp;utm_campaign=retsept\">steeviat<\/a><\/span> v\u00f5i <a href=\"https:\/\/bio4you.eu\/et\/suhkruasendaja\/3776-eruetritool-1kg.html?utm_source=bioretsept&amp;utm_medium=retsept&amp;utm_campaign=retsept\"><span style=\"color: #99cc00;\">er\u00fctritooli<\/span><\/a><\/li>\n<li>1spl <a href=\"https:\/\/bio4you.eu\/et\/search?controller=search&amp;orderby=position&amp;orderway=desc&amp;search_query=kookos%C3%B5li+extra+virgin&amp;submit_search=\"><span style=\"color: #99cc00;\">kookos\u00f5li<\/span><\/a><\/li>\n<\/ul>\n","protected":false},"featured_media":3835,"comment_status":"open","ping_status":"closed","template":"","meta":{"_exactmetrics_skip_tracking":false,"_exactmetrics_sitenote_active":false,"_exactmetrics_sitenote_note":"","_exactmetrics_sitenote_category":0},"product_cat":[324,327,59,382],"product_tag":[],"class_list":{"0":"post-3834","1":"product","2":"type-product","3":"status-publish","4":"has-post-thumbnail","6":"product_cat-tervise-retseptid","7":"product_cat-uld-toniseeriv","8":"product_cat-featured","9":"product_cat-vegan-toiduretseptid","11":"first","12":"instock","13":"shipping-taxable","14":"product-type-simple"},"yoast_head":"<!-- This site is optimized with the Yoast SEO plugin v23.3 - https:\/\/yoast.com\/wordpress\/plugins\/seo\/ -->\n<title>Matcha latte - bio4you.eu\/retseptid<\/title>\n<meta name=\"robots\" content=\"index, follow, max-snippet:-1, max-image-preview:large, max-video-preview:-1\" \/>\n<link rel=\"canonical\" href=\"https:\/\/bio4you.eu\/retseptid\/toode\/matcha-latte\/\" \/>\n<meta property=\"og:locale\" content=\"et_EE\" \/>\n<meta property=\"og:type\" content=\"article\" \/>\n<meta property=\"og:title\" content=\"Matcha latte - bio4you.eu\/retseptid\" \/>\n<meta property=\"og:description\" content=\"Vaja l\u00e4heb   pool tassi kuuma vett  pool tassi taimset piima  1 tl matcha pulbrit  1 spl mett, agaavisiirupit, steeviat v\u00f5i er\u00fctritooli  1spl kookos\u00f5li\" \/>\n<meta property=\"og:url\" content=\"https:\/\/bio4you.eu\/retseptid\/toode\/matcha-latte\/\" \/>\n<meta property=\"og:site_name\" content=\"bio4you.eu\/retseptid\" \/>\n<meta property=\"article:modified_time\" content=\"2022-05-19T06:47:08+00:00\" \/>\n<meta property=\"og:image\" content=\"https:\/\/bio4you.eu\/retseptid\/wp-content\/uploads\/2018\/02\/matchatee.jpg\" \/>\n\t<meta property=\"og:image:width\" content=\"478\" \/>\n\t<meta property=\"og:image:height\" content=\"478\" \/>\n\t<meta property=\"og:image:type\" content=\"image\/jpeg\" \/>\n<script type=\"application\/ld+json\" class=\"yoast-schema-graph\">{\"@context\":\"https:\/\/schema.org\",\"@graph\":[{\"@type\":\"WebPage\",\"@id\":\"https:\/\/bio4you.eu\/retseptid\/toode\/matcha-latte\/\",\"url\":\"https:\/\/bio4you.eu\/retseptid\/toode\/matcha-latte\/\",\"name\":\"Matcha latte - bio4you.eu\/retseptid\",\"isPartOf\":{\"@id\":\"https:\/\/bio4you.eu\/retseptid\/#website\"},\"primaryImageOfPage\":{\"@id\":\"https:\/\/bio4you.eu\/retseptid\/toode\/matcha-latte\/#primaryimage\"},\"image\":{\"@id\":\"https:\/\/bio4you.eu\/retseptid\/toode\/matcha-latte\/#primaryimage\"},\"thumbnailUrl\":\"https:\/\/bio4you.eu\/retseptid\/wp-content\/uploads\/2018\/02\/matchatee.jpg\",\"datePublished\":\"2018-02-27T13:45:42+00:00\",\"dateModified\":\"2022-05-19T06:47:08+00:00\",\"breadcrumb\":{\"@id\":\"https:\/\/bio4you.eu\/retseptid\/toode\/matcha-latte\/#breadcrumb\"},\"inLanguage\":\"et\",\"potentialAction\":[{\"@type\":\"ReadAction\",\"target\":[\"https:\/\/bio4you.eu\/retseptid\/toode\/matcha-latte\/\"]}]},{\"@type\":\"ImageObject\",\"inLanguage\":\"et\",\"@id\":\"https:\/\/bio4you.eu\/retseptid\/toode\/matcha-latte\/#primaryimage\",\"url\":\"https:\/\/bio4you.eu\/retseptid\/wp-content\/uploads\/2018\/02\/matchatee.jpg\",\"contentUrl\":\"https:\/\/bio4you.eu\/retseptid\/wp-content\/uploads\/2018\/02\/matchatee.jpg\",\"width\":478,\"height\":478},{\"@type\":\"BreadcrumbList\",\"@id\":\"https:\/\/bio4you.eu\/retseptid\/toode\/matcha-latte\/#breadcrumb\",\"itemListElement\":[{\"@type\":\"ListItem\",\"position\":1,\"name\":\"Home\",\"item\":\"https:\/\/bio4you.eu\/retseptid\/\"},{\"@type\":\"ListItem\",\"position\":2,\"name\":\"Matcha latte\"}]},{\"@type\":\"WebSite\",\"@id\":\"https:\/\/bio4you.eu\/retseptid\/#website\",\"url\":\"https:\/\/bio4you.eu\/retseptid\/\",\"name\":\"bio4you.eu\/retseptid\",\"description\":\"\u00d6ko retseptid ise tegemiseks, looduslikest koostisainetest. Maitsev toit, iluhooldus, kodupuhastus ja aiandus.\",\"potentialAction\":[{\"@type\":\"SearchAction\",\"target\":{\"@type\":\"EntryPoint\",\"urlTemplate\":\"https:\/\/bio4you.eu\/retseptid\/?s={search_term_string}\"},\"query-input\":\"required name=search_term_string\"}],\"inLanguage\":\"et\"}]}<\/script>\n<!-- \/ Yoast SEO plugin. -->","yoast_head_json":{"title":"Matcha latte - bio4you.eu\/retseptid","robots":{"index":"index","follow":"follow","max-snippet":"max-snippet:-1","max-image-preview":"max-image-preview:large","max-video-preview":"max-video-preview:-1"},"canonical":"https:\/\/bio4you.eu\/retseptid\/toode\/matcha-latte\/","og_locale":"et_EE","og_type":"article","og_title":"Matcha latte - bio4you.eu\/retseptid","og_description":"Vaja l\u00e4heb   pool tassi kuuma vett  pool tassi taimset piima  1 tl matcha pulbrit  1 spl mett, agaavisiirupit, steeviat v\u00f5i er\u00fctritooli  1spl kookos\u00f5li","og_url":"https:\/\/bio4you.eu\/retseptid\/toode\/matcha-latte\/","og_site_name":"bio4you.eu\/retseptid","article_modified_time":"2022-05-19T06:47:08+00:00","og_image":[{"width":478,"height":478,"url":"https:\/\/bio4you.eu\/retseptid\/wp-content\/uploads\/2018\/02\/matchatee.jpg","type":"image\/jpeg"}],"schema":{"@context":"https:\/\/schema.org","@graph":[{"@type":"WebPage","@id":"https:\/\/bio4you.eu\/retseptid\/toode\/matcha-latte\/","url":"https:\/\/bio4you.eu\/retseptid\/toode\/matcha-latte\/","name":"Matcha latte - bio4you.eu\/retseptid","isPartOf":{"@id":"https:\/\/bio4you.eu\/retseptid\/#website"},"primaryImageOfPage":{"@id":"https:\/\/bio4you.eu\/retseptid\/toode\/matcha-latte\/#primaryimage"},"image":{"@id":"https:\/\/bio4you.eu\/retseptid\/toode\/matcha-latte\/#primaryimage"},"thumbnailUrl":"https:\/\/bio4you.eu\/retseptid\/wp-content\/uploads\/2018\/02\/matchatee.jpg","datePublished":"2018-02-27T13:45:42+00:00","dateModified":"2022-05-19T06:47:08+00:00","breadcrumb":{"@id":"https:\/\/bio4you.eu\/retseptid\/toode\/matcha-latte\/#breadcrumb"},"inLanguage":"et","potentialAction":[{"@type":"ReadAction","target":["https:\/\/bio4you.eu\/retseptid\/toode\/matcha-latte\/"]}]},{"@type":"ImageObject","inLanguage":"et","@id":"https:\/\/bio4you.eu\/retseptid\/toode\/matcha-latte\/#primaryimage","url":"https:\/\/bio4you.eu\/retseptid\/wp-content\/uploads\/2018\/02\/matchatee.jpg","contentUrl":"https:\/\/bio4you.eu\/retseptid\/wp-content\/uploads\/2018\/02\/matchatee.jpg","width":478,"height":478},{"@type":"BreadcrumbList","@id":"https:\/\/bio4you.eu\/retseptid\/toode\/matcha-latte\/#breadcrumb","itemListElement":[{"@type":"ListItem","position":1,"name":"Home","item":"https:\/\/bio4you.eu\/retseptid\/"},{"@type":"ListItem","position":2,"name":"Matcha latte"}]},{"@type":"WebSite","@id":"https:\/\/bio4you.eu\/retseptid\/#website","url":"https:\/\/bio4you.eu\/retseptid\/","name":"bio4you.eu\/retseptid","description":"\u00d6ko retseptid ise tegemiseks, looduslikest koostisainetest. Maitsev toit, iluhooldus, kodupuhastus ja aiandus.","potentialAction":[{"@type":"SearchAction","target":{"@type":"EntryPoint","urlTemplate":"https:\/\/bio4you.eu\/retseptid\/?s={search_term_string}"},"query-input":"required name=search_term_string"}],"inLanguage":"et"}]}},"_links":{"self":[{"href":"https:\/\/bio4you.eu\/retseptid\/wp-json\/wp\/v2\/product\/3834"}],"collection":[{"href":"https:\/\/bio4you.eu\/retseptid\/wp-json\/wp\/v2\/product"}],"about":[{"href":"https:\/\/bio4you.eu\/retseptid\/wp-json\/wp\/v2\/types\/product"}],"replies":[{"embeddable":true,"href":"https:\/\/bio4you.eu\/retseptid\/wp-json\/wp\/v2\/comments?post=3834"}],"wp:featuredmedia":[{"embeddable":true,"href":"https:\/\/bio4you.eu\/retseptid\/wp-json\/wp\/v2\/media\/3835"}],"wp:attachment":[{"href":"https:\/\/bio4you.eu\/retseptid\/wp-json\/wp\/v2\/media?parent=3834"}],"wp:term":[{"taxonomy":"product_cat","embeddable":true,"href":"https:\/\/bio4you.eu\/retseptid\/wp-json\/wp\/v2\/product_cat?post=3834"},{"taxonomy":"product_tag","embeddable":true,"href":"https:\/\/bio4you.eu\/retseptid\/wp-json\/wp\/v2\/product_tag?post=3834"}],"curies":[{"name":"wp","href":"https:\/\/api.w.org\/{rel}","templated":true}]}}