{"id":4063,"date":"2022-09-30T13:19:57","date_gmt":"2022-09-30T10:19:57","guid":{"rendered":"https:\/\/bio4you.eu\/retseptid\/?post_type=product&#038;p=4063"},"modified":"2022-09-30T13:23:10","modified_gmt":"2022-09-30T10:23:10","slug":"gv-hommikusoogikrepid-kikerhernejahust","status":"publish","type":"product","link":"https:\/\/bio4you.eu\/retseptid\/toode\/gv-hommikusoogikrepid-kikerhernejahust\/","title":{"rendered":"GV hommikus\u00f6\u00f6gikrepid kikerhernejahust"},"content":{"rendered":"<p>Valmistamine:<\/p>\n<ol>\n<li>Valmista tainas: purusta munad kaussi, lisa v\u00e4hehaaval s\u00f5elutud jahu ja vesi. Sega vispliga, et v\u00e4lida t\u00fckkide tekkimist. Lisa sool ja \u00f5li ning lase 30 minutit seista.<\/li>\n<li>Kuumuta pann ning pane sinna veidi \u00f5li. Vala kuumale pannile kulbit\u00e4is tainast ja k\u00fcpseta \u00fchelt poolt kuni krepp panni k\u00fcljest lahti tuleb (<em>ca<\/em> minut v\u00f5i paar). Keera krepp hoolikalt \u00fcmber ja k\u00fcpseta minutike ka teiselt poolt. J\u00e4tka kuni kogu tainas on kasutatud, peaksid saama umbes 8 kooki sellest.<\/li>\n<li>L\u00f5ika brokoli \u00f5isikutest ja keeda soolaga maitsestatud vees <em>ca<\/em> 8 minutit, kurna ja kasta \u00f5isikud k\u00fclma vette.<\/li>\n<li>Sega <em>ricotta<\/em> 2 spl parmesaniga ja soola ning pipraga ja lisa v\u00e4ga v\u00e4ikesteks kuubikuteks l\u00f5igatud <em>mozzarella<\/em>.<\/li>\n<li>T\u00e4ida krepid <em>ricotta<\/em> seguga ja lisa ka h\u00e4sti n\u00f5rutatud brokoli.<\/li>\n<li>Sulge krepid (vt pilti) ja aseta need kergelt \u00f5litatud pannile. Puista \u00fcle \u00fclej\u00e4\u00e4nud parmesaniga ja pruunista madalal tulel 10-15 minutit.<\/li>\n<li>Serveeri kuumalt.<\/li>\n<\/ol>\n","protected":false},"excerpt":{"rendered":"<p>Vaja l\u00e4heb:<\/p>\n<ul>\n<li>2 muna<\/li>\n<li>60 g <a href=\"https:\/\/bio4you.eu\/et\/jahud\/4113-gluteenivaba-kikerhernejahu-400g.html?utm_source=bioretsept&amp;utm_medium=retsept&amp;utm_campaign=kikerhernekrepp\" target=\"_blank\" rel=\"noopener\">kikerhernejahu<\/a><\/li>\n<li>40 g <a href=\"https:\/\/bio4you.eu\/et\/jahud\/4327-mahe-toor-tatrajahu-1kg.html?utm_source=bioretsept&amp;utm_medium=retsept&amp;utm_campaign=kikerhernekrepp\" target=\"_blank\" rel=\"noopener\">tatrajahu<\/a><\/li>\n<li>300 ml vett<\/li>\n<li>2 spl <a href=\"https:\/\/bio4you.eu\/et\/olid-kastmed-kreemid\/2245-ekstra-neitsioliivioli-500ml.html?utm_source=bioretsept&amp;utm_medium=retsept&amp;utm_campaign=kikerhernekrepp\" target=\"_blank\" rel=\"noopener\">ekstra neitsioliivi\u00f5li<\/a><\/li>\n<li>soola<\/li>\n<\/ul>\n<p>T\u00e4idise jaoks:<\/p>\n<ul>\n<li>250 g v\u00e4rsket<em> ricotta<\/em>&#8216;t<\/li>\n<li>2 spl riivitud parmesani<\/li>\n<li>100 g <em>mozzarella<\/em>&#8216;t<\/li>\n<li>250 g brokolit<\/li>\n<li>ekstra neitsioliivi\u00f5li maitseks<\/li>\n<li><a href=\"https:\/\/bio4you.eu\/et\/maitseained-ja-magustajad\/902-trapani-meresool-peen-1kg.html?utm_source=bioretsept&amp;utm_medium=retsept&amp;utm_campaign=kikerhernekrepp\" target=\"_blank\" rel=\"noopener\">soola<\/a><\/li>\n<li>pipart<\/li>\n<\/ul>\n","protected":false},"featured_media":4064,"comment_status":"open","ping_status":"closed","template":"","meta":{"_exactmetrics_skip_tracking":false,"_exactmetrics_sitenote_active":false,"_exactmetrics_sitenote_note":"","_exactmetrics_sitenote_category":0},"product_cat":[59,60,63,383],"product_tag":[],"class_list":{"0":"post-4063","1":"product","2":"type-product","3":"status-publish","4":"has-post-thumbnail","6":"product_cat-featured","7":"product_cat-toiduretseptid","8":"product_cat-gluteenivabad-retseptid","9":"product_cat-taimetoit","11":"first","12":"instock","13":"shipping-taxable","14":"product-type-simple"},"yoast_head":"<!-- This site is optimized with the Yoast SEO plugin v23.3 - https:\/\/yoast.com\/wordpress\/plugins\/seo\/ -->\n<title>GV hommikus\u00f6\u00f6gikrepid kikerhernejahust - bio4you.eu\/retseptid<\/title>\n<meta name=\"description\" content=\"Itaaliap\u00e4rased juustused kikerhernekrepid, mis on gluteenivabad ja maitsevad kogu perele! Ideaalne hommikus\u00f6\u00f6k.\" \/>\n<meta name=\"robots\" content=\"index, follow, max-snippet:-1, max-image-preview:large, max-video-preview:-1\" \/>\n<link rel=\"canonical\" href=\"https:\/\/bio4you.eu\/retseptid\/toode\/gv-hommikusoogikrepid-kikerhernejahust\/\" \/>\n<meta property=\"og:locale\" content=\"et_EE\" \/>\n<meta property=\"og:type\" content=\"article\" \/>\n<meta property=\"og:title\" content=\"GV hommikus\u00f6\u00f6gikrepid kikerhernejahust - bio4you.eu\/retseptid\" \/>\n<meta property=\"og:description\" content=\"Itaaliap\u00e4rased juustused kikerhernekrepid, mis on gluteenivabad ja maitsevad kogu perele! Ideaalne hommikus\u00f6\u00f6k.\" \/>\n<meta property=\"og:url\" content=\"https:\/\/bio4you.eu\/retseptid\/toode\/gv-hommikusoogikrepid-kikerhernejahust\/\" \/>\n<meta property=\"og:site_name\" content=\"bio4you.eu\/retseptid\" \/>\n<meta property=\"article:modified_time\" content=\"2022-09-30T10:23:10+00:00\" \/>\n<meta property=\"og:image\" content=\"https:\/\/bio4you.eu\/retseptid\/wp-content\/uploads\/2022\/09\/140388267_4881330005274852_1590345345402942873_n.jpg\" \/>\n\t<meta property=\"og:image:width\" content=\"1786\" \/>\n\t<meta property=\"og:image:height\" content=\"1786\" \/>\n\t<meta property=\"og:image:type\" content=\"image\/jpeg\" \/>\n<meta name=\"twitter:label1\" content=\"Est. reading time\" \/>\n\t<meta name=\"twitter:data1\" content=\"1 minut\" \/>\n<script type=\"application\/ld+json\" class=\"yoast-schema-graph\">{\"@context\":\"https:\/\/schema.org\",\"@graph\":[{\"@type\":\"WebPage\",\"@id\":\"https:\/\/bio4you.eu\/retseptid\/toode\/gv-hommikusoogikrepid-kikerhernejahust\/\",\"url\":\"https:\/\/bio4you.eu\/retseptid\/toode\/gv-hommikusoogikrepid-kikerhernejahust\/\",\"name\":\"GV hommikus\u00f6\u00f6gikrepid kikerhernejahust - bio4you.eu\/retseptid\",\"isPartOf\":{\"@id\":\"https:\/\/bio4you.eu\/retseptid\/#website\"},\"primaryImageOfPage\":{\"@id\":\"https:\/\/bio4you.eu\/retseptid\/toode\/gv-hommikusoogikrepid-kikerhernejahust\/#primaryimage\"},\"image\":{\"@id\":\"https:\/\/bio4you.eu\/retseptid\/toode\/gv-hommikusoogikrepid-kikerhernejahust\/#primaryimage\"},\"thumbnailUrl\":\"https:\/\/bio4you.eu\/retseptid\/wp-content\/uploads\/2022\/09\/140388267_4881330005274852_1590345345402942873_n.jpg\",\"datePublished\":\"2022-09-30T10:19:57+00:00\",\"dateModified\":\"2022-09-30T10:23:10+00:00\",\"description\":\"Itaaliap\u00e4rased juustused kikerhernekrepid, mis on gluteenivabad ja maitsevad kogu perele! Ideaalne hommikus\u00f6\u00f6k.\",\"breadcrumb\":{\"@id\":\"https:\/\/bio4you.eu\/retseptid\/toode\/gv-hommikusoogikrepid-kikerhernejahust\/#breadcrumb\"},\"inLanguage\":\"et\",\"potentialAction\":[{\"@type\":\"ReadAction\",\"target\":[\"https:\/\/bio4you.eu\/retseptid\/toode\/gv-hommikusoogikrepid-kikerhernejahust\/\"]}]},{\"@type\":\"ImageObject\",\"inLanguage\":\"et\",\"@id\":\"https:\/\/bio4you.eu\/retseptid\/toode\/gv-hommikusoogikrepid-kikerhernejahust\/#primaryimage\",\"url\":\"https:\/\/bio4you.eu\/retseptid\/wp-content\/uploads\/2022\/09\/140388267_4881330005274852_1590345345402942873_n.jpg\",\"contentUrl\":\"https:\/\/bio4you.eu\/retseptid\/wp-content\/uploads\/2022\/09\/140388267_4881330005274852_1590345345402942873_n.jpg\",\"width\":1786,\"height\":1786},{\"@type\":\"BreadcrumbList\",\"@id\":\"https:\/\/bio4you.eu\/retseptid\/toode\/gv-hommikusoogikrepid-kikerhernejahust\/#breadcrumb\",\"itemListElement\":[{\"@type\":\"ListItem\",\"position\":1,\"name\":\"Home\",\"item\":\"https:\/\/bio4you.eu\/retseptid\/\"},{\"@type\":\"ListItem\",\"position\":2,\"name\":\"GV hommikus\u00f6\u00f6gikrepid kikerhernejahust\"}]},{\"@type\":\"WebSite\",\"@id\":\"https:\/\/bio4you.eu\/retseptid\/#website\",\"url\":\"https:\/\/bio4you.eu\/retseptid\/\",\"name\":\"bio4you.eu\/retseptid\",\"description\":\"\u00d6ko retseptid ise tegemiseks, looduslikest koostisainetest. Maitsev toit, iluhooldus, kodupuhastus ja aiandus.\",\"potentialAction\":[{\"@type\":\"SearchAction\",\"target\":{\"@type\":\"EntryPoint\",\"urlTemplate\":\"https:\/\/bio4you.eu\/retseptid\/?s={search_term_string}\"},\"query-input\":\"required name=search_term_string\"}],\"inLanguage\":\"et\"}]}<\/script>\n<!-- \/ Yoast SEO plugin. -->","yoast_head_json":{"title":"GV hommikus\u00f6\u00f6gikrepid kikerhernejahust - bio4you.eu\/retseptid","description":"Itaaliap\u00e4rased juustused kikerhernekrepid, mis on gluteenivabad ja maitsevad kogu perele! Ideaalne hommikus\u00f6\u00f6k.","robots":{"index":"index","follow":"follow","max-snippet":"max-snippet:-1","max-image-preview":"max-image-preview:large","max-video-preview":"max-video-preview:-1"},"canonical":"https:\/\/bio4you.eu\/retseptid\/toode\/gv-hommikusoogikrepid-kikerhernejahust\/","og_locale":"et_EE","og_type":"article","og_title":"GV hommikus\u00f6\u00f6gikrepid kikerhernejahust - bio4you.eu\/retseptid","og_description":"Itaaliap\u00e4rased juustused kikerhernekrepid, mis on gluteenivabad ja maitsevad kogu perele! Ideaalne hommikus\u00f6\u00f6k.","og_url":"https:\/\/bio4you.eu\/retseptid\/toode\/gv-hommikusoogikrepid-kikerhernejahust\/","og_site_name":"bio4you.eu\/retseptid","article_modified_time":"2022-09-30T10:23:10+00:00","og_image":[{"width":1786,"height":1786,"url":"https:\/\/bio4you.eu\/retseptid\/wp-content\/uploads\/2022\/09\/140388267_4881330005274852_1590345345402942873_n.jpg","type":"image\/jpeg"}],"twitter_misc":{"Est. reading time":"1 minut"},"schema":{"@context":"https:\/\/schema.org","@graph":[{"@type":"WebPage","@id":"https:\/\/bio4you.eu\/retseptid\/toode\/gv-hommikusoogikrepid-kikerhernejahust\/","url":"https:\/\/bio4you.eu\/retseptid\/toode\/gv-hommikusoogikrepid-kikerhernejahust\/","name":"GV hommikus\u00f6\u00f6gikrepid kikerhernejahust - bio4you.eu\/retseptid","isPartOf":{"@id":"https:\/\/bio4you.eu\/retseptid\/#website"},"primaryImageOfPage":{"@id":"https:\/\/bio4you.eu\/retseptid\/toode\/gv-hommikusoogikrepid-kikerhernejahust\/#primaryimage"},"image":{"@id":"https:\/\/bio4you.eu\/retseptid\/toode\/gv-hommikusoogikrepid-kikerhernejahust\/#primaryimage"},"thumbnailUrl":"https:\/\/bio4you.eu\/retseptid\/wp-content\/uploads\/2022\/09\/140388267_4881330005274852_1590345345402942873_n.jpg","datePublished":"2022-09-30T10:19:57+00:00","dateModified":"2022-09-30T10:23:10+00:00","description":"Itaaliap\u00e4rased juustused kikerhernekrepid, mis on gluteenivabad ja maitsevad kogu perele! Ideaalne hommikus\u00f6\u00f6k.","breadcrumb":{"@id":"https:\/\/bio4you.eu\/retseptid\/toode\/gv-hommikusoogikrepid-kikerhernejahust\/#breadcrumb"},"inLanguage":"et","potentialAction":[{"@type":"ReadAction","target":["https:\/\/bio4you.eu\/retseptid\/toode\/gv-hommikusoogikrepid-kikerhernejahust\/"]}]},{"@type":"ImageObject","inLanguage":"et","@id":"https:\/\/bio4you.eu\/retseptid\/toode\/gv-hommikusoogikrepid-kikerhernejahust\/#primaryimage","url":"https:\/\/bio4you.eu\/retseptid\/wp-content\/uploads\/2022\/09\/140388267_4881330005274852_1590345345402942873_n.jpg","contentUrl":"https:\/\/bio4you.eu\/retseptid\/wp-content\/uploads\/2022\/09\/140388267_4881330005274852_1590345345402942873_n.jpg","width":1786,"height":1786},{"@type":"BreadcrumbList","@id":"https:\/\/bio4you.eu\/retseptid\/toode\/gv-hommikusoogikrepid-kikerhernejahust\/#breadcrumb","itemListElement":[{"@type":"ListItem","position":1,"name":"Home","item":"https:\/\/bio4you.eu\/retseptid\/"},{"@type":"ListItem","position":2,"name":"GV hommikus\u00f6\u00f6gikrepid kikerhernejahust"}]},{"@type":"WebSite","@id":"https:\/\/bio4you.eu\/retseptid\/#website","url":"https:\/\/bio4you.eu\/retseptid\/","name":"bio4you.eu\/retseptid","description":"\u00d6ko retseptid ise tegemiseks, looduslikest koostisainetest. Maitsev toit, iluhooldus, kodupuhastus ja aiandus.","potentialAction":[{"@type":"SearchAction","target":{"@type":"EntryPoint","urlTemplate":"https:\/\/bio4you.eu\/retseptid\/?s={search_term_string}"},"query-input":"required name=search_term_string"}],"inLanguage":"et"}]}},"_links":{"self":[{"href":"https:\/\/bio4you.eu\/retseptid\/wp-json\/wp\/v2\/product\/4063"}],"collection":[{"href":"https:\/\/bio4you.eu\/retseptid\/wp-json\/wp\/v2\/product"}],"about":[{"href":"https:\/\/bio4you.eu\/retseptid\/wp-json\/wp\/v2\/types\/product"}],"replies":[{"embeddable":true,"href":"https:\/\/bio4you.eu\/retseptid\/wp-json\/wp\/v2\/comments?post=4063"}],"wp:featuredmedia":[{"embeddable":true,"href":"https:\/\/bio4you.eu\/retseptid\/wp-json\/wp\/v2\/media\/4064"}],"wp:attachment":[{"href":"https:\/\/bio4you.eu\/retseptid\/wp-json\/wp\/v2\/media?parent=4063"}],"wp:term":[{"taxonomy":"product_cat","embeddable":true,"href":"https:\/\/bio4you.eu\/retseptid\/wp-json\/wp\/v2\/product_cat?post=4063"},{"taxonomy":"product_tag","embeddable":true,"href":"https:\/\/bio4you.eu\/retseptid\/wp-json\/wp\/v2\/product_tag?post=4063"}],"curies":[{"name":"wp","href":"https:\/\/api.w.org\/{rel}","templated":true}]}}