{"id":4072,"date":"2022-10-21T15:12:42","date_gmt":"2022-10-21T12:12:42","guid":{"rendered":"https:\/\/bio4you.eu\/retseptid\/?post_type=product&#038;p=4072"},"modified":"2022-10-21T15:14:41","modified_gmt":"2022-10-21T12:14:41","slug":"red-velvet-muffinid","status":"publish","type":"product","link":"https:\/\/bio4you.eu\/retseptid\/toode\/red-velvet-muffinid\/","title":{"rendered":"Red velvet muffinid"},"content":{"rendered":"<p>Valmistamine:<\/p>\n<ol>\n<li>Soojenda ahi kuni 180\u00b0C ja pane muffinivormi paberid.<\/li>\n<li>Sega linaseemned veega ning oota 5 minutit, et segu taheneks.<\/li>\n<li>Sega k\u00f6\u00f6gikombainis peet, mandliv\u00f5i, linaseemne segu, vanilje ning mandlipiim.<\/li>\n<li>Pane kogu segu suurde kaussi ja sega juurde teised koostisosad.<\/li>\n<li>T\u00e4ida muffinivormid peaagu \u00e4\u00e4reni.<\/li>\n<li>K\u00fcpseta 30-35 minutit (kontrolli hambaorgiga).<\/li>\n<li>Kui muffinid on k\u00fcpsed, oota v\u00e4hemalt 20 minutit, et need vormist eemaldada. P\u00e4rast muffinite v\u00e4lja v\u00f5tmist lase neil t\u00e4ielikult jahtuda.<\/li>\n<li>Enne serveerimist kaunista muffinid vahukoore ning suhkrukaunistustega.<\/li>\n<\/ol>\n","protected":false},"excerpt":{"rendered":"<p>Vaja l\u00e4heb:<\/p>\n<ul>\n<li>150 g keedetud (v\u00f5i aurutatud) peeti<\/li>\n<li>125 g <a href=\"https:\/\/bio4you.eu\/et\/outlet\/3493-mandlivoie-350g.html?utm_source=bioretsept&amp;utm_medium=retsept&amp;utm_campaign=muffinid\" target=\"_blank\" rel=\"noopener\">mandliv\u00f5id<\/a><\/li>\n<li>1 spl purustatud <a href=\"https:\/\/bio4you.eu\/et\/supertoidud\/5039-linaseemned-1kg.html?utm_source=bioretsept&amp;utm_medium=retsept&amp;utm_campaign=muffinid\" target=\"_blank\" rel=\"noopener\">linaseemneid<\/a> + 3 spl vett<\/li>\n<li>1 spl vaniljeekstrakti<\/li>\n<li>120 ml <a href=\"https:\/\/bio4you.eu\/et\/taimsed-joogid-ja-kreemid\/3285-suhkruvaba-mandlijook-6-1l.html?utm_source=bioretsept&amp;utm_medium=retsept&amp;utm_campaign=muffinid\" target=\"_blank\" rel=\"noopener\">mandlipiima<\/a><\/li>\n<li>150 g <a href=\"https:\/\/bio4you.eu\/et\/suhkur\/3630-ajurveeda-jaggery-suhkur-400g.html?utm_source=bioretsept&amp;utm_medium=retsept&amp;utm_campaign=muffinid\" target=\"_blank\" rel=\"noopener\">suhkrut<\/a><\/li>\n<li>50 g <a href=\"https:\/\/bio4you.eu\/et\/jahud\/5396-mandlijahu-150g.html?utm_source=bioretsept&amp;utm_medium=retsept&amp;utm_campaign=muffinid\" target=\"_blank\" rel=\"noopener\">mandlijahu<\/a><\/li>\n<li>25 g <a href=\"https:\/\/bio4you.eu\/et\/supertoidud\/1725-toorkakao-pulber-250g.html?utm_source=bioretsept&amp;utm_medium=retsept&amp;utm_campaign=muffinid\" target=\"_blank\" rel=\"noopener\">toorkakaopulbrit<\/a><\/li>\n<li>20 g <a href=\"https:\/\/bio4you.eu\/et\/immuunsus\/1931-acerola-kirsi-pulber-60g-nutrisslim.html?utm_source=bioretsept&amp;utm_medium=retsept&amp;utm_campaign=muffinid\" target=\"_blank\" rel=\"noopener\">acerolapulbrit<\/a><\/li>\n<li>1 pakk <a href=\"https:\/\/bio4you.eu\/et\/maitseained-ja-magustajad\/2565-gluteenivaba-kuepsetuspulber-3x18g.html?utm_source=bioretsept&amp;utm_medium=retsept&amp;utm_campaign=muffinid\" target=\"_blank\" rel=\"noopener\">k\u00fcpsetuspulbrit<\/a> (18 g)<\/li>\n<li>pisut<a href=\"https:\/\/bio4you.eu\/et\/maitseained-ja-magustajad\/5492-himaalaja-roosa-sool-peen-1kg.html?utm_source=bioretsept&amp;utm_medium=retsept&amp;utm_campaign=muffinid\" target=\"_blank\" rel=\"noopener\"> Himaalaja soola<\/a><\/li>\n<li>soovitame ka: 1 tl peedipulbrit (punase v\u00e4rvi jaoks)<\/li>\n<\/ul>\n<p>Kaunistuseks:<\/p>\n<ul>\n<li>vahukoort (soovi korral vegan)<\/li>\n<li>mustad ja punased suhkrukaunistused<\/li>\n<\/ul>\n","protected":false},"featured_media":4073,"comment_status":"open","ping_status":"closed","template":"","meta":{"_exactmetrics_skip_tracking":false,"_exactmetrics_sitenote_active":false,"_exactmetrics_sitenote_note":"","_exactmetrics_sitenote_category":0},"product_cat":[59,60,382,63,383,280,365],"product_tag":[],"class_list":{"0":"post-4072","1":"product","2":"type-product","3":"status-publish","4":"has-post-thumbnail","6":"product_cat-featured","7":"product_cat-toiduretseptid","8":"product_cat-vegan-toiduretseptid","9":"product_cat-gluteenivabad-retseptid","10":"product_cat-taimetoit","11":"product_cat-koogid-ja-kupsised","12":"product_cat-laste-lemmikud","14":"first","15":"instock","16":"shipping-taxable","17":"product-type-simple"},"yoast_head":"<!-- This site is optimized with the Yoast SEO plugin v23.3 - https:\/\/yoast.com\/wordpress\/plugins\/seo\/ -->\n<title>Red velvet muffinid - bio4you.eu\/retseptid<\/title>\n<meta name=\"description\" content=\"\u00d5udselt maitsvad ja tervislikud mandli-peedimuffinid, mis \u00f5igete suhkrukaunistustega sobivad ideaalselt Halloweenilauale!\" \/>\n<meta name=\"robots\" content=\"index, follow, max-snippet:-1, max-image-preview:large, max-video-preview:-1\" \/>\n<link rel=\"canonical\" href=\"https:\/\/bio4you.eu\/retseptid\/toode\/red-velvet-muffinid\/\" \/>\n<meta property=\"og:locale\" content=\"et_EE\" \/>\n<meta property=\"og:type\" content=\"article\" \/>\n<meta property=\"og:title\" content=\"Red velvet muffinid - bio4you.eu\/retseptid\" \/>\n<meta property=\"og:description\" content=\"\u00d5udselt maitsvad ja tervislikud mandli-peedimuffinid, mis \u00f5igete suhkrukaunistustega sobivad ideaalselt Halloweenilauale!\" \/>\n<meta property=\"og:url\" content=\"https:\/\/bio4you.eu\/retseptid\/toode\/red-velvet-muffinid\/\" \/>\n<meta property=\"og:site_name\" content=\"bio4you.eu\/retseptid\" \/>\n<meta property=\"article:modified_time\" content=\"2022-10-21T12:14:41+00:00\" \/>\n<meta property=\"og:image\" content=\"https:\/\/bio4you.eu\/retseptid\/wp-content\/uploads\/2022\/10\/ezgif.com-gif-maker-3-1.jpg\" \/>\n\t<meta property=\"og:image:width\" content=\"2000\" \/>\n\t<meta property=\"og:image:height\" content=\"2000\" \/>\n\t<meta property=\"og:image:type\" content=\"image\/jpeg\" \/>\n<meta name=\"twitter:label1\" content=\"Est. reading time\" \/>\n\t<meta name=\"twitter:data1\" content=\"1 minut\" \/>\n<script type=\"application\/ld+json\" class=\"yoast-schema-graph\">{\"@context\":\"https:\/\/schema.org\",\"@graph\":[{\"@type\":\"WebPage\",\"@id\":\"https:\/\/bio4you.eu\/retseptid\/toode\/red-velvet-muffinid\/\",\"url\":\"https:\/\/bio4you.eu\/retseptid\/toode\/red-velvet-muffinid\/\",\"name\":\"Red velvet muffinid - bio4you.eu\/retseptid\",\"isPartOf\":{\"@id\":\"https:\/\/bio4you.eu\/retseptid\/#website\"},\"primaryImageOfPage\":{\"@id\":\"https:\/\/bio4you.eu\/retseptid\/toode\/red-velvet-muffinid\/#primaryimage\"},\"image\":{\"@id\":\"https:\/\/bio4you.eu\/retseptid\/toode\/red-velvet-muffinid\/#primaryimage\"},\"thumbnailUrl\":\"https:\/\/bio4you.eu\/retseptid\/wp-content\/uploads\/2022\/10\/ezgif.com-gif-maker-3-1.jpg\",\"datePublished\":\"2022-10-21T12:12:42+00:00\",\"dateModified\":\"2022-10-21T12:14:41+00:00\",\"description\":\"\u00d5udselt maitsvad ja tervislikud mandli-peedimuffinid, mis \u00f5igete suhkrukaunistustega sobivad ideaalselt Halloweenilauale!\",\"breadcrumb\":{\"@id\":\"https:\/\/bio4you.eu\/retseptid\/toode\/red-velvet-muffinid\/#breadcrumb\"},\"inLanguage\":\"et\",\"potentialAction\":[{\"@type\":\"ReadAction\",\"target\":[\"https:\/\/bio4you.eu\/retseptid\/toode\/red-velvet-muffinid\/\"]}]},{\"@type\":\"ImageObject\",\"inLanguage\":\"et\",\"@id\":\"https:\/\/bio4you.eu\/retseptid\/toode\/red-velvet-muffinid\/#primaryimage\",\"url\":\"https:\/\/bio4you.eu\/retseptid\/wp-content\/uploads\/2022\/10\/ezgif.com-gif-maker-3-1.jpg\",\"contentUrl\":\"https:\/\/bio4you.eu\/retseptid\/wp-content\/uploads\/2022\/10\/ezgif.com-gif-maker-3-1.jpg\",\"width\":2000,\"height\":2000},{\"@type\":\"BreadcrumbList\",\"@id\":\"https:\/\/bio4you.eu\/retseptid\/toode\/red-velvet-muffinid\/#breadcrumb\",\"itemListElement\":[{\"@type\":\"ListItem\",\"position\":1,\"name\":\"Home\",\"item\":\"https:\/\/bio4you.eu\/retseptid\/\"},{\"@type\":\"ListItem\",\"position\":2,\"name\":\"Red velvet muffinid\"}]},{\"@type\":\"WebSite\",\"@id\":\"https:\/\/bio4you.eu\/retseptid\/#website\",\"url\":\"https:\/\/bio4you.eu\/retseptid\/\",\"name\":\"bio4you.eu\/retseptid\",\"description\":\"\u00d6ko retseptid ise tegemiseks, looduslikest koostisainetest. Maitsev toit, iluhooldus, kodupuhastus ja aiandus.\",\"potentialAction\":[{\"@type\":\"SearchAction\",\"target\":{\"@type\":\"EntryPoint\",\"urlTemplate\":\"https:\/\/bio4you.eu\/retseptid\/?s={search_term_string}\"},\"query-input\":\"required name=search_term_string\"}],\"inLanguage\":\"et\"}]}<\/script>\n<!-- \/ Yoast SEO plugin. -->","yoast_head_json":{"title":"Red velvet muffinid - bio4you.eu\/retseptid","description":"\u00d5udselt maitsvad ja tervislikud mandli-peedimuffinid, mis \u00f5igete suhkrukaunistustega sobivad ideaalselt Halloweenilauale!","robots":{"index":"index","follow":"follow","max-snippet":"max-snippet:-1","max-image-preview":"max-image-preview:large","max-video-preview":"max-video-preview:-1"},"canonical":"https:\/\/bio4you.eu\/retseptid\/toode\/red-velvet-muffinid\/","og_locale":"et_EE","og_type":"article","og_title":"Red velvet muffinid - bio4you.eu\/retseptid","og_description":"\u00d5udselt maitsvad ja tervislikud mandli-peedimuffinid, mis \u00f5igete suhkrukaunistustega sobivad ideaalselt Halloweenilauale!","og_url":"https:\/\/bio4you.eu\/retseptid\/toode\/red-velvet-muffinid\/","og_site_name":"bio4you.eu\/retseptid","article_modified_time":"2022-10-21T12:14:41+00:00","og_image":[{"width":2000,"height":2000,"url":"https:\/\/bio4you.eu\/retseptid\/wp-content\/uploads\/2022\/10\/ezgif.com-gif-maker-3-1.jpg","type":"image\/jpeg"}],"twitter_misc":{"Est. reading time":"1 minut"},"schema":{"@context":"https:\/\/schema.org","@graph":[{"@type":"WebPage","@id":"https:\/\/bio4you.eu\/retseptid\/toode\/red-velvet-muffinid\/","url":"https:\/\/bio4you.eu\/retseptid\/toode\/red-velvet-muffinid\/","name":"Red velvet muffinid - bio4you.eu\/retseptid","isPartOf":{"@id":"https:\/\/bio4you.eu\/retseptid\/#website"},"primaryImageOfPage":{"@id":"https:\/\/bio4you.eu\/retseptid\/toode\/red-velvet-muffinid\/#primaryimage"},"image":{"@id":"https:\/\/bio4you.eu\/retseptid\/toode\/red-velvet-muffinid\/#primaryimage"},"thumbnailUrl":"https:\/\/bio4you.eu\/retseptid\/wp-content\/uploads\/2022\/10\/ezgif.com-gif-maker-3-1.jpg","datePublished":"2022-10-21T12:12:42+00:00","dateModified":"2022-10-21T12:14:41+00:00","description":"\u00d5udselt maitsvad ja tervislikud mandli-peedimuffinid, mis \u00f5igete suhkrukaunistustega sobivad ideaalselt Halloweenilauale!","breadcrumb":{"@id":"https:\/\/bio4you.eu\/retseptid\/toode\/red-velvet-muffinid\/#breadcrumb"},"inLanguage":"et","potentialAction":[{"@type":"ReadAction","target":["https:\/\/bio4you.eu\/retseptid\/toode\/red-velvet-muffinid\/"]}]},{"@type":"ImageObject","inLanguage":"et","@id":"https:\/\/bio4you.eu\/retseptid\/toode\/red-velvet-muffinid\/#primaryimage","url":"https:\/\/bio4you.eu\/retseptid\/wp-content\/uploads\/2022\/10\/ezgif.com-gif-maker-3-1.jpg","contentUrl":"https:\/\/bio4you.eu\/retseptid\/wp-content\/uploads\/2022\/10\/ezgif.com-gif-maker-3-1.jpg","width":2000,"height":2000},{"@type":"BreadcrumbList","@id":"https:\/\/bio4you.eu\/retseptid\/toode\/red-velvet-muffinid\/#breadcrumb","itemListElement":[{"@type":"ListItem","position":1,"name":"Home","item":"https:\/\/bio4you.eu\/retseptid\/"},{"@type":"ListItem","position":2,"name":"Red velvet muffinid"}]},{"@type":"WebSite","@id":"https:\/\/bio4you.eu\/retseptid\/#website","url":"https:\/\/bio4you.eu\/retseptid\/","name":"bio4you.eu\/retseptid","description":"\u00d6ko retseptid ise tegemiseks, looduslikest koostisainetest. Maitsev toit, iluhooldus, kodupuhastus ja aiandus.","potentialAction":[{"@type":"SearchAction","target":{"@type":"EntryPoint","urlTemplate":"https:\/\/bio4you.eu\/retseptid\/?s={search_term_string}"},"query-input":"required name=search_term_string"}],"inLanguage":"et"}]}},"_links":{"self":[{"href":"https:\/\/bio4you.eu\/retseptid\/wp-json\/wp\/v2\/product\/4072"}],"collection":[{"href":"https:\/\/bio4you.eu\/retseptid\/wp-json\/wp\/v2\/product"}],"about":[{"href":"https:\/\/bio4you.eu\/retseptid\/wp-json\/wp\/v2\/types\/product"}],"replies":[{"embeddable":true,"href":"https:\/\/bio4you.eu\/retseptid\/wp-json\/wp\/v2\/comments?post=4072"}],"wp:featuredmedia":[{"embeddable":true,"href":"https:\/\/bio4you.eu\/retseptid\/wp-json\/wp\/v2\/media\/4073"}],"wp:attachment":[{"href":"https:\/\/bio4you.eu\/retseptid\/wp-json\/wp\/v2\/media?parent=4072"}],"wp:term":[{"taxonomy":"product_cat","embeddable":true,"href":"https:\/\/bio4you.eu\/retseptid\/wp-json\/wp\/v2\/product_cat?post=4072"},{"taxonomy":"product_tag","embeddable":true,"href":"https:\/\/bio4you.eu\/retseptid\/wp-json\/wp\/v2\/product_tag?post=4072"}],"curies":[{"name":"wp","href":"https:\/\/api.w.org\/{rel}","templated":true}]}}