{"id":4120,"date":"2023-03-17T13:12:41","date_gmt":"2023-03-17T11:12:41","guid":{"rendered":"https:\/\/bio4you.eu\/retseptid\/?post_type=product&#038;p=4120"},"modified":"2023-03-17T13:24:56","modified_gmt":"2023-03-17T11:24:56","slug":"maasika-snickersi-smuuti","status":"publish","type":"product","link":"https:\/\/bio4you.eu\/retseptid\/toode\/maasika-snickersi-smuuti\/","title":{"rendered":"Maasika-Snickersi smuuti"},"content":{"rendered":"<p>Igap\u00e4evane kollageeni lisamine men\u00fc\u00fcsse v\u00f5ib parandada naha niiskustaset, peeneid jooni ja naha \u00fcldist v\u00e4limust. Samuti toetab kollageen juuste ja k\u00fc\u00fcnte kasvu. S\u00e4ilitab terve soolebarj\u00e4\u00e4ri ja toetab head seedimist.<\/p>\n<p>Valmistamine:<\/p>\n<ol>\n<li>Blenderda k\u00f5ik koostisosad va maasikad ja kakaonibsid.<\/li>\n<li>Kalla jook klaasi ja sega sisse kakaonibsid, peale pane maasikad.<\/li>\n<li>Naudi k\u00fclmalt!<\/li>\n<\/ol>\n","protected":false},"excerpt":{"rendered":"<p>Vaja l\u00e4heb:<\/p>\n<ul>\n<li>1 k\u00fclmutatud banaan<\/li>\n<li>1 kulbit\u00e4is <a href=\"https:\/\/bio4you.eu\/et\/naistele\/3224-kollageenijoogi-pulber-nahale-skin-care-120g-toidulisand.html\" target=\"_blank\" rel=\"noopener\">Nature&#8217;s Finest &#8220;Skin Care&#8221; kollageenijoogipulbrit<\/a><\/li>\n<li>15 g <a href=\"https:\/\/bio4you.eu\/et\/paehklikreemid-ja-voided\/3316-maapaehklivoie-crunchy-strawberry-350g.html\" target=\"_blank\" rel=\"noopener\">Nature&#8217;s Finest maap\u00e4hkliv\u00f5id<\/a><\/li>\n<li>1 tl <a href=\"https:\/\/bio4you.eu\/et\/supertoidud\/1725-toorkakao-pulber-250g.html\">Nature&#8217;s Finest toorkakakaopulbrit<\/a><\/li>\n<li>125 ml <a href=\"https:\/\/bio4you.eu\/et\/otsi?controller=search&amp;order=product.position.desc&amp;s=kaerajook\" target=\"_blank\" rel=\"noopener\">kaerapiima<\/a><\/li>\n<li>1 tl <a href=\"https:\/\/bio4you.eu\/et\/supertoidud\/1933-toorkakao-nibsid-250g-nutrisslim.html\" target=\"_blank\" rel=\"noopener\">kakaonibse<\/a><\/li>\n<li>k\u00fclmkuivatatud maasikaid<\/li>\n<\/ul>\n","protected":false},"featured_media":4121,"comment_status":"open","ping_status":"closed","template":"","meta":{"_exactmetrics_skip_tracking":false,"_exactmetrics_sitenote_active":false,"_exactmetrics_sitenote_note":"","_exactmetrics_sitenote_category":0},"product_cat":[59,60,376],"product_tag":[],"class_list":{"0":"post-4120","1":"product","2":"type-product","3":"status-publish","4":"has-post-thumbnail","6":"product_cat-featured","7":"product_cat-toiduretseptid","8":"product_cat-smuutid","10":"first","11":"instock","12":"shipping-taxable","13":"product-type-simple"},"yoast_head":"<!-- This site is optimized with the Yoast SEO plugin v23.3 - https:\/\/yoast.com\/wordpress\/plugins\/seo\/ -->\n<title>Maasika-Snickersi smuuti - bio4you.eu\/retseptid<\/title>\n<meta name=\"description\" content=\"Suurep\u00e4rase maitsega tervislik smuuti, mida joo kasv\u00f5i iga p\u00e4ev! Sisaldab kollageeni, mis hoiab su naha nooruslikuna!\" \/>\n<meta name=\"robots\" content=\"index, follow, max-snippet:-1, max-image-preview:large, max-video-preview:-1\" \/>\n<link rel=\"canonical\" href=\"https:\/\/bio4you.eu\/retseptid\/toode\/maasika-snickersi-smuuti\/\" \/>\n<meta property=\"og:locale\" content=\"et_EE\" \/>\n<meta property=\"og:type\" content=\"article\" \/>\n<meta property=\"og:title\" content=\"Maasika-Snickersi smuuti - bio4you.eu\/retseptid\" \/>\n<meta property=\"og:description\" content=\"Suurep\u00e4rase maitsega tervislik smuuti, mida joo kasv\u00f5i iga p\u00e4ev! Sisaldab kollageeni, mis hoiab su naha nooruslikuna!\" \/>\n<meta property=\"og:url\" content=\"https:\/\/bio4you.eu\/retseptid\/toode\/maasika-snickersi-smuuti\/\" \/>\n<meta property=\"og:site_name\" content=\"bio4you.eu\/retseptid\" \/>\n<meta property=\"article:modified_time\" content=\"2023-03-17T11:24:56+00:00\" \/>\n<meta property=\"og:image\" content=\"https:\/\/bio4you.eu\/retseptid\/wp-content\/uploads\/2023\/03\/274317233_3181959038748258_6789764561767331999_n.jpg\" \/>\n\t<meta property=\"og:image:width\" content=\"1639\" \/>\n\t<meta property=\"og:image:height\" content=\"2048\" \/>\n\t<meta property=\"og:image:type\" content=\"image\/jpeg\" \/>\n<meta name=\"twitter:label1\" content=\"Est. reading time\" \/>\n\t<meta name=\"twitter:data1\" content=\"1 minut\" \/>\n<script type=\"application\/ld+json\" class=\"yoast-schema-graph\">{\"@context\":\"https:\/\/schema.org\",\"@graph\":[{\"@type\":\"WebPage\",\"@id\":\"https:\/\/bio4you.eu\/retseptid\/toode\/maasika-snickersi-smuuti\/\",\"url\":\"https:\/\/bio4you.eu\/retseptid\/toode\/maasika-snickersi-smuuti\/\",\"name\":\"Maasika-Snickersi smuuti - bio4you.eu\/retseptid\",\"isPartOf\":{\"@id\":\"https:\/\/bio4you.eu\/retseptid\/#website\"},\"primaryImageOfPage\":{\"@id\":\"https:\/\/bio4you.eu\/retseptid\/toode\/maasika-snickersi-smuuti\/#primaryimage\"},\"image\":{\"@id\":\"https:\/\/bio4you.eu\/retseptid\/toode\/maasika-snickersi-smuuti\/#primaryimage\"},\"thumbnailUrl\":\"https:\/\/bio4you.eu\/retseptid\/wp-content\/uploads\/2023\/03\/274317233_3181959038748258_6789764561767331999_n.jpg\",\"datePublished\":\"2023-03-17T11:12:41+00:00\",\"dateModified\":\"2023-03-17T11:24:56+00:00\",\"description\":\"Suurep\u00e4rase maitsega tervislik smuuti, mida joo kasv\u00f5i iga p\u00e4ev! Sisaldab kollageeni, mis hoiab su naha nooruslikuna!\",\"breadcrumb\":{\"@id\":\"https:\/\/bio4you.eu\/retseptid\/toode\/maasika-snickersi-smuuti\/#breadcrumb\"},\"inLanguage\":\"et\",\"potentialAction\":[{\"@type\":\"ReadAction\",\"target\":[\"https:\/\/bio4you.eu\/retseptid\/toode\/maasika-snickersi-smuuti\/\"]}]},{\"@type\":\"ImageObject\",\"inLanguage\":\"et\",\"@id\":\"https:\/\/bio4you.eu\/retseptid\/toode\/maasika-snickersi-smuuti\/#primaryimage\",\"url\":\"https:\/\/bio4you.eu\/retseptid\/wp-content\/uploads\/2023\/03\/274317233_3181959038748258_6789764561767331999_n.jpg\",\"contentUrl\":\"https:\/\/bio4you.eu\/retseptid\/wp-content\/uploads\/2023\/03\/274317233_3181959038748258_6789764561767331999_n.jpg\",\"width\":1639,\"height\":2048},{\"@type\":\"BreadcrumbList\",\"@id\":\"https:\/\/bio4you.eu\/retseptid\/toode\/maasika-snickersi-smuuti\/#breadcrumb\",\"itemListElement\":[{\"@type\":\"ListItem\",\"position\":1,\"name\":\"Home\",\"item\":\"https:\/\/bio4you.eu\/retseptid\/\"},{\"@type\":\"ListItem\",\"position\":2,\"name\":\"Maasika-Snickersi smuuti\"}]},{\"@type\":\"WebSite\",\"@id\":\"https:\/\/bio4you.eu\/retseptid\/#website\",\"url\":\"https:\/\/bio4you.eu\/retseptid\/\",\"name\":\"bio4you.eu\/retseptid\",\"description\":\"\u00d6ko retseptid ise tegemiseks, looduslikest koostisainetest. Maitsev toit, iluhooldus, kodupuhastus ja aiandus.\",\"potentialAction\":[{\"@type\":\"SearchAction\",\"target\":{\"@type\":\"EntryPoint\",\"urlTemplate\":\"https:\/\/bio4you.eu\/retseptid\/?s={search_term_string}\"},\"query-input\":\"required name=search_term_string\"}],\"inLanguage\":\"et\"}]}<\/script>\n<!-- \/ Yoast SEO plugin. -->","yoast_head_json":{"title":"Maasika-Snickersi smuuti - bio4you.eu\/retseptid","description":"Suurep\u00e4rase maitsega tervislik smuuti, mida joo kasv\u00f5i iga p\u00e4ev! Sisaldab kollageeni, mis hoiab su naha nooruslikuna!","robots":{"index":"index","follow":"follow","max-snippet":"max-snippet:-1","max-image-preview":"max-image-preview:large","max-video-preview":"max-video-preview:-1"},"canonical":"https:\/\/bio4you.eu\/retseptid\/toode\/maasika-snickersi-smuuti\/","og_locale":"et_EE","og_type":"article","og_title":"Maasika-Snickersi smuuti - bio4you.eu\/retseptid","og_description":"Suurep\u00e4rase maitsega tervislik smuuti, mida joo kasv\u00f5i iga p\u00e4ev! Sisaldab kollageeni, mis hoiab su naha nooruslikuna!","og_url":"https:\/\/bio4you.eu\/retseptid\/toode\/maasika-snickersi-smuuti\/","og_site_name":"bio4you.eu\/retseptid","article_modified_time":"2023-03-17T11:24:56+00:00","og_image":[{"width":1639,"height":2048,"url":"https:\/\/bio4you.eu\/retseptid\/wp-content\/uploads\/2023\/03\/274317233_3181959038748258_6789764561767331999_n.jpg","type":"image\/jpeg"}],"twitter_misc":{"Est. reading time":"1 minut"},"schema":{"@context":"https:\/\/schema.org","@graph":[{"@type":"WebPage","@id":"https:\/\/bio4you.eu\/retseptid\/toode\/maasika-snickersi-smuuti\/","url":"https:\/\/bio4you.eu\/retseptid\/toode\/maasika-snickersi-smuuti\/","name":"Maasika-Snickersi smuuti - bio4you.eu\/retseptid","isPartOf":{"@id":"https:\/\/bio4you.eu\/retseptid\/#website"},"primaryImageOfPage":{"@id":"https:\/\/bio4you.eu\/retseptid\/toode\/maasika-snickersi-smuuti\/#primaryimage"},"image":{"@id":"https:\/\/bio4you.eu\/retseptid\/toode\/maasika-snickersi-smuuti\/#primaryimage"},"thumbnailUrl":"https:\/\/bio4you.eu\/retseptid\/wp-content\/uploads\/2023\/03\/274317233_3181959038748258_6789764561767331999_n.jpg","datePublished":"2023-03-17T11:12:41+00:00","dateModified":"2023-03-17T11:24:56+00:00","description":"Suurep\u00e4rase maitsega tervislik smuuti, mida joo kasv\u00f5i iga p\u00e4ev! Sisaldab kollageeni, mis hoiab su naha nooruslikuna!","breadcrumb":{"@id":"https:\/\/bio4you.eu\/retseptid\/toode\/maasika-snickersi-smuuti\/#breadcrumb"},"inLanguage":"et","potentialAction":[{"@type":"ReadAction","target":["https:\/\/bio4you.eu\/retseptid\/toode\/maasika-snickersi-smuuti\/"]}]},{"@type":"ImageObject","inLanguage":"et","@id":"https:\/\/bio4you.eu\/retseptid\/toode\/maasika-snickersi-smuuti\/#primaryimage","url":"https:\/\/bio4you.eu\/retseptid\/wp-content\/uploads\/2023\/03\/274317233_3181959038748258_6789764561767331999_n.jpg","contentUrl":"https:\/\/bio4you.eu\/retseptid\/wp-content\/uploads\/2023\/03\/274317233_3181959038748258_6789764561767331999_n.jpg","width":1639,"height":2048},{"@type":"BreadcrumbList","@id":"https:\/\/bio4you.eu\/retseptid\/toode\/maasika-snickersi-smuuti\/#breadcrumb","itemListElement":[{"@type":"ListItem","position":1,"name":"Home","item":"https:\/\/bio4you.eu\/retseptid\/"},{"@type":"ListItem","position":2,"name":"Maasika-Snickersi smuuti"}]},{"@type":"WebSite","@id":"https:\/\/bio4you.eu\/retseptid\/#website","url":"https:\/\/bio4you.eu\/retseptid\/","name":"bio4you.eu\/retseptid","description":"\u00d6ko retseptid ise tegemiseks, looduslikest koostisainetest. Maitsev toit, iluhooldus, kodupuhastus ja aiandus.","potentialAction":[{"@type":"SearchAction","target":{"@type":"EntryPoint","urlTemplate":"https:\/\/bio4you.eu\/retseptid\/?s={search_term_string}"},"query-input":"required name=search_term_string"}],"inLanguage":"et"}]}},"_links":{"self":[{"href":"https:\/\/bio4you.eu\/retseptid\/wp-json\/wp\/v2\/product\/4120"}],"collection":[{"href":"https:\/\/bio4you.eu\/retseptid\/wp-json\/wp\/v2\/product"}],"about":[{"href":"https:\/\/bio4you.eu\/retseptid\/wp-json\/wp\/v2\/types\/product"}],"replies":[{"embeddable":true,"href":"https:\/\/bio4you.eu\/retseptid\/wp-json\/wp\/v2\/comments?post=4120"}],"wp:featuredmedia":[{"embeddable":true,"href":"https:\/\/bio4you.eu\/retseptid\/wp-json\/wp\/v2\/media\/4121"}],"wp:attachment":[{"href":"https:\/\/bio4you.eu\/retseptid\/wp-json\/wp\/v2\/media?parent=4120"}],"wp:term":[{"taxonomy":"product_cat","embeddable":true,"href":"https:\/\/bio4you.eu\/retseptid\/wp-json\/wp\/v2\/product_cat?post=4120"},{"taxonomy":"product_tag","embeddable":true,"href":"https:\/\/bio4you.eu\/retseptid\/wp-json\/wp\/v2\/product_tag?post=4120"}],"curies":[{"name":"wp","href":"https:\/\/api.w.org\/{rel}","templated":true}]}}