{"id":4126,"date":"2023-04-06T14:56:59","date_gmt":"2023-04-06T11:56:59","guid":{"rendered":"https:\/\/bio4you.eu\/retseptid\/?post_type=product&#038;p=4126"},"modified":"2023-04-06T15:10:05","modified_gmt":"2023-04-06T12:10:05","slug":"acai-smuuti","status":"publish","type":"product","link":"https:\/\/bio4you.eu\/retseptid\/toode\/acai-smuuti\/","title":{"rendered":"A\u00e7a\u00ed smuuti"},"content":{"rendered":"<p>Valmistamine:<\/p>\n<ol>\n<li>Lisa k\u00f5ik koostisosad blenderisse ja sega, kuni saad \u00fchtlase segu.<\/li>\n<li>Kui soovid smuutit paksema tekstuuriga, lisa m\u00f5ned j\u00e4\u00e4kuubikud ja blenderda uuesti.<\/li>\n<li>Serveeri kohe ning naudi tervislikku ja maitsvat smuutit!<\/li>\n<\/ol>\n","protected":false},"excerpt":{"rendered":"<p>Acai (portugali keeles a\u00e7a\u00ed) pulber on tervislik toidulisand, mis on valmistatud kuivatatud ja jahvatatud acai marjadest, mis kasvavad Amazonase vihmametsades. Acai pulber on lilla v\u00e4rvusega ning see on rikkalik antioks\u00fcdantide, kiudainete ja tervislike rasvhapete nagu omega-3, -6 ja -9 allikas. Acai pulbrit v\u00f5ib lisada smuutidesse, putrudesse, jogurtitesse ja teistesse toitudesse, et suurendada nende toitev\u00e4\u00e4rtust ja tervislikkust.<\/p>\n<p>Vaja l\u00e4heb:<\/p>\n<ul>\n<li>1 banaan<\/li>\n<li>1\/2 tassi k\u00fclmutatud marju (nt maasikad, mustikad, vaarikad)<\/li>\n<li>1 spl <a href=\"https:\/\/bio4you.eu\/et\/immuunsus\/1808-acai-marja-pulber-60g.html\" target=\"_blank\" rel=\"noopener\">acaipulbrit<\/a><\/li>\n<li>1 tass <a href=\"https:\/\/bio4you.eu\/et\/taimsed-joogid-ja-kreemid\/3285-suhkruvaba-mandlijook-6-1l.html\" target=\"_blank\" rel=\"noopener\">mandlipiima<\/a><\/li>\n<li>1 tl mett v\u00f5i <a href=\"https:\/\/bio4you.eu\/et\/maitseained-ja-magustajad\/2073-vahtrasiirup-500ml.html\" target=\"_blank\" rel=\"noopener\">vahtrasiirupit<\/a><\/li>\n<li>1\/2 tl vanilliekstrakti<\/li>\n<li>j\u00e4\u00e4kuubikud (valikuline)<\/li>\n<\/ul>\n<div class=\"group w-full text-gray-800 dark:text-gray-100 border-b border-black\/10 dark:border-gray-900\/50 bg-gray-50 dark:bg-[#444654]\">\n<div class=\"text-base gap-4 md:gap-6 md:max-w-2xl lg:max-w-xl xl:max-w-3xl p-4 md:py-6 flex lg:px-0 m-auto\">\n<div class=\"relative flex w-[calc(100%-50px)] flex-col gap-1 md:gap-3 lg:w-[calc(100%-115px)]\">\n<div class=\"flex flex-grow flex-col gap-3\">\n<div class=\"min-h-[20px] flex flex-col items-start gap-4 whitespace-pre-wrap\">\n<div class=\"markdown prose w-full break-words dark:prose-invert light\">\n<p>Kasuta julgelt erinevaid marju vastavalt oma eelistustele ja hooajale.<\/p>\n<\/div>\n<\/div>\n<\/div>\n<\/div>\n<\/div>\n<\/div>\n","protected":false},"featured_media":4127,"comment_status":"open","ping_status":"closed","template":"","meta":{"_exactmetrics_skip_tracking":false,"_exactmetrics_sitenote_active":false,"_exactmetrics_sitenote_note":"","_exactmetrics_sitenote_category":0},"product_cat":[59,60,382,63,383,376],"product_tag":[],"class_list":{"0":"post-4126","1":"product","2":"type-product","3":"status-publish","4":"has-post-thumbnail","6":"product_cat-featured","7":"product_cat-toiduretseptid","8":"product_cat-vegan-toiduretseptid","9":"product_cat-gluteenivabad-retseptid","10":"product_cat-taimetoit","11":"product_cat-smuutid","13":"first","14":"instock","15":"shipping-taxable","16":"product-type-simple"},"yoast_head":"<!-- This site is optimized with the Yoast SEO plugin v23.3 - https:\/\/yoast.com\/wordpress\/plugins\/seo\/ -->\n<title>A\u00e7a\u00ed smuuti - bio4you.eu\/retseptid<\/title>\n<meta name=\"description\" content=\"Acai on supertoit Ladina-Ameerikast, millega saab valmistada supermaitsvaid smuutisid, putusid jne. Proovi j\u00e4rele!\" \/>\n<meta name=\"robots\" content=\"index, follow, max-snippet:-1, max-image-preview:large, max-video-preview:-1\" \/>\n<link rel=\"canonical\" href=\"https:\/\/bio4you.eu\/retseptid\/toode\/acai-smuuti\/\" \/>\n<meta property=\"og:locale\" content=\"et_EE\" \/>\n<meta property=\"og:type\" content=\"article\" \/>\n<meta property=\"og:title\" content=\"A\u00e7a\u00ed smuuti - bio4you.eu\/retseptid\" \/>\n<meta property=\"og:description\" content=\"Acai on supertoit Ladina-Ameerikast, millega saab valmistada supermaitsvaid smuutisid, putusid jne. Proovi j\u00e4rele!\" \/>\n<meta property=\"og:url\" content=\"https:\/\/bio4you.eu\/retseptid\/toode\/acai-smuuti\/\" \/>\n<meta property=\"og:site_name\" content=\"bio4you.eu\/retseptid\" \/>\n<meta property=\"article:modified_time\" content=\"2023-04-06T12:10:05+00:00\" \/>\n<meta property=\"og:image\" content=\"https:\/\/bio4you.eu\/retseptid\/wp-content\/uploads\/2023\/04\/vertical-shot-delicious-berry-smoothie-mason-jar-scaled.jpg\" \/>\n\t<meta property=\"og:image:width\" content=\"1920\" \/>\n\t<meta property=\"og:image:height\" content=\"2560\" \/>\n\t<meta property=\"og:image:type\" content=\"image\/jpeg\" \/>\n<meta name=\"twitter:label1\" content=\"Est. reading time\" \/>\n\t<meta name=\"twitter:data1\" content=\"1 minut\" \/>\n<script type=\"application\/ld+json\" class=\"yoast-schema-graph\">{\"@context\":\"https:\/\/schema.org\",\"@graph\":[{\"@type\":\"WebPage\",\"@id\":\"https:\/\/bio4you.eu\/retseptid\/toode\/acai-smuuti\/\",\"url\":\"https:\/\/bio4you.eu\/retseptid\/toode\/acai-smuuti\/\",\"name\":\"A\u00e7a\u00ed smuuti - bio4you.eu\/retseptid\",\"isPartOf\":{\"@id\":\"https:\/\/bio4you.eu\/retseptid\/#website\"},\"primaryImageOfPage\":{\"@id\":\"https:\/\/bio4you.eu\/retseptid\/toode\/acai-smuuti\/#primaryimage\"},\"image\":{\"@id\":\"https:\/\/bio4you.eu\/retseptid\/toode\/acai-smuuti\/#primaryimage\"},\"thumbnailUrl\":\"https:\/\/bio4you.eu\/retseptid\/wp-content\/uploads\/2023\/04\/vertical-shot-delicious-berry-smoothie-mason-jar-scaled.jpg\",\"datePublished\":\"2023-04-06T11:56:59+00:00\",\"dateModified\":\"2023-04-06T12:10:05+00:00\",\"description\":\"Acai on supertoit Ladina-Ameerikast, millega saab valmistada supermaitsvaid smuutisid, putusid jne. Proovi j\u00e4rele!\",\"breadcrumb\":{\"@id\":\"https:\/\/bio4you.eu\/retseptid\/toode\/acai-smuuti\/#breadcrumb\"},\"inLanguage\":\"et\",\"potentialAction\":[{\"@type\":\"ReadAction\",\"target\":[\"https:\/\/bio4you.eu\/retseptid\/toode\/acai-smuuti\/\"]}]},{\"@type\":\"ImageObject\",\"inLanguage\":\"et\",\"@id\":\"https:\/\/bio4you.eu\/retseptid\/toode\/acai-smuuti\/#primaryimage\",\"url\":\"https:\/\/bio4you.eu\/retseptid\/wp-content\/uploads\/2023\/04\/vertical-shot-delicious-berry-smoothie-mason-jar-scaled.jpg\",\"contentUrl\":\"https:\/\/bio4you.eu\/retseptid\/wp-content\/uploads\/2023\/04\/vertical-shot-delicious-berry-smoothie-mason-jar-scaled.jpg\",\"width\":1920,\"height\":2560,\"caption\":\"A vertical shot of a delicious berry smoothie in a mason jar with a blurred background\"},{\"@type\":\"BreadcrumbList\",\"@id\":\"https:\/\/bio4you.eu\/retseptid\/toode\/acai-smuuti\/#breadcrumb\",\"itemListElement\":[{\"@type\":\"ListItem\",\"position\":1,\"name\":\"Home\",\"item\":\"https:\/\/bio4you.eu\/retseptid\/\"},{\"@type\":\"ListItem\",\"position\":2,\"name\":\"A\u00e7a\u00ed smuuti\"}]},{\"@type\":\"WebSite\",\"@id\":\"https:\/\/bio4you.eu\/retseptid\/#website\",\"url\":\"https:\/\/bio4you.eu\/retseptid\/\",\"name\":\"bio4you.eu\/retseptid\",\"description\":\"\u00d6ko retseptid ise tegemiseks, looduslikest koostisainetest. Maitsev toit, iluhooldus, kodupuhastus ja aiandus.\",\"potentialAction\":[{\"@type\":\"SearchAction\",\"target\":{\"@type\":\"EntryPoint\",\"urlTemplate\":\"https:\/\/bio4you.eu\/retseptid\/?s={search_term_string}\"},\"query-input\":\"required name=search_term_string\"}],\"inLanguage\":\"et\"}]}<\/script>\n<!-- \/ Yoast SEO plugin. -->","yoast_head_json":{"title":"A\u00e7a\u00ed smuuti - bio4you.eu\/retseptid","description":"Acai on supertoit Ladina-Ameerikast, millega saab valmistada supermaitsvaid smuutisid, putusid jne. Proovi j\u00e4rele!","robots":{"index":"index","follow":"follow","max-snippet":"max-snippet:-1","max-image-preview":"max-image-preview:large","max-video-preview":"max-video-preview:-1"},"canonical":"https:\/\/bio4you.eu\/retseptid\/toode\/acai-smuuti\/","og_locale":"et_EE","og_type":"article","og_title":"A\u00e7a\u00ed smuuti - bio4you.eu\/retseptid","og_description":"Acai on supertoit Ladina-Ameerikast, millega saab valmistada supermaitsvaid smuutisid, putusid jne. Proovi j\u00e4rele!","og_url":"https:\/\/bio4you.eu\/retseptid\/toode\/acai-smuuti\/","og_site_name":"bio4you.eu\/retseptid","article_modified_time":"2023-04-06T12:10:05+00:00","og_image":[{"width":1920,"height":2560,"url":"https:\/\/bio4you.eu\/retseptid\/wp-content\/uploads\/2023\/04\/vertical-shot-delicious-berry-smoothie-mason-jar-scaled.jpg","type":"image\/jpeg"}],"twitter_misc":{"Est. reading time":"1 minut"},"schema":{"@context":"https:\/\/schema.org","@graph":[{"@type":"WebPage","@id":"https:\/\/bio4you.eu\/retseptid\/toode\/acai-smuuti\/","url":"https:\/\/bio4you.eu\/retseptid\/toode\/acai-smuuti\/","name":"A\u00e7a\u00ed smuuti - bio4you.eu\/retseptid","isPartOf":{"@id":"https:\/\/bio4you.eu\/retseptid\/#website"},"primaryImageOfPage":{"@id":"https:\/\/bio4you.eu\/retseptid\/toode\/acai-smuuti\/#primaryimage"},"image":{"@id":"https:\/\/bio4you.eu\/retseptid\/toode\/acai-smuuti\/#primaryimage"},"thumbnailUrl":"https:\/\/bio4you.eu\/retseptid\/wp-content\/uploads\/2023\/04\/vertical-shot-delicious-berry-smoothie-mason-jar-scaled.jpg","datePublished":"2023-04-06T11:56:59+00:00","dateModified":"2023-04-06T12:10:05+00:00","description":"Acai on supertoit Ladina-Ameerikast, millega saab valmistada supermaitsvaid smuutisid, putusid jne. Proovi j\u00e4rele!","breadcrumb":{"@id":"https:\/\/bio4you.eu\/retseptid\/toode\/acai-smuuti\/#breadcrumb"},"inLanguage":"et","potentialAction":[{"@type":"ReadAction","target":["https:\/\/bio4you.eu\/retseptid\/toode\/acai-smuuti\/"]}]},{"@type":"ImageObject","inLanguage":"et","@id":"https:\/\/bio4you.eu\/retseptid\/toode\/acai-smuuti\/#primaryimage","url":"https:\/\/bio4you.eu\/retseptid\/wp-content\/uploads\/2023\/04\/vertical-shot-delicious-berry-smoothie-mason-jar-scaled.jpg","contentUrl":"https:\/\/bio4you.eu\/retseptid\/wp-content\/uploads\/2023\/04\/vertical-shot-delicious-berry-smoothie-mason-jar-scaled.jpg","width":1920,"height":2560,"caption":"A vertical shot of a delicious berry smoothie in a mason jar with a blurred background"},{"@type":"BreadcrumbList","@id":"https:\/\/bio4you.eu\/retseptid\/toode\/acai-smuuti\/#breadcrumb","itemListElement":[{"@type":"ListItem","position":1,"name":"Home","item":"https:\/\/bio4you.eu\/retseptid\/"},{"@type":"ListItem","position":2,"name":"A\u00e7a\u00ed smuuti"}]},{"@type":"WebSite","@id":"https:\/\/bio4you.eu\/retseptid\/#website","url":"https:\/\/bio4you.eu\/retseptid\/","name":"bio4you.eu\/retseptid","description":"\u00d6ko retseptid ise tegemiseks, looduslikest koostisainetest. Maitsev toit, iluhooldus, kodupuhastus ja aiandus.","potentialAction":[{"@type":"SearchAction","target":{"@type":"EntryPoint","urlTemplate":"https:\/\/bio4you.eu\/retseptid\/?s={search_term_string}"},"query-input":"required name=search_term_string"}],"inLanguage":"et"}]}},"_links":{"self":[{"href":"https:\/\/bio4you.eu\/retseptid\/wp-json\/wp\/v2\/product\/4126"}],"collection":[{"href":"https:\/\/bio4you.eu\/retseptid\/wp-json\/wp\/v2\/product"}],"about":[{"href":"https:\/\/bio4you.eu\/retseptid\/wp-json\/wp\/v2\/types\/product"}],"replies":[{"embeddable":true,"href":"https:\/\/bio4you.eu\/retseptid\/wp-json\/wp\/v2\/comments?post=4126"}],"wp:featuredmedia":[{"embeddable":true,"href":"https:\/\/bio4you.eu\/retseptid\/wp-json\/wp\/v2\/media\/4127"}],"wp:attachment":[{"href":"https:\/\/bio4you.eu\/retseptid\/wp-json\/wp\/v2\/media?parent=4126"}],"wp:term":[{"taxonomy":"product_cat","embeddable":true,"href":"https:\/\/bio4you.eu\/retseptid\/wp-json\/wp\/v2\/product_cat?post=4126"},{"taxonomy":"product_tag","embeddable":true,"href":"https:\/\/bio4you.eu\/retseptid\/wp-json\/wp\/v2\/product_tag?post=4126"}],"curies":[{"name":"wp","href":"https:\/\/api.w.org\/{rel}","templated":true}]}}