{"id":4129,"date":"2023-04-13T13:11:47","date_gmt":"2023-04-13T10:11:47","guid":{"rendered":"https:\/\/bio4you.eu\/retseptid\/?post_type=product&#038;p=4129"},"modified":"2023-04-13T13:11:47","modified_gmt":"2023-04-13T10:11:47","slug":"suvine-rohelise-laatse-salat","status":"publish","type":"product","link":"https:\/\/bio4you.eu\/retseptid\/toode\/suvine-rohelise-laatse-salat\/","title":{"rendered":"Suvine rohelise l\u00e4\u00e4tse salat"},"content":{"rendered":"<p>Valmistamine:<\/p>\n<ol>\n<li>Sega l\u00e4\u00e4tsed paprika, sibula, peterselli ja m\u00fcndiga.<\/li>\n<li>Sega eraldi kausis kokku oliivi\u00f5li ja sidrunimahl ning vala segu salatile.<\/li>\n<li>Maitsesta soola ja musta pipraga ning sega k\u00f5ik koostisosad omavahel l\u00e4bi.<\/li>\n<\/ol>\n<p>Salat on maitsev iseseisva toiduna v\u00f5i lisandina teistele roogadele. Bon app\u00e9tit!<\/p>\n","protected":false},"excerpt":{"rendered":"<p>Vaja l\u00e4heb:<\/p>\n<ul>\n<li>1 purk <a href=\"https:\/\/bio4you.eu\/et\/outlet\/5510-rohelised-laeaetsed-vees-400g.html\" target=\"_blank\" rel=\"noopener\">Vital Nature rohelisi l\u00e4\u00e4tsi<\/a><\/li>\n<li>1 punane paprika, kuubikuteks l\u00f5igatud<\/li>\n<li>1 v\u00e4ike punane sibul, hakitud<\/li>\n<li>2 spl hakitud v\u00e4rske petersell<\/li>\n<li>1 spl hakitud v\u00e4rske m\u00fcnt<\/li>\n<li>3 spl <a href=\"https:\/\/bio4you.eu\/et\/olid-kastmed-kreemid\/2244-ekstra-vaeaerisoliivioli-1l.html\" target=\"_blank\" rel=\"noopener\">oliivi\u00f5li<\/a><\/li>\n<li>2 spl <a href=\"https:\/\/bio4you.eu\/et\/kuelmad-joogid\/1219-sidrunimahl-250ml.html\" target=\"_blank\" rel=\"noopener\">sidrunimahl<\/a><\/li>\n<li>soola ja musta pipart maitse j\u00e4rgi<\/li>\n<\/ul>\n<p>Soovi korral lisa ka n\u00e4iteks granaat\u00f5unaseemned, oliive v\u00f5i sobivat juustu.<\/p>\n","protected":false},"featured_media":4130,"comment_status":"open","ping_status":"closed","template":"","meta":{"_exactmetrics_skip_tracking":false,"_exactmetrics_sitenote_active":false,"_exactmetrics_sitenote_note":"","_exactmetrics_sitenote_category":0},"product_cat":[59,60,382,63,383,72],"product_tag":[],"class_list":{"0":"post-4129","1":"product","2":"type-product","3":"status-publish","4":"has-post-thumbnail","6":"product_cat-featured","7":"product_cat-toiduretseptid","8":"product_cat-vegan-toiduretseptid","9":"product_cat-gluteenivabad-retseptid","10":"product_cat-taimetoit","11":"product_cat-oa-laatse-ja-hernetoidud","13":"first","14":"instock","15":"shipping-taxable","16":"product-type-simple"},"yoast_head":"<!-- This site is optimized with the Yoast SEO plugin v23.3 - https:\/\/yoast.com\/wordpress\/plugins\/seo\/ -->\n<title>Suvine rohelise l\u00e4\u00e4tse salat - bio4you.eu\/retseptid<\/title>\n<meta name=\"description\" content=\"Tervislik ja maitsev l\u00e4\u00e4tsesalat kerge m\u00fcndi-oliivi\u00f5li kastmega. Salat on maitsev iseseisva toiduna v\u00f5i lisandina teistele roogadele.\" \/>\n<meta name=\"robots\" content=\"index, follow, max-snippet:-1, max-image-preview:large, max-video-preview:-1\" \/>\n<link rel=\"canonical\" href=\"https:\/\/bio4you.eu\/retseptid\/toode\/suvine-rohelise-laatse-salat\/\" \/>\n<meta property=\"og:locale\" content=\"et_EE\" \/>\n<meta property=\"og:type\" content=\"article\" \/>\n<meta property=\"og:title\" content=\"Suvine rohelise l\u00e4\u00e4tse salat - bio4you.eu\/retseptid\" \/>\n<meta property=\"og:description\" content=\"Tervislik ja maitsev l\u00e4\u00e4tsesalat kerge m\u00fcndi-oliivi\u00f5li kastmega. Salat on maitsev iseseisva toiduna v\u00f5i lisandina teistele roogadele.\" \/>\n<meta property=\"og:url\" content=\"https:\/\/bio4you.eu\/retseptid\/toode\/suvine-rohelise-laatse-salat\/\" \/>\n<meta property=\"og:site_name\" content=\"bio4you.eu\/retseptid\" \/>\n<meta property=\"og:image\" content=\"https:\/\/bio4you.eu\/retseptid\/wp-content\/uploads\/2023\/04\/lentil-salad-7.jpg\" \/>\n\t<meta property=\"og:image:width\" content=\"1200\" \/>\n\t<meta property=\"og:image:height\" content=\"1800\" \/>\n\t<meta property=\"og:image:type\" content=\"image\/jpeg\" \/>\n<meta name=\"twitter:label1\" content=\"Est. reading time\" \/>\n\t<meta name=\"twitter:data1\" content=\"1 minut\" \/>\n<script type=\"application\/ld+json\" class=\"yoast-schema-graph\">{\"@context\":\"https:\/\/schema.org\",\"@graph\":[{\"@type\":\"WebPage\",\"@id\":\"https:\/\/bio4you.eu\/retseptid\/toode\/suvine-rohelise-laatse-salat\/\",\"url\":\"https:\/\/bio4you.eu\/retseptid\/toode\/suvine-rohelise-laatse-salat\/\",\"name\":\"Suvine rohelise l\u00e4\u00e4tse salat - bio4you.eu\/retseptid\",\"isPartOf\":{\"@id\":\"https:\/\/bio4you.eu\/retseptid\/#website\"},\"primaryImageOfPage\":{\"@id\":\"https:\/\/bio4you.eu\/retseptid\/toode\/suvine-rohelise-laatse-salat\/#primaryimage\"},\"image\":{\"@id\":\"https:\/\/bio4you.eu\/retseptid\/toode\/suvine-rohelise-laatse-salat\/#primaryimage\"},\"thumbnailUrl\":\"https:\/\/bio4you.eu\/retseptid\/wp-content\/uploads\/2023\/04\/lentil-salad-7.jpg\",\"datePublished\":\"2023-04-13T10:11:47+00:00\",\"dateModified\":\"2023-04-13T10:11:47+00:00\",\"description\":\"Tervislik ja maitsev l\u00e4\u00e4tsesalat kerge m\u00fcndi-oliivi\u00f5li kastmega. Salat on maitsev iseseisva toiduna v\u00f5i lisandina teistele roogadele.\",\"breadcrumb\":{\"@id\":\"https:\/\/bio4you.eu\/retseptid\/toode\/suvine-rohelise-laatse-salat\/#breadcrumb\"},\"inLanguage\":\"et\",\"potentialAction\":[{\"@type\":\"ReadAction\",\"target\":[\"https:\/\/bio4you.eu\/retseptid\/toode\/suvine-rohelise-laatse-salat\/\"]}]},{\"@type\":\"ImageObject\",\"inLanguage\":\"et\",\"@id\":\"https:\/\/bio4you.eu\/retseptid\/toode\/suvine-rohelise-laatse-salat\/#primaryimage\",\"url\":\"https:\/\/bio4you.eu\/retseptid\/wp-content\/uploads\/2023\/04\/lentil-salad-7.jpg\",\"contentUrl\":\"https:\/\/bio4you.eu\/retseptid\/wp-content\/uploads\/2023\/04\/lentil-salad-7.jpg\",\"width\":1200,\"height\":1800},{\"@type\":\"BreadcrumbList\",\"@id\":\"https:\/\/bio4you.eu\/retseptid\/toode\/suvine-rohelise-laatse-salat\/#breadcrumb\",\"itemListElement\":[{\"@type\":\"ListItem\",\"position\":1,\"name\":\"Home\",\"item\":\"https:\/\/bio4you.eu\/retseptid\/\"},{\"@type\":\"ListItem\",\"position\":2,\"name\":\"Suvine rohelise l\u00e4\u00e4tse salat\"}]},{\"@type\":\"WebSite\",\"@id\":\"https:\/\/bio4you.eu\/retseptid\/#website\",\"url\":\"https:\/\/bio4you.eu\/retseptid\/\",\"name\":\"bio4you.eu\/retseptid\",\"description\":\"\u00d6ko retseptid ise tegemiseks, looduslikest koostisainetest. Maitsev toit, iluhooldus, kodupuhastus ja aiandus.\",\"potentialAction\":[{\"@type\":\"SearchAction\",\"target\":{\"@type\":\"EntryPoint\",\"urlTemplate\":\"https:\/\/bio4you.eu\/retseptid\/?s={search_term_string}\"},\"query-input\":\"required name=search_term_string\"}],\"inLanguage\":\"et\"}]}<\/script>\n<!-- \/ Yoast SEO plugin. -->","yoast_head_json":{"title":"Suvine rohelise l\u00e4\u00e4tse salat - bio4you.eu\/retseptid","description":"Tervislik ja maitsev l\u00e4\u00e4tsesalat kerge m\u00fcndi-oliivi\u00f5li kastmega. Salat on maitsev iseseisva toiduna v\u00f5i lisandina teistele roogadele.","robots":{"index":"index","follow":"follow","max-snippet":"max-snippet:-1","max-image-preview":"max-image-preview:large","max-video-preview":"max-video-preview:-1"},"canonical":"https:\/\/bio4you.eu\/retseptid\/toode\/suvine-rohelise-laatse-salat\/","og_locale":"et_EE","og_type":"article","og_title":"Suvine rohelise l\u00e4\u00e4tse salat - bio4you.eu\/retseptid","og_description":"Tervislik ja maitsev l\u00e4\u00e4tsesalat kerge m\u00fcndi-oliivi\u00f5li kastmega. Salat on maitsev iseseisva toiduna v\u00f5i lisandina teistele roogadele.","og_url":"https:\/\/bio4you.eu\/retseptid\/toode\/suvine-rohelise-laatse-salat\/","og_site_name":"bio4you.eu\/retseptid","og_image":[{"width":1200,"height":1800,"url":"https:\/\/bio4you.eu\/retseptid\/wp-content\/uploads\/2023\/04\/lentil-salad-7.jpg","type":"image\/jpeg"}],"twitter_misc":{"Est. reading time":"1 minut"},"schema":{"@context":"https:\/\/schema.org","@graph":[{"@type":"WebPage","@id":"https:\/\/bio4you.eu\/retseptid\/toode\/suvine-rohelise-laatse-salat\/","url":"https:\/\/bio4you.eu\/retseptid\/toode\/suvine-rohelise-laatse-salat\/","name":"Suvine rohelise l\u00e4\u00e4tse salat - bio4you.eu\/retseptid","isPartOf":{"@id":"https:\/\/bio4you.eu\/retseptid\/#website"},"primaryImageOfPage":{"@id":"https:\/\/bio4you.eu\/retseptid\/toode\/suvine-rohelise-laatse-salat\/#primaryimage"},"image":{"@id":"https:\/\/bio4you.eu\/retseptid\/toode\/suvine-rohelise-laatse-salat\/#primaryimage"},"thumbnailUrl":"https:\/\/bio4you.eu\/retseptid\/wp-content\/uploads\/2023\/04\/lentil-salad-7.jpg","datePublished":"2023-04-13T10:11:47+00:00","dateModified":"2023-04-13T10:11:47+00:00","description":"Tervislik ja maitsev l\u00e4\u00e4tsesalat kerge m\u00fcndi-oliivi\u00f5li kastmega. Salat on maitsev iseseisva toiduna v\u00f5i lisandina teistele roogadele.","breadcrumb":{"@id":"https:\/\/bio4you.eu\/retseptid\/toode\/suvine-rohelise-laatse-salat\/#breadcrumb"},"inLanguage":"et","potentialAction":[{"@type":"ReadAction","target":["https:\/\/bio4you.eu\/retseptid\/toode\/suvine-rohelise-laatse-salat\/"]}]},{"@type":"ImageObject","inLanguage":"et","@id":"https:\/\/bio4you.eu\/retseptid\/toode\/suvine-rohelise-laatse-salat\/#primaryimage","url":"https:\/\/bio4you.eu\/retseptid\/wp-content\/uploads\/2023\/04\/lentil-salad-7.jpg","contentUrl":"https:\/\/bio4you.eu\/retseptid\/wp-content\/uploads\/2023\/04\/lentil-salad-7.jpg","width":1200,"height":1800},{"@type":"BreadcrumbList","@id":"https:\/\/bio4you.eu\/retseptid\/toode\/suvine-rohelise-laatse-salat\/#breadcrumb","itemListElement":[{"@type":"ListItem","position":1,"name":"Home","item":"https:\/\/bio4you.eu\/retseptid\/"},{"@type":"ListItem","position":2,"name":"Suvine rohelise l\u00e4\u00e4tse salat"}]},{"@type":"WebSite","@id":"https:\/\/bio4you.eu\/retseptid\/#website","url":"https:\/\/bio4you.eu\/retseptid\/","name":"bio4you.eu\/retseptid","description":"\u00d6ko retseptid ise tegemiseks, looduslikest koostisainetest. Maitsev toit, iluhooldus, kodupuhastus ja aiandus.","potentialAction":[{"@type":"SearchAction","target":{"@type":"EntryPoint","urlTemplate":"https:\/\/bio4you.eu\/retseptid\/?s={search_term_string}"},"query-input":"required name=search_term_string"}],"inLanguage":"et"}]}},"_links":{"self":[{"href":"https:\/\/bio4you.eu\/retseptid\/wp-json\/wp\/v2\/product\/4129"}],"collection":[{"href":"https:\/\/bio4you.eu\/retseptid\/wp-json\/wp\/v2\/product"}],"about":[{"href":"https:\/\/bio4you.eu\/retseptid\/wp-json\/wp\/v2\/types\/product"}],"replies":[{"embeddable":true,"href":"https:\/\/bio4you.eu\/retseptid\/wp-json\/wp\/v2\/comments?post=4129"}],"wp:featuredmedia":[{"embeddable":true,"href":"https:\/\/bio4you.eu\/retseptid\/wp-json\/wp\/v2\/media\/4130"}],"wp:attachment":[{"href":"https:\/\/bio4you.eu\/retseptid\/wp-json\/wp\/v2\/media?parent=4129"}],"wp:term":[{"taxonomy":"product_cat","embeddable":true,"href":"https:\/\/bio4you.eu\/retseptid\/wp-json\/wp\/v2\/product_cat?post=4129"},{"taxonomy":"product_tag","embeddable":true,"href":"https:\/\/bio4you.eu\/retseptid\/wp-json\/wp\/v2\/product_tag?post=4129"}],"curies":[{"name":"wp","href":"https:\/\/api.w.org\/{rel}","templated":true}]}}