{"id":4194,"date":"2023-09-07T22:28:58","date_gmt":"2023-09-07T19:28:58","guid":{"rendered":"https:\/\/bio4you.eu\/retseptid\/?post_type=product&#038;p=4194"},"modified":"2023-09-07T22:28:58","modified_gmt":"2023-09-07T19:28:58","slug":"kaerahelbe-rosinakupsised-gheega","status":"publish","type":"product","link":"https:\/\/bio4you.eu\/retseptid\/toode\/kaerahelbe-rosinakupsised-gheega\/","title":{"rendered":"Kaerahelbe-rosinak\u00fcpsised gheega"},"content":{"rendered":"<p>Ghee on selitatud v\u00f5i ehk v\u00f5i\u00f5li, mis on p\u00e4rit Indiast ja mida kasutatakse laialdaselt toiduvalmistamisel ning ravimina. Siit saad kiire \u00fclevaate, miks on ghee hea:<\/p>\n<ol>\n<li><strong>Ghee valmistamine:<\/strong> Ghee valmistamisel eemaldatakse v\u00f5ist kogu vesi ja piimavalk, j\u00e4ttes alles puhta rasva. See protsess muudab ghee&#8217;l k\u00f5rge kuumakindluse ja pikema s\u00e4ilivusaja v\u00f5rreldes tavalise v\u00f5iga.<\/li>\n<li><strong>Pikem s\u00e4ilivus:<\/strong> Gheel on pikk s\u00e4ilivusaeg t\u00e4nu sellele, et see ei sisalda vett ja piimavalku, mis v\u00f5ivad kiiresti r\u00e4\u00e4suda. See teeb sellest praktilise valiku pikemaks s\u00e4ilitamiseks.<\/li>\n<li><strong>Tervisem\u00f5jud:<\/strong> Gheel on mitmeid tervisem\u00f5jusid. See soodustab seedimist, \u00e4rritamata magu, aitab tasakaalustada mao happelisust ja v\u00f5ib aidata kuiva naha korral.<\/li>\n<li><strong>Laktoosi- ja kaseiinivaba:<\/strong> \u00dcks ghee eeliseid on see, et see ei sisalda laktoosi ega kaseiini, mis teeb sellest sobiva valiku laktoositalumatusega inimestele.<\/li>\n<li><strong>Ayurveda traditsioon:<\/strong> Ghee on traditsioonilise Ayurveda meditsiini oluline osa ning seda kasutatakse mitmesuguste ravimite ja toitude valmistamiseks.<\/li>\n<\/ol>\n<p>Valmistamine:<\/p>\n<ol>\n<li>Eelsoojenda ahi 180 kraadini.<\/li>\n<li>Sega kokku jahu, sooda, k\u00fcpsetuspulber, sool, kaneel ja muskaatp\u00e4hkel.<\/li>\n<li>Teises kausis sega kokku v\u00f5i mikserda ghee, suhkrud, muna ja vanilliekstrakt.<\/li>\n<li>Sega jahusegu muna-gheeseguga korralikult kokku. Lisa ka rosinad ja kaerahelbed.<\/li>\n<li>Kasuta lusikat v\u00f5i j\u00e4\u00e4tisekulpi, et vormida tainast sobiva suurusega k\u00fcpsised.<\/li>\n<li>K\u00fcpseta 10-12 minutit, kuni k\u00fcpsised on kuldpruunid.<\/li>\n<li>Enne s\u00f6\u00f6mist lase korralikult maha jahtuda. Naudi tee v\u00f5i kohviga!<\/li>\n<\/ol>\n","protected":false},"excerpt":{"rendered":"<p>Vaja l\u00e4heb:<\/p>\n<ul>\n<li>220 g jahu<\/li>\n<li>0.75 spl <a href=\"https:\/\/bio4you.eu\/et\/maitseained-ja-magustajad\/2565-gluteenivaba-kuepsetuspulber-3x18g.html?utm_source=bioretsept&amp;utm_medium=postitus_kaerak%C3%BCpsised&amp;utm_campaign=kaerak%C3%BCpsised\" target=\"_blank\" rel=\"noopener\">k\u00fcpsetuspulbrit<\/a><\/li>\n<li>0.75 spl <a href=\"https:\/\/bio4you.eu\/et\/maitseained-ja-magustajad\/2564-soeoegisooda-500g.html?utm_source=bioretsept&amp;utm_medium=postitus_kaerak%C3%BCpsised&amp;utm_campaign=kaerak%C3%BCpsised\" target=\"_blank\" rel=\"noopener\">s\u00f6\u00f6gisoodat<\/a><\/li>\n<li>200 g <a href=\"https:\/\/bio4you.eu\/et\/olid-kastmed-kreemid\/2831-ghee-150g.html?utm_source=bioretsept&amp;utm_medium=postitus_kaerak%C3%BCpsised&amp;utm_campaign=kaerak%C3%BCpsised\" target=\"_blank\" rel=\"noopener\">gheed<\/a><\/li>\n<li>0.5 tl <a href=\"https:\/\/bio4you.eu\/et\/maitseained-ja-magustajad\/3629-ajurveeda-himaalaja-roosa-sool-peen-500g.html?utm_source=bioretsept&amp;utm_medium=postitus_kaerak%C3%BCpsised&amp;utm_campaign=kaerak%C3%BCpsised\" target=\"_blank\" rel=\"noopener\">soola<\/a><\/li>\n<li>1 tl <a href=\"https:\/\/bio4you.eu\/et\/maitseained-ja-magustajad\/2268-tseiloni-kaneel-250g.html?utm_source=bioretsept&amp;utm_medium=postitus_kaerak%C3%BCpsised&amp;utm_campaign=kaerak%C3%BCpsised\" target=\"_blank\" rel=\"noopener\">kaneeli<\/a><\/li>\n<li>1 tl <a href=\"https:\/\/bio4you.eu\/et\/maitseained-ja-magustajad\/1000-jahvatatud-muskaatpaehkel-75g.html?utm_source=bioretsept&amp;utm_medium=postitus_kaerak%C3%BCpsised&amp;utm_campaign=kaerak%C3%BCpsised\" target=\"_blank\" rel=\"noopener\">muskaatp\u00e4hklit<\/a><\/li>\n<li>330 g <a href=\"https:\/\/bio4you.eu\/et\/suhkur\/3630-ajurveeda-jaggery-suhkur-400g.html?utm_source=bioretsept&amp;utm_medium=postitus_kaerak%C3%BCpsised&amp;utm_campaign=kaerak%C3%BCpsised\" target=\"_blank\" rel=\"noopener\">pruuni suhkrut<\/a><\/li>\n<li>50 g valget suhkrut<\/li>\n<li>2 suurt muna (toatemperatuuril)<\/li>\n<li>4 tl vanilliekstrakti<\/li>\n<li>290 g <a href=\"https:\/\/bio4you.eu\/et\/supertoidud\/4540-rosinad-sultan-500g.html?utm_source=bioretsept&amp;utm_medium=postitus_kaerak%C3%BCpsised&amp;utm_campaign=kaerak%C3%BCpsised\" target=\"_blank\" rel=\"noopener\">rosinaid<\/a><\/li>\n<li>325 g <a href=\"https:\/\/bio4you.eu\/et\/kuivained\/1428-gluteenivabad-kaerahelbed-475g.html?utm_source=bioretsept&amp;utm_medium=postitus_kaerak%C3%BCpsised&amp;utm_campaign=kaerak%C3%BCpsised\" target=\"_blank\" rel=\"noopener\">kaerahelbeid<\/a><\/li>\n<\/ul>\n","protected":false},"featured_media":4195,"comment_status":"open","ping_status":"closed","template":"","meta":{"_exactmetrics_skip_tracking":false,"_exactmetrics_sitenote_active":false,"_exactmetrics_sitenote_note":"","_exactmetrics_sitenote_category":0},"product_cat":[59,60,383,280,365],"product_tag":[],"class_list":{"0":"post-4194","1":"product","2":"type-product","3":"status-publish","4":"has-post-thumbnail","6":"product_cat-featured","7":"product_cat-toiduretseptid","8":"product_cat-taimetoit","9":"product_cat-koogid-ja-kupsised","10":"product_cat-laste-lemmikud","12":"first","13":"instock","14":"shipping-taxable","15":"product-type-simple"},"yoast_head":"<!-- This site is optimized with the Yoast SEO plugin v23.3 - https:\/\/yoast.com\/wordpress\/plugins\/seo\/ -->\n<title>Kaerahelbe-rosinak\u00fcpsised gheega - bio4you.eu\/retseptid<\/title>\n<meta name=\"description\" content=\"Selitatud v\u00f5i ehk gheega valmistatud vanad lemmikud uues kuues! Kr\u00f5bedad k\u00fcpsised maitsevad kogu perele \u2013 ideaalne s\u00fcgis\u00f5htuteks!\" \/>\n<meta name=\"robots\" content=\"index, follow, max-snippet:-1, max-image-preview:large, max-video-preview:-1\" \/>\n<link rel=\"canonical\" href=\"https:\/\/bio4you.eu\/retseptid\/toode\/kaerahelbe-rosinakupsised-gheega\/\" \/>\n<meta property=\"og:locale\" content=\"et_EE\" \/>\n<meta property=\"og:type\" content=\"article\" \/>\n<meta property=\"og:title\" content=\"Kaerahelbe-rosinak\u00fcpsised gheega - bio4you.eu\/retseptid\" \/>\n<meta property=\"og:description\" content=\"Selitatud v\u00f5i ehk gheega valmistatud vanad lemmikud uues kuues! Kr\u00f5bedad k\u00fcpsised maitsevad kogu perele \u2013 ideaalne s\u00fcgis\u00f5htuteks!\" \/>\n<meta property=\"og:url\" content=\"https:\/\/bio4you.eu\/retseptid\/toode\/kaerahelbe-rosinakupsised-gheega\/\" \/>\n<meta property=\"og:site_name\" content=\"bio4you.eu\/retseptid\" \/>\n<meta property=\"og:image\" content=\"https:\/\/bio4you.eu\/retseptid\/wp-content\/uploads\/2023\/09\/4f40f4ddb70ae3fdce93e2e52494e6d1.jpg\" \/>\n\t<meta property=\"og:image:width\" content=\"564\" \/>\n\t<meta property=\"og:image:height\" content=\"845\" \/>\n\t<meta property=\"og:image:type\" content=\"image\/jpeg\" \/>\n<meta name=\"twitter:label1\" content=\"Est. reading time\" \/>\n\t<meta name=\"twitter:data1\" content=\"1 minut\" \/>\n<script type=\"application\/ld+json\" class=\"yoast-schema-graph\">{\"@context\":\"https:\/\/schema.org\",\"@graph\":[{\"@type\":\"WebPage\",\"@id\":\"https:\/\/bio4you.eu\/retseptid\/toode\/kaerahelbe-rosinakupsised-gheega\/\",\"url\":\"https:\/\/bio4you.eu\/retseptid\/toode\/kaerahelbe-rosinakupsised-gheega\/\",\"name\":\"Kaerahelbe-rosinak\u00fcpsised gheega - bio4you.eu\/retseptid\",\"isPartOf\":{\"@id\":\"https:\/\/bio4you.eu\/retseptid\/#website\"},\"primaryImageOfPage\":{\"@id\":\"https:\/\/bio4you.eu\/retseptid\/toode\/kaerahelbe-rosinakupsised-gheega\/#primaryimage\"},\"image\":{\"@id\":\"https:\/\/bio4you.eu\/retseptid\/toode\/kaerahelbe-rosinakupsised-gheega\/#primaryimage\"},\"thumbnailUrl\":\"https:\/\/bio4you.eu\/retseptid\/wp-content\/uploads\/2023\/09\/4f40f4ddb70ae3fdce93e2e52494e6d1.jpg\",\"datePublished\":\"2023-09-07T19:28:58+00:00\",\"dateModified\":\"2023-09-07T19:28:58+00:00\",\"description\":\"Selitatud v\u00f5i ehk gheega valmistatud vanad lemmikud uues kuues! Kr\u00f5bedad k\u00fcpsised maitsevad kogu perele \u2013 ideaalne s\u00fcgis\u00f5htuteks!\",\"breadcrumb\":{\"@id\":\"https:\/\/bio4you.eu\/retseptid\/toode\/kaerahelbe-rosinakupsised-gheega\/#breadcrumb\"},\"inLanguage\":\"et\",\"potentialAction\":[{\"@type\":\"ReadAction\",\"target\":[\"https:\/\/bio4you.eu\/retseptid\/toode\/kaerahelbe-rosinakupsised-gheega\/\"]}]},{\"@type\":\"ImageObject\",\"inLanguage\":\"et\",\"@id\":\"https:\/\/bio4you.eu\/retseptid\/toode\/kaerahelbe-rosinakupsised-gheega\/#primaryimage\",\"url\":\"https:\/\/bio4you.eu\/retseptid\/wp-content\/uploads\/2023\/09\/4f40f4ddb70ae3fdce93e2e52494e6d1.jpg\",\"contentUrl\":\"https:\/\/bio4you.eu\/retseptid\/wp-content\/uploads\/2023\/09\/4f40f4ddb70ae3fdce93e2e52494e6d1.jpg\",\"width\":564,\"height\":845},{\"@type\":\"BreadcrumbList\",\"@id\":\"https:\/\/bio4you.eu\/retseptid\/toode\/kaerahelbe-rosinakupsised-gheega\/#breadcrumb\",\"itemListElement\":[{\"@type\":\"ListItem\",\"position\":1,\"name\":\"Home\",\"item\":\"https:\/\/bio4you.eu\/retseptid\/\"},{\"@type\":\"ListItem\",\"position\":2,\"name\":\"Kaerahelbe-rosinak\u00fcpsised gheega\"}]},{\"@type\":\"WebSite\",\"@id\":\"https:\/\/bio4you.eu\/retseptid\/#website\",\"url\":\"https:\/\/bio4you.eu\/retseptid\/\",\"name\":\"bio4you.eu\/retseptid\",\"description\":\"\u00d6ko retseptid ise tegemiseks, looduslikest koostisainetest. Maitsev toit, iluhooldus, kodupuhastus ja aiandus.\",\"potentialAction\":[{\"@type\":\"SearchAction\",\"target\":{\"@type\":\"EntryPoint\",\"urlTemplate\":\"https:\/\/bio4you.eu\/retseptid\/?s={search_term_string}\"},\"query-input\":\"required name=search_term_string\"}],\"inLanguage\":\"et\"}]}<\/script>\n<!-- \/ Yoast SEO plugin. -->","yoast_head_json":{"title":"Kaerahelbe-rosinak\u00fcpsised gheega - bio4you.eu\/retseptid","description":"Selitatud v\u00f5i ehk gheega valmistatud vanad lemmikud uues kuues! Kr\u00f5bedad k\u00fcpsised maitsevad kogu perele \u2013 ideaalne s\u00fcgis\u00f5htuteks!","robots":{"index":"index","follow":"follow","max-snippet":"max-snippet:-1","max-image-preview":"max-image-preview:large","max-video-preview":"max-video-preview:-1"},"canonical":"https:\/\/bio4you.eu\/retseptid\/toode\/kaerahelbe-rosinakupsised-gheega\/","og_locale":"et_EE","og_type":"article","og_title":"Kaerahelbe-rosinak\u00fcpsised gheega - bio4you.eu\/retseptid","og_description":"Selitatud v\u00f5i ehk gheega valmistatud vanad lemmikud uues kuues! Kr\u00f5bedad k\u00fcpsised maitsevad kogu perele \u2013 ideaalne s\u00fcgis\u00f5htuteks!","og_url":"https:\/\/bio4you.eu\/retseptid\/toode\/kaerahelbe-rosinakupsised-gheega\/","og_site_name":"bio4you.eu\/retseptid","og_image":[{"width":564,"height":845,"url":"https:\/\/bio4you.eu\/retseptid\/wp-content\/uploads\/2023\/09\/4f40f4ddb70ae3fdce93e2e52494e6d1.jpg","type":"image\/jpeg"}],"twitter_misc":{"Est. reading time":"1 minut"},"schema":{"@context":"https:\/\/schema.org","@graph":[{"@type":"WebPage","@id":"https:\/\/bio4you.eu\/retseptid\/toode\/kaerahelbe-rosinakupsised-gheega\/","url":"https:\/\/bio4you.eu\/retseptid\/toode\/kaerahelbe-rosinakupsised-gheega\/","name":"Kaerahelbe-rosinak\u00fcpsised gheega - bio4you.eu\/retseptid","isPartOf":{"@id":"https:\/\/bio4you.eu\/retseptid\/#website"},"primaryImageOfPage":{"@id":"https:\/\/bio4you.eu\/retseptid\/toode\/kaerahelbe-rosinakupsised-gheega\/#primaryimage"},"image":{"@id":"https:\/\/bio4you.eu\/retseptid\/toode\/kaerahelbe-rosinakupsised-gheega\/#primaryimage"},"thumbnailUrl":"https:\/\/bio4you.eu\/retseptid\/wp-content\/uploads\/2023\/09\/4f40f4ddb70ae3fdce93e2e52494e6d1.jpg","datePublished":"2023-09-07T19:28:58+00:00","dateModified":"2023-09-07T19:28:58+00:00","description":"Selitatud v\u00f5i ehk gheega valmistatud vanad lemmikud uues kuues! Kr\u00f5bedad k\u00fcpsised maitsevad kogu perele \u2013 ideaalne s\u00fcgis\u00f5htuteks!","breadcrumb":{"@id":"https:\/\/bio4you.eu\/retseptid\/toode\/kaerahelbe-rosinakupsised-gheega\/#breadcrumb"},"inLanguage":"et","potentialAction":[{"@type":"ReadAction","target":["https:\/\/bio4you.eu\/retseptid\/toode\/kaerahelbe-rosinakupsised-gheega\/"]}]},{"@type":"ImageObject","inLanguage":"et","@id":"https:\/\/bio4you.eu\/retseptid\/toode\/kaerahelbe-rosinakupsised-gheega\/#primaryimage","url":"https:\/\/bio4you.eu\/retseptid\/wp-content\/uploads\/2023\/09\/4f40f4ddb70ae3fdce93e2e52494e6d1.jpg","contentUrl":"https:\/\/bio4you.eu\/retseptid\/wp-content\/uploads\/2023\/09\/4f40f4ddb70ae3fdce93e2e52494e6d1.jpg","width":564,"height":845},{"@type":"BreadcrumbList","@id":"https:\/\/bio4you.eu\/retseptid\/toode\/kaerahelbe-rosinakupsised-gheega\/#breadcrumb","itemListElement":[{"@type":"ListItem","position":1,"name":"Home","item":"https:\/\/bio4you.eu\/retseptid\/"},{"@type":"ListItem","position":2,"name":"Kaerahelbe-rosinak\u00fcpsised gheega"}]},{"@type":"WebSite","@id":"https:\/\/bio4you.eu\/retseptid\/#website","url":"https:\/\/bio4you.eu\/retseptid\/","name":"bio4you.eu\/retseptid","description":"\u00d6ko retseptid ise tegemiseks, looduslikest koostisainetest. Maitsev toit, iluhooldus, kodupuhastus ja aiandus.","potentialAction":[{"@type":"SearchAction","target":{"@type":"EntryPoint","urlTemplate":"https:\/\/bio4you.eu\/retseptid\/?s={search_term_string}"},"query-input":"required name=search_term_string"}],"inLanguage":"et"}]}},"_links":{"self":[{"href":"https:\/\/bio4you.eu\/retseptid\/wp-json\/wp\/v2\/product\/4194"}],"collection":[{"href":"https:\/\/bio4you.eu\/retseptid\/wp-json\/wp\/v2\/product"}],"about":[{"href":"https:\/\/bio4you.eu\/retseptid\/wp-json\/wp\/v2\/types\/product"}],"replies":[{"embeddable":true,"href":"https:\/\/bio4you.eu\/retseptid\/wp-json\/wp\/v2\/comments?post=4194"}],"wp:featuredmedia":[{"embeddable":true,"href":"https:\/\/bio4you.eu\/retseptid\/wp-json\/wp\/v2\/media\/4195"}],"wp:attachment":[{"href":"https:\/\/bio4you.eu\/retseptid\/wp-json\/wp\/v2\/media?parent=4194"}],"wp:term":[{"taxonomy":"product_cat","embeddable":true,"href":"https:\/\/bio4you.eu\/retseptid\/wp-json\/wp\/v2\/product_cat?post=4194"},{"taxonomy":"product_tag","embeddable":true,"href":"https:\/\/bio4you.eu\/retseptid\/wp-json\/wp\/v2\/product_tag?post=4194"}],"curies":[{"name":"wp","href":"https:\/\/api.w.org\/{rel}","templated":true}]}}