{"id":4206,"date":"2023-10-15T10:40:16","date_gmt":"2023-10-15T07:40:16","guid":{"rendered":"https:\/\/bio4you.eu\/retseptid\/?post_type=product&#038;p=4206"},"modified":"2025-03-18T19:04:49","modified_gmt":"2025-03-18T17:04:49","slug":"taidetud-halloweeni-paprikad","status":"publish","type":"product","link":"https:\/\/bio4you.eu\/retseptid\/toode\/taidetud-halloweeni-paprikad\/","title":{"rendered":"T\u00e4idetud Halloweeni paprikad"},"content":{"rendered":"<p>Valmistamine:<\/p>\n<ol>\n<li>Prae keskmisel tulel oliivi\u00f5lis sibulad, umbes 3-4 minutit. Seej\u00e4rel lisa k\u00f5ik \u00fcrdid ja maitseained ning prae veel umbes 2 minutit, kuni tunned k\u00f6\u00f6gis m\u00f5nusat h\u00f5ngu.<\/li>\n<li>Lisa riis ja l\u00e4\u00e4tsed, sega korralikult l\u00e4bi. Lisa ka maitse j\u00e4rgi tomatipasta. Lase keskmisel tulel umbes 8 minutit praadida, aeg-ajalt segades.<\/li>\n<li>Samal ajal valmista paprikad: l\u00f5ika neil \u00fclemised osad \u00e4ra, aga j\u00e4ta need alles \u2013 neist saavad paprikate m\u00fctsid. Puhasta sisu ning raputa v\u00e4lja seemned.<\/li>\n<li>L\u00f5ika k\u00f5rvitsatele kaks kolmnurgakujulist silma ning suu.<\/li>\n<li>Sega kokku valge kaste: toidukoor, maitsep\u00e4rm, pressitud k\u00fc\u00fcslauk ning sool ja pipar.<\/li>\n<li>Lisa paprikate sisse k\u00f5ige alumiseks kihiks valge kaste ning pisut riivjuustu. Seej\u00e4rel t\u00e4ida kogu paprika riisi-l\u00e4\u00e4tseseguga ja k\u00f5ige peale lisa veel kiht valget kastet ja juustu. K\u00f5ige peale pane m\u00fctsike.<\/li>\n<li>K\u00fcpseta 200 kraadi juures umbes 30-35 minutit.<\/li>\n<\/ol>\n","protected":false},"excerpt":{"rendered":"<p>Vaja l\u00e4heb:<\/p>\n<ul>\n<li>1 spl <a href=\"https:\/\/bio4you.eu\/et\/51_corvino?utm_source=bioretsept&amp;utm_medium=retsept_paprikad&amp;utm_campaign=retsept_paprikad\" target=\"_blank\" rel=\"noopener\">ekstra v\u00e4\u00e4risoliivi\u00f5li<\/a><\/li>\n<li>1 punane sibul, t\u00fckeldatud<\/li>\n<li>0,5 tl <a href=\"https:\/\/bio4you.eu\/et\/kuelmetus\/2435-kurkumipulber-150g.html?utm_source=bioretsept&amp;utm_medium=retsept_paprikad&amp;utm_campaign=retsept_paprikad\" target=\"_blank\" rel=\"noopener\">kurkumipulbrit<\/a><\/li>\n<li>0,5 tl magusat suitsutatud paprika pulbrit<\/li>\n<li>0,25 tl Cayenne pipart v\u00f5i t\u0161illihelbeid<\/li>\n<li>0,5 tl k\u00fc\u00fcslaugupulbrit<\/li>\n<li>0,5 tl kuivatatud oregano pulbrit<\/li>\n<li>pisut <a href=\"https:\/\/bio4you.eu\/et\/otsi?controller=search&amp;order=product.position.desc&amp;s=himaalaja+roosa+sool&amp;utm_source=bioretsept&amp;utm_medium=retsept_paprikad&amp;utm_campaign=retsept_paprikad\" target=\"_blank\" rel=\"noopener\">Himaalaja roosat soola\u00a0<\/a><\/li>\n<li>musta pipart<\/li>\n<li>70 g <a href=\"https:\/\/bio4you.eu\/et\/oad-ja-kaunviljad\/5797-pruunid-laeaetsed-500g.html?utm_source=bioretsept&amp;utm_medium=retsept_paprikad&amp;utm_campaign=retsept_paprikad\" target=\"_blank\" rel=\"noopener\">l\u00e4\u00e4tsesid<\/a>, keedetud<\/li>\n<li>100 g <a href=\"https:\/\/bio4you.eu\/et\/otsi?controller=search&amp;order=product.position.desc&amp;s=basmati+riis&amp;utm_source=bioretsept&amp;utm_medium=retsept_paprikad&amp;utm_campaign=retsept_paprikad\" target=\"_blank\" rel=\"noopener\">basmati riisi<\/a>, keedetud<\/li>\n<li><a href=\"https:\/\/bio4you.eu\/et\/otsi?controller=search&amp;order=product.position.desc&amp;s=tomatipasta&amp;utm_source=bioretsept&amp;utm_medium=retsept_paprikad&amp;utm_campaign=retsept_paprikad\" target=\"_blank\" rel=\"noopener\">tomatipastat<\/a><\/li>\n<li>2 keskmise suurusega paprikat<\/li>\n<li>100 ml <a href=\"https:\/\/bio4you.eu\/et\/olid-kastmed-kreemid\/4931-gluteenivaba-sojakreem-toiduvalmistamiseks-200ml.html?utm_source=bioretsept&amp;utm_medium=retsept_paprikad&amp;utm_campaign=retsept_paprikad\" target=\"_blank\" rel=\"noopener\">The Bridge gluteenivaba sojakreemi<\/a><\/li>\n<li>1 spl <a href=\"https:\/\/bio4you.eu\/et\/maitseained-ja-magustajad\/3280-maitsepaerm-125g.html?utm_source=bioretsept&amp;utm_medium=retsept_paprikad&amp;utm_campaign=retsept_paprikad\" target=\"_blank\" rel=\"noopener\">maitsep\u00e4rmi<\/a><\/li>\n<li>1 k\u00fc\u00fcslauguk\u00fc\u00fcs, purustatud<\/li>\n<li>riivitud juustu<\/li>\n<\/ul>\n","protected":false},"featured_media":4207,"comment_status":"open","ping_status":"closed","template":"","meta":{"_exactmetrics_skip_tracking":false,"_exactmetrics_sitenote_active":false,"_exactmetrics_sitenote_note":"","_exactmetrics_sitenote_category":0},"product_cat":[59,60,382,63,383,365,71,72],"product_tag":[],"class_list":{"0":"post-4206","1":"product","2":"type-product","3":"status-publish","4":"has-post-thumbnail","6":"product_cat-featured","7":"product_cat-toiduretseptid","8":"product_cat-vegan-toiduretseptid","9":"product_cat-gluteenivabad-retseptid","10":"product_cat-taimetoit","11":"product_cat-laste-lemmikud","12":"product_cat-riisi-ja-teraviljatoidud","13":"product_cat-oa-laatse-ja-hernetoidud","15":"first","16":"instock","17":"shipping-taxable","18":"product-type-simple"},"yoast_head":"<!-- This site is optimized with the Yoast SEO plugin v23.3 - https:\/\/yoast.com\/wordpress\/plugins\/seo\/ -->\n<title>T\u00e4idetud Halloweeni paprikad - bio4you.eu\/retseptid<\/title>\n<meta name=\"description\" content=\"\u00d5udsed v\u00f5i \u00f5udselt head t\u00e4idetud paprikad? M\u00f5lemat! Basmati riisi ja l\u00e4\u00e4tsedega t\u00e4idetud paprikad r\u00f5\u00f5mustavad nii lapsi kui ka t\u00e4iskavanuid.\" \/>\n<meta name=\"robots\" content=\"index, follow, max-snippet:-1, max-image-preview:large, max-video-preview:-1\" \/>\n<link rel=\"canonical\" href=\"https:\/\/bio4you.eu\/retseptid\/toode\/taidetud-halloweeni-paprikad\/\" \/>\n<meta property=\"og:locale\" content=\"et_EE\" \/>\n<meta property=\"og:type\" content=\"article\" \/>\n<meta property=\"og:title\" content=\"T\u00e4idetud Halloweeni paprikad - bio4you.eu\/retseptid\" \/>\n<meta property=\"og:description\" content=\"\u00d5udsed v\u00f5i \u00f5udselt head t\u00e4idetud paprikad? M\u00f5lemat! Basmati riisi ja l\u00e4\u00e4tsedega t\u00e4idetud paprikad r\u00f5\u00f5mustavad nii lapsi kui ka t\u00e4iskavanuid.\" \/>\n<meta property=\"og:url\" content=\"https:\/\/bio4you.eu\/retseptid\/toode\/taidetud-halloweeni-paprikad\/\" \/>\n<meta property=\"og:site_name\" content=\"bio4you.eu\/retseptid\" \/>\n<meta property=\"article:modified_time\" content=\"2025-03-18T17:04:49+00:00\" \/>\n<meta property=\"og:image\" content=\"https:\/\/bio4you.eu\/retseptid\/wp-content\/uploads\/2023\/10\/DSC_9517-scaled.jpg\" \/>\n\t<meta property=\"og:image:width\" content=\"2560\" \/>\n\t<meta property=\"og:image:height\" content=\"1707\" \/>\n\t<meta property=\"og:image:type\" content=\"image\/jpeg\" \/>\n<meta name=\"twitter:label1\" content=\"Est. reading time\" \/>\n\t<meta name=\"twitter:data1\" content=\"1 minut\" \/>\n<script type=\"application\/ld+json\" class=\"yoast-schema-graph\">{\"@context\":\"https:\/\/schema.org\",\"@graph\":[{\"@type\":\"WebPage\",\"@id\":\"https:\/\/bio4you.eu\/retseptid\/toode\/taidetud-halloweeni-paprikad\/\",\"url\":\"https:\/\/bio4you.eu\/retseptid\/toode\/taidetud-halloweeni-paprikad\/\",\"name\":\"T\u00e4idetud Halloweeni paprikad - bio4you.eu\/retseptid\",\"isPartOf\":{\"@id\":\"https:\/\/bio4you.eu\/retseptid\/#website\"},\"primaryImageOfPage\":{\"@id\":\"https:\/\/bio4you.eu\/retseptid\/toode\/taidetud-halloweeni-paprikad\/#primaryimage\"},\"image\":{\"@id\":\"https:\/\/bio4you.eu\/retseptid\/toode\/taidetud-halloweeni-paprikad\/#primaryimage\"},\"thumbnailUrl\":\"https:\/\/bio4you.eu\/retseptid\/wp-content\/uploads\/2023\/10\/DSC_9517-scaled.jpg\",\"datePublished\":\"2023-10-15T07:40:16+00:00\",\"dateModified\":\"2025-03-18T17:04:49+00:00\",\"description\":\"\u00d5udsed v\u00f5i \u00f5udselt head t\u00e4idetud paprikad? M\u00f5lemat! Basmati riisi ja l\u00e4\u00e4tsedega t\u00e4idetud paprikad r\u00f5\u00f5mustavad nii lapsi kui ka t\u00e4iskavanuid.\",\"breadcrumb\":{\"@id\":\"https:\/\/bio4you.eu\/retseptid\/toode\/taidetud-halloweeni-paprikad\/#breadcrumb\"},\"inLanguage\":\"et\",\"potentialAction\":[{\"@type\":\"ReadAction\",\"target\":[\"https:\/\/bio4you.eu\/retseptid\/toode\/taidetud-halloweeni-paprikad\/\"]}]},{\"@type\":\"ImageObject\",\"inLanguage\":\"et\",\"@id\":\"https:\/\/bio4you.eu\/retseptid\/toode\/taidetud-halloweeni-paprikad\/#primaryimage\",\"url\":\"https:\/\/bio4you.eu\/retseptid\/wp-content\/uploads\/2023\/10\/DSC_9517-scaled.jpg\",\"contentUrl\":\"https:\/\/bio4you.eu\/retseptid\/wp-content\/uploads\/2023\/10\/DSC_9517-scaled.jpg\",\"width\":2560,\"height\":1707},{\"@type\":\"BreadcrumbList\",\"@id\":\"https:\/\/bio4you.eu\/retseptid\/toode\/taidetud-halloweeni-paprikad\/#breadcrumb\",\"itemListElement\":[{\"@type\":\"ListItem\",\"position\":1,\"name\":\"Home\",\"item\":\"https:\/\/bio4you.eu\/retseptid\/\"},{\"@type\":\"ListItem\",\"position\":2,\"name\":\"T\u00e4idetud Halloweeni paprikad\"}]},{\"@type\":\"WebSite\",\"@id\":\"https:\/\/bio4you.eu\/retseptid\/#website\",\"url\":\"https:\/\/bio4you.eu\/retseptid\/\",\"name\":\"bio4you.eu\/retseptid\",\"description\":\"\u00d6ko retseptid ise tegemiseks, looduslikest koostisainetest. Maitsev toit, iluhooldus, kodupuhastus ja aiandus.\",\"potentialAction\":[{\"@type\":\"SearchAction\",\"target\":{\"@type\":\"EntryPoint\",\"urlTemplate\":\"https:\/\/bio4you.eu\/retseptid\/?s={search_term_string}\"},\"query-input\":\"required name=search_term_string\"}],\"inLanguage\":\"et\"}]}<\/script>\n<!-- \/ Yoast SEO plugin. -->","yoast_head_json":{"title":"T\u00e4idetud Halloweeni paprikad - bio4you.eu\/retseptid","description":"\u00d5udsed v\u00f5i \u00f5udselt head t\u00e4idetud paprikad? M\u00f5lemat! Basmati riisi ja l\u00e4\u00e4tsedega t\u00e4idetud paprikad r\u00f5\u00f5mustavad nii lapsi kui ka t\u00e4iskavanuid.","robots":{"index":"index","follow":"follow","max-snippet":"max-snippet:-1","max-image-preview":"max-image-preview:large","max-video-preview":"max-video-preview:-1"},"canonical":"https:\/\/bio4you.eu\/retseptid\/toode\/taidetud-halloweeni-paprikad\/","og_locale":"et_EE","og_type":"article","og_title":"T\u00e4idetud Halloweeni paprikad - bio4you.eu\/retseptid","og_description":"\u00d5udsed v\u00f5i \u00f5udselt head t\u00e4idetud paprikad? M\u00f5lemat! Basmati riisi ja l\u00e4\u00e4tsedega t\u00e4idetud paprikad r\u00f5\u00f5mustavad nii lapsi kui ka t\u00e4iskavanuid.","og_url":"https:\/\/bio4you.eu\/retseptid\/toode\/taidetud-halloweeni-paprikad\/","og_site_name":"bio4you.eu\/retseptid","article_modified_time":"2025-03-18T17:04:49+00:00","og_image":[{"width":2560,"height":1707,"url":"https:\/\/bio4you.eu\/retseptid\/wp-content\/uploads\/2023\/10\/DSC_9517-scaled.jpg","type":"image\/jpeg"}],"twitter_misc":{"Est. reading time":"1 minut"},"schema":{"@context":"https:\/\/schema.org","@graph":[{"@type":"WebPage","@id":"https:\/\/bio4you.eu\/retseptid\/toode\/taidetud-halloweeni-paprikad\/","url":"https:\/\/bio4you.eu\/retseptid\/toode\/taidetud-halloweeni-paprikad\/","name":"T\u00e4idetud Halloweeni paprikad - bio4you.eu\/retseptid","isPartOf":{"@id":"https:\/\/bio4you.eu\/retseptid\/#website"},"primaryImageOfPage":{"@id":"https:\/\/bio4you.eu\/retseptid\/toode\/taidetud-halloweeni-paprikad\/#primaryimage"},"image":{"@id":"https:\/\/bio4you.eu\/retseptid\/toode\/taidetud-halloweeni-paprikad\/#primaryimage"},"thumbnailUrl":"https:\/\/bio4you.eu\/retseptid\/wp-content\/uploads\/2023\/10\/DSC_9517-scaled.jpg","datePublished":"2023-10-15T07:40:16+00:00","dateModified":"2025-03-18T17:04:49+00:00","description":"\u00d5udsed v\u00f5i \u00f5udselt head t\u00e4idetud paprikad? M\u00f5lemat! Basmati riisi ja l\u00e4\u00e4tsedega t\u00e4idetud paprikad r\u00f5\u00f5mustavad nii lapsi kui ka t\u00e4iskavanuid.","breadcrumb":{"@id":"https:\/\/bio4you.eu\/retseptid\/toode\/taidetud-halloweeni-paprikad\/#breadcrumb"},"inLanguage":"et","potentialAction":[{"@type":"ReadAction","target":["https:\/\/bio4you.eu\/retseptid\/toode\/taidetud-halloweeni-paprikad\/"]}]},{"@type":"ImageObject","inLanguage":"et","@id":"https:\/\/bio4you.eu\/retseptid\/toode\/taidetud-halloweeni-paprikad\/#primaryimage","url":"https:\/\/bio4you.eu\/retseptid\/wp-content\/uploads\/2023\/10\/DSC_9517-scaled.jpg","contentUrl":"https:\/\/bio4you.eu\/retseptid\/wp-content\/uploads\/2023\/10\/DSC_9517-scaled.jpg","width":2560,"height":1707},{"@type":"BreadcrumbList","@id":"https:\/\/bio4you.eu\/retseptid\/toode\/taidetud-halloweeni-paprikad\/#breadcrumb","itemListElement":[{"@type":"ListItem","position":1,"name":"Home","item":"https:\/\/bio4you.eu\/retseptid\/"},{"@type":"ListItem","position":2,"name":"T\u00e4idetud Halloweeni paprikad"}]},{"@type":"WebSite","@id":"https:\/\/bio4you.eu\/retseptid\/#website","url":"https:\/\/bio4you.eu\/retseptid\/","name":"bio4you.eu\/retseptid","description":"\u00d6ko retseptid ise tegemiseks, looduslikest koostisainetest. Maitsev toit, iluhooldus, kodupuhastus ja aiandus.","potentialAction":[{"@type":"SearchAction","target":{"@type":"EntryPoint","urlTemplate":"https:\/\/bio4you.eu\/retseptid\/?s={search_term_string}"},"query-input":"required name=search_term_string"}],"inLanguage":"et"}]}},"_links":{"self":[{"href":"https:\/\/bio4you.eu\/retseptid\/wp-json\/wp\/v2\/product\/4206"}],"collection":[{"href":"https:\/\/bio4you.eu\/retseptid\/wp-json\/wp\/v2\/product"}],"about":[{"href":"https:\/\/bio4you.eu\/retseptid\/wp-json\/wp\/v2\/types\/product"}],"replies":[{"embeddable":true,"href":"https:\/\/bio4you.eu\/retseptid\/wp-json\/wp\/v2\/comments?post=4206"}],"wp:featuredmedia":[{"embeddable":true,"href":"https:\/\/bio4you.eu\/retseptid\/wp-json\/wp\/v2\/media\/4207"}],"wp:attachment":[{"href":"https:\/\/bio4you.eu\/retseptid\/wp-json\/wp\/v2\/media?parent=4206"}],"wp:term":[{"taxonomy":"product_cat","embeddable":true,"href":"https:\/\/bio4you.eu\/retseptid\/wp-json\/wp\/v2\/product_cat?post=4206"},{"taxonomy":"product_tag","embeddable":true,"href":"https:\/\/bio4you.eu\/retseptid\/wp-json\/wp\/v2\/product_tag?post=4206"}],"curies":[{"name":"wp","href":"https:\/\/api.w.org\/{rel}","templated":true}]}}