{"id":4238,"date":"2023-12-15T16:38:22","date_gmt":"2023-12-15T14:38:22","guid":{"rendered":"https:\/\/bio4you.eu\/retseptid\/?post_type=product&#038;p=4238"},"modified":"2023-12-15T16:46:18","modified_gmt":"2023-12-15T14:46:18","slug":"lihtsad-suhkrukupsised","status":"publish","type":"product","link":"https:\/\/bio4you.eu\/retseptid\/toode\/lihtsad-suhkrukupsised\/","title":{"rendered":"Lihtsad suhkruk\u00fcpsised"},"content":{"rendered":"<p>Valmistamine:<\/p>\n<ol>\n<li>Sega keskmises kausis kokku jahu, sool ja k\u00fcpsetuspulber.<\/li>\n<li>Vahusta keskmisel kiirusel omavahel toasoe v\u00f5i ja suhkur, kuni segu muutub ilusaks kohevaks. See v\u00f5tab umbes 2 minutit.<\/li>\n<li>Lisa vahustamise ajal ka munad, \u00fckshaaval. Kui munad on segusse sisse vahustatud, lisa ka vaniljeekstrakt.<\/li>\n<li>Sega v\u00e4hehaaval hulka jahu, kuni saad m\u00f5nusa tekstuuriga taina.<\/li>\n<li>Jaga tainas kaheks ja m\u00e4ssi toidukilesse. Pane k\u00fclmkappi v\u00e4hemalt kaheks tunniks (maksimum kaheks p\u00e4evaks).<\/li>\n<li>P\u00e4rast k\u00fclmikus jahutamist lase tainal seista 15-20 minutit toatemperatuuril enne kui seda kasutama hakkad.<\/li>\n<li>Eelsoojenda ahi 190 kraadini.<\/li>\n<li>Rulli tainas jahusel pinnal ja l\u00f5ika k\u00fcpsisevormidega sobivad kujud.<\/li>\n<li>K\u00fcpseta ahjus 10-12 minutit kuni alumised \u00e4\u00e4red hakkavad kergelt kuldseks minema. V\u00f5ta ahjust v\u00e4lja ning lase t\u00e4ielikult maha jahtuda.<\/li>\n<li>Kaunista naturaalse glasuuriga, retsepti n\u00e4ed<a href=\"https:\/\/bio4you.eu\/retseptid\/toode\/naturaalne-piparkoogiglasuur\/\" target=\"_blank\" rel=\"noopener\"> siia klikates<\/a>.<\/li>\n<\/ol>\n","protected":false},"excerpt":{"rendered":"<p>Vaja l\u00e4heb:<\/p>\n<ul>\n<li>480 g jahu<\/li>\n<li>3\/4 tl <a href=\"https:\/\/bio4you.eu\/et\/maitseained-ja-magustajad\/3629-ajurveeda-himaalaja-roosa-sool-peen-500g.html\" target=\"_blank\" rel=\"noopener\">soola<\/a><\/li>\n<li>3\/4 tl <a href=\"https:\/\/bio4you.eu\/et\/maitseained-ja-magustajad\/2565-gluteenivaba-kuepsetuspulber-3x18g.html\" target=\"_blank\" rel=\"noopener\">k\u00fcpsetuspulbrit<\/a><\/li>\n<li>230 g v\u00f5id, toatemperatuuril<\/li>\n<li>200 g tuhksuhkrut<\/li>\n<li>2 suurt muna<\/li>\n<li>2 tl vaniljeekstrakti<\/li>\n<\/ul>\n","protected":false},"featured_media":4239,"comment_status":"open","ping_status":"closed","template":"","meta":{"_exactmetrics_skip_tracking":false,"_exactmetrics_sitenote_active":false,"_exactmetrics_sitenote_note":"","_exactmetrics_sitenote_category":0},"product_cat":[59,383,280,365],"product_tag":[],"class_list":{"0":"post-4238","1":"product","2":"type-product","3":"status-publish","4":"has-post-thumbnail","6":"product_cat-featured","7":"product_cat-taimetoit","8":"product_cat-koogid-ja-kupsised","9":"product_cat-laste-lemmikud","11":"first","12":"instock","13":"shipping-taxable","14":"product-type-simple"},"yoast_head":"<!-- This site is optimized with the Yoast SEO plugin v23.3 - https:\/\/yoast.com\/wordpress\/plugins\/seo\/ -->\n<title>Lihtsad suhkruk\u00fcpsised - bio4you.eu\/retseptid<\/title>\n<meta name=\"description\" content=\"Kui tahad piparkookidest pisut vaheldust, siis valmista need laste lemmikud suhkruk\u00fcpsised. Retseptis on ka naturaalne glasuur esindatud.\" \/>\n<meta name=\"robots\" content=\"index, follow, max-snippet:-1, max-image-preview:large, max-video-preview:-1\" \/>\n<link rel=\"canonical\" href=\"https:\/\/bio4you.eu\/retseptid\/toode\/lihtsad-suhkrukupsised\/\" \/>\n<meta property=\"og:locale\" content=\"et_EE\" \/>\n<meta property=\"og:type\" content=\"article\" \/>\n<meta property=\"og:title\" content=\"Lihtsad suhkruk\u00fcpsised - bio4you.eu\/retseptid\" \/>\n<meta property=\"og:description\" content=\"Kui tahad piparkookidest pisut vaheldust, siis valmista need laste lemmikud suhkruk\u00fcpsised. Retseptis on ka naturaalne glasuur esindatud.\" \/>\n<meta property=\"og:url\" content=\"https:\/\/bio4you.eu\/retseptid\/toode\/lihtsad-suhkrukupsised\/\" \/>\n<meta property=\"og:site_name\" content=\"bio4you.eu\/retseptid\" \/>\n<meta property=\"article:modified_time\" content=\"2023-12-15T14:46:18+00:00\" \/>\n<meta property=\"og:image\" content=\"https:\/\/bio4you.eu\/retseptid\/wp-content\/uploads\/2023\/12\/pexels-laura-james-6102136-scaled.jpg\" \/>\n\t<meta property=\"og:image:width\" content=\"1707\" \/>\n\t<meta property=\"og:image:height\" content=\"2560\" \/>\n\t<meta property=\"og:image:type\" content=\"image\/jpeg\" \/>\n<meta name=\"twitter:label1\" content=\"Est. reading time\" \/>\n\t<meta name=\"twitter:data1\" content=\"1 minut\" \/>\n<script type=\"application\/ld+json\" class=\"yoast-schema-graph\">{\"@context\":\"https:\/\/schema.org\",\"@graph\":[{\"@type\":\"WebPage\",\"@id\":\"https:\/\/bio4you.eu\/retseptid\/toode\/lihtsad-suhkrukupsised\/\",\"url\":\"https:\/\/bio4you.eu\/retseptid\/toode\/lihtsad-suhkrukupsised\/\",\"name\":\"Lihtsad suhkruk\u00fcpsised - bio4you.eu\/retseptid\",\"isPartOf\":{\"@id\":\"https:\/\/bio4you.eu\/retseptid\/#website\"},\"primaryImageOfPage\":{\"@id\":\"https:\/\/bio4you.eu\/retseptid\/toode\/lihtsad-suhkrukupsised\/#primaryimage\"},\"image\":{\"@id\":\"https:\/\/bio4you.eu\/retseptid\/toode\/lihtsad-suhkrukupsised\/#primaryimage\"},\"thumbnailUrl\":\"https:\/\/bio4you.eu\/retseptid\/wp-content\/uploads\/2023\/12\/pexels-laura-james-6102136-scaled.jpg\",\"datePublished\":\"2023-12-15T14:38:22+00:00\",\"dateModified\":\"2023-12-15T14:46:18+00:00\",\"description\":\"Kui tahad piparkookidest pisut vaheldust, siis valmista need laste lemmikud suhkruk\u00fcpsised. Retseptis on ka naturaalne glasuur esindatud.\",\"breadcrumb\":{\"@id\":\"https:\/\/bio4you.eu\/retseptid\/toode\/lihtsad-suhkrukupsised\/#breadcrumb\"},\"inLanguage\":\"et\",\"potentialAction\":[{\"@type\":\"ReadAction\",\"target\":[\"https:\/\/bio4you.eu\/retseptid\/toode\/lihtsad-suhkrukupsised\/\"]}]},{\"@type\":\"ImageObject\",\"inLanguage\":\"et\",\"@id\":\"https:\/\/bio4you.eu\/retseptid\/toode\/lihtsad-suhkrukupsised\/#primaryimage\",\"url\":\"https:\/\/bio4you.eu\/retseptid\/wp-content\/uploads\/2023\/12\/pexels-laura-james-6102136-scaled.jpg\",\"contentUrl\":\"https:\/\/bio4you.eu\/retseptid\/wp-content\/uploads\/2023\/12\/pexels-laura-james-6102136-scaled.jpg\",\"width\":1707,\"height\":2560},{\"@type\":\"BreadcrumbList\",\"@id\":\"https:\/\/bio4you.eu\/retseptid\/toode\/lihtsad-suhkrukupsised\/#breadcrumb\",\"itemListElement\":[{\"@type\":\"ListItem\",\"position\":1,\"name\":\"Home\",\"item\":\"https:\/\/bio4you.eu\/retseptid\/\"},{\"@type\":\"ListItem\",\"position\":2,\"name\":\"Lihtsad suhkruk\u00fcpsised\"}]},{\"@type\":\"WebSite\",\"@id\":\"https:\/\/bio4you.eu\/retseptid\/#website\",\"url\":\"https:\/\/bio4you.eu\/retseptid\/\",\"name\":\"bio4you.eu\/retseptid\",\"description\":\"\u00d6ko retseptid ise tegemiseks, looduslikest koostisainetest. Maitsev toit, iluhooldus, kodupuhastus ja aiandus.\",\"potentialAction\":[{\"@type\":\"SearchAction\",\"target\":{\"@type\":\"EntryPoint\",\"urlTemplate\":\"https:\/\/bio4you.eu\/retseptid\/?s={search_term_string}\"},\"query-input\":\"required name=search_term_string\"}],\"inLanguage\":\"et\"}]}<\/script>\n<!-- \/ Yoast SEO plugin. -->","yoast_head_json":{"title":"Lihtsad suhkruk\u00fcpsised - bio4you.eu\/retseptid","description":"Kui tahad piparkookidest pisut vaheldust, siis valmista need laste lemmikud suhkruk\u00fcpsised. Retseptis on ka naturaalne glasuur esindatud.","robots":{"index":"index","follow":"follow","max-snippet":"max-snippet:-1","max-image-preview":"max-image-preview:large","max-video-preview":"max-video-preview:-1"},"canonical":"https:\/\/bio4you.eu\/retseptid\/toode\/lihtsad-suhkrukupsised\/","og_locale":"et_EE","og_type":"article","og_title":"Lihtsad suhkruk\u00fcpsised - bio4you.eu\/retseptid","og_description":"Kui tahad piparkookidest pisut vaheldust, siis valmista need laste lemmikud suhkruk\u00fcpsised. Retseptis on ka naturaalne glasuur esindatud.","og_url":"https:\/\/bio4you.eu\/retseptid\/toode\/lihtsad-suhkrukupsised\/","og_site_name":"bio4you.eu\/retseptid","article_modified_time":"2023-12-15T14:46:18+00:00","og_image":[{"width":1707,"height":2560,"url":"https:\/\/bio4you.eu\/retseptid\/wp-content\/uploads\/2023\/12\/pexels-laura-james-6102136-scaled.jpg","type":"image\/jpeg"}],"twitter_misc":{"Est. reading time":"1 minut"},"schema":{"@context":"https:\/\/schema.org","@graph":[{"@type":"WebPage","@id":"https:\/\/bio4you.eu\/retseptid\/toode\/lihtsad-suhkrukupsised\/","url":"https:\/\/bio4you.eu\/retseptid\/toode\/lihtsad-suhkrukupsised\/","name":"Lihtsad suhkruk\u00fcpsised - bio4you.eu\/retseptid","isPartOf":{"@id":"https:\/\/bio4you.eu\/retseptid\/#website"},"primaryImageOfPage":{"@id":"https:\/\/bio4you.eu\/retseptid\/toode\/lihtsad-suhkrukupsised\/#primaryimage"},"image":{"@id":"https:\/\/bio4you.eu\/retseptid\/toode\/lihtsad-suhkrukupsised\/#primaryimage"},"thumbnailUrl":"https:\/\/bio4you.eu\/retseptid\/wp-content\/uploads\/2023\/12\/pexels-laura-james-6102136-scaled.jpg","datePublished":"2023-12-15T14:38:22+00:00","dateModified":"2023-12-15T14:46:18+00:00","description":"Kui tahad piparkookidest pisut vaheldust, siis valmista need laste lemmikud suhkruk\u00fcpsised. Retseptis on ka naturaalne glasuur esindatud.","breadcrumb":{"@id":"https:\/\/bio4you.eu\/retseptid\/toode\/lihtsad-suhkrukupsised\/#breadcrumb"},"inLanguage":"et","potentialAction":[{"@type":"ReadAction","target":["https:\/\/bio4you.eu\/retseptid\/toode\/lihtsad-suhkrukupsised\/"]}]},{"@type":"ImageObject","inLanguage":"et","@id":"https:\/\/bio4you.eu\/retseptid\/toode\/lihtsad-suhkrukupsised\/#primaryimage","url":"https:\/\/bio4you.eu\/retseptid\/wp-content\/uploads\/2023\/12\/pexels-laura-james-6102136-scaled.jpg","contentUrl":"https:\/\/bio4you.eu\/retseptid\/wp-content\/uploads\/2023\/12\/pexels-laura-james-6102136-scaled.jpg","width":1707,"height":2560},{"@type":"BreadcrumbList","@id":"https:\/\/bio4you.eu\/retseptid\/toode\/lihtsad-suhkrukupsised\/#breadcrumb","itemListElement":[{"@type":"ListItem","position":1,"name":"Home","item":"https:\/\/bio4you.eu\/retseptid\/"},{"@type":"ListItem","position":2,"name":"Lihtsad suhkruk\u00fcpsised"}]},{"@type":"WebSite","@id":"https:\/\/bio4you.eu\/retseptid\/#website","url":"https:\/\/bio4you.eu\/retseptid\/","name":"bio4you.eu\/retseptid","description":"\u00d6ko retseptid ise tegemiseks, looduslikest koostisainetest. Maitsev toit, iluhooldus, kodupuhastus ja aiandus.","potentialAction":[{"@type":"SearchAction","target":{"@type":"EntryPoint","urlTemplate":"https:\/\/bio4you.eu\/retseptid\/?s={search_term_string}"},"query-input":"required name=search_term_string"}],"inLanguage":"et"}]}},"_links":{"self":[{"href":"https:\/\/bio4you.eu\/retseptid\/wp-json\/wp\/v2\/product\/4238"}],"collection":[{"href":"https:\/\/bio4you.eu\/retseptid\/wp-json\/wp\/v2\/product"}],"about":[{"href":"https:\/\/bio4you.eu\/retseptid\/wp-json\/wp\/v2\/types\/product"}],"replies":[{"embeddable":true,"href":"https:\/\/bio4you.eu\/retseptid\/wp-json\/wp\/v2\/comments?post=4238"}],"wp:featuredmedia":[{"embeddable":true,"href":"https:\/\/bio4you.eu\/retseptid\/wp-json\/wp\/v2\/media\/4239"}],"wp:attachment":[{"href":"https:\/\/bio4you.eu\/retseptid\/wp-json\/wp\/v2\/media?parent=4238"}],"wp:term":[{"taxonomy":"product_cat","embeddable":true,"href":"https:\/\/bio4you.eu\/retseptid\/wp-json\/wp\/v2\/product_cat?post=4238"},{"taxonomy":"product_tag","embeddable":true,"href":"https:\/\/bio4you.eu\/retseptid\/wp-json\/wp\/v2\/product_tag?post=4238"}],"curies":[{"name":"wp","href":"https:\/\/api.w.org\/{rel}","templated":true}]}}