{"id":4246,"date":"2024-01-26T12:13:18","date_gmt":"2024-01-26T10:13:18","guid":{"rendered":"https:\/\/bio4you.eu\/retseptid\/?post_type=product&#038;p=4246"},"modified":"2024-01-26T12:15:41","modified_gmt":"2024-01-26T10:15:41","slug":"aasiaparane-nuudliroog-falafelitega","status":"publish","type":"product","link":"https:\/\/bio4you.eu\/retseptid\/toode\/aasiaparane-nuudliroog-falafelitega\/","title":{"rendered":"Aasiap\u00e4rane nuudliroog falafelitega"},"content":{"rendered":"<p>Valmisatamine:<\/p>\n<ol>\n<li>Pane falafelite jaoks m\u00f5eldud kotikese sisu kaussi, sega keeva veega hoolikalt l\u00e4bi. J\u00e4ta umbes 15 minutiks seisma.<\/li>\n<li>Valmista k\u00f6\u00f6giviljad: tee spiraall\u00f5ikuri abil suvik\u00f5rvitsast nuudlid, l\u00f5ika brokoli v\u00e4ikesteks \u00f5isikuteks, paprika l\u00f5ika ribadeks. Koori ja t\u00fckelda porgand ning sibul.<\/li>\n<li>Pane pann keskmisele kuumusele sooja, sega kokku kookos\u00f5li, sibulad, karripasta ja kuumuta m\u00f5ni minut. Lisa kookospiim, brokoli, paprika, porgand, herned ja sega korralikult l\u00e4bi, lase 15-20 minutit madalal kuumusel podiseda.<\/li>\n<li>Samal ajal pane sooja k\u00fcpsetus\u00f5li. Tee falafelisegust v\u00e4ikesed pallikesed ja prae \u00f5lis kuldpruuniks.<\/li>\n<li>Maitsesta kogu karri soola ja pipraga. Soovi korral lisa ka v\u00e4rsket laimimahla.<\/li>\n<li>Sega suvik\u00f5rvitsanuudlid kaussidesse ja pane peale karri. Serveeri v\u00e4rske t\u0161illi, koriandrilehtede ja seesamiseemnetega.<\/li>\n<\/ol>\n","protected":false},"excerpt":{"rendered":"<p>Vaja l\u00e4heb:<\/p>\n<ul>\n<li>1 pakk <a href=\"https:\/\/bio4you.eu\/et\/kuivained\/4147-gluteenivaba-falafelisegu-kookose-ja-karriga-160g.html\" target=\"_blank\" rel=\"noopener\">Bauckhof gluteenivaba falafelisegu kookose ja karriga<\/a><\/li>\n<li>275 ml keevat vett<\/li>\n<li>4 v\u00e4ikest suvik\u00f5rvitsat<\/li>\n<li>1 brokoli<\/li>\n<li>1 punane paprika<\/li>\n<li>2 porgandit<\/li>\n<li>1 sibul<\/li>\n<li>1 spl kookos\u00f5li<\/li>\n<li>1 spl karripastat<\/li>\n<li>1 purk kookospiima<\/li>\n<li>150 g herneid<\/li>\n<li><a href=\"https:\/\/bio4you.eu\/et\/olid-kastmed-kreemid\/2319-praadimisoli-750ml.html\" target=\"_blank\" rel=\"noopener\">k\u00fcpsetus\u00f5li<\/a><\/li>\n<li>pisut <a href=\"https:\/\/bio4you.eu\/et\/maitseained-ja-magustajad\/3629-ajurveeda-himaalaja-roosa-sool-peen-500g.html\" target=\"_blank\" rel=\"noopener\">soola<\/a> ja pipart<\/li>\n<li>koriandrit<\/li>\n<li><a href=\"https:\/\/bio4you.eu\/et\/otsi?controller=search&amp;order=product.position.desc&amp;s=seesamiseemned\" target=\"_blank\" rel=\"noopener\">seesamiseemneid<\/a><\/li>\n<li>1 t\u0161illipipar<\/li>\n<\/ul>\n","protected":false},"featured_media":4247,"comment_status":"open","ping_status":"closed","template":"","meta":{"_exactmetrics_skip_tracking":false,"_exactmetrics_sitenote_active":false,"_exactmetrics_sitenote_note":"","_exactmetrics_sitenote_category":0},"product_cat":[59,60,382,63,383],"product_tag":[],"class_list":{"0":"post-4246","1":"product","2":"type-product","3":"status-publish","4":"has-post-thumbnail","6":"product_cat-featured","7":"product_cat-toiduretseptid","8":"product_cat-vegan-toiduretseptid","9":"product_cat-gluteenivabad-retseptid","10":"product_cat-taimetoit","12":"first","13":"instock","14":"shipping-taxable","15":"product-type-simple"},"yoast_head":"<!-- This site is optimized with the Yoast SEO plugin v23.3 - https:\/\/yoast.com\/wordpress\/plugins\/seo\/ -->\n<title>Aasiap\u00e4rane nuudliroog falafelitega - bio4you.eu\/retseptid<\/title>\n<meta name=\"description\" content=\"M\u00f5\u00f5dukalt v\u00fcrtsikas ja tervislik karri, mille retseptis kasutame tavap\u00e4raste nuudlite asemel suvik\u00f5rvitsanuudleid, yum!\" \/>\n<meta name=\"robots\" content=\"index, follow, max-snippet:-1, max-image-preview:large, max-video-preview:-1\" \/>\n<link rel=\"canonical\" href=\"https:\/\/bio4you.eu\/retseptid\/toode\/aasiaparane-nuudliroog-falafelitega\/\" \/>\n<meta property=\"og:locale\" content=\"et_EE\" \/>\n<meta property=\"og:type\" content=\"article\" \/>\n<meta property=\"og:title\" content=\"Aasiap\u00e4rane nuudliroog falafelitega - bio4you.eu\/retseptid\" \/>\n<meta property=\"og:description\" content=\"M\u00f5\u00f5dukalt v\u00fcrtsikas ja tervislik karri, mille retseptis kasutame tavap\u00e4raste nuudlite asemel suvik\u00f5rvitsanuudleid, yum!\" \/>\n<meta property=\"og:url\" content=\"https:\/\/bio4you.eu\/retseptid\/toode\/aasiaparane-nuudliroog-falafelitega\/\" \/>\n<meta property=\"og:site_name\" content=\"bio4you.eu\/retseptid\" \/>\n<meta property=\"article:modified_time\" content=\"2024-01-26T10:15:41+00:00\" \/>\n<meta property=\"og:image\" content=\"https:\/\/bio4you.eu\/retseptid\/wp-content\/uploads\/2024\/01\/420108403_894309729366677_8944397294821549463_n.jpg\" \/>\n\t<meta property=\"og:image:width\" content=\"2048\" \/>\n\t<meta property=\"og:image:height\" content=\"2048\" \/>\n\t<meta property=\"og:image:type\" content=\"image\/jpeg\" \/>\n<meta name=\"twitter:label1\" content=\"Est. reading time\" \/>\n\t<meta name=\"twitter:data1\" content=\"1 minut\" \/>\n<script type=\"application\/ld+json\" class=\"yoast-schema-graph\">{\"@context\":\"https:\/\/schema.org\",\"@graph\":[{\"@type\":\"WebPage\",\"@id\":\"https:\/\/bio4you.eu\/retseptid\/toode\/aasiaparane-nuudliroog-falafelitega\/\",\"url\":\"https:\/\/bio4you.eu\/retseptid\/toode\/aasiaparane-nuudliroog-falafelitega\/\",\"name\":\"Aasiap\u00e4rane nuudliroog falafelitega - bio4you.eu\/retseptid\",\"isPartOf\":{\"@id\":\"https:\/\/bio4you.eu\/retseptid\/#website\"},\"primaryImageOfPage\":{\"@id\":\"https:\/\/bio4you.eu\/retseptid\/toode\/aasiaparane-nuudliroog-falafelitega\/#primaryimage\"},\"image\":{\"@id\":\"https:\/\/bio4you.eu\/retseptid\/toode\/aasiaparane-nuudliroog-falafelitega\/#primaryimage\"},\"thumbnailUrl\":\"https:\/\/bio4you.eu\/retseptid\/wp-content\/uploads\/2024\/01\/420108403_894309729366677_8944397294821549463_n.jpg\",\"datePublished\":\"2024-01-26T10:13:18+00:00\",\"dateModified\":\"2024-01-26T10:15:41+00:00\",\"description\":\"M\u00f5\u00f5dukalt v\u00fcrtsikas ja tervislik karri, mille retseptis kasutame tavap\u00e4raste nuudlite asemel suvik\u00f5rvitsanuudleid, yum!\",\"breadcrumb\":{\"@id\":\"https:\/\/bio4you.eu\/retseptid\/toode\/aasiaparane-nuudliroog-falafelitega\/#breadcrumb\"},\"inLanguage\":\"et\",\"potentialAction\":[{\"@type\":\"ReadAction\",\"target\":[\"https:\/\/bio4you.eu\/retseptid\/toode\/aasiaparane-nuudliroog-falafelitega\/\"]}]},{\"@type\":\"ImageObject\",\"inLanguage\":\"et\",\"@id\":\"https:\/\/bio4you.eu\/retseptid\/toode\/aasiaparane-nuudliroog-falafelitega\/#primaryimage\",\"url\":\"https:\/\/bio4you.eu\/retseptid\/wp-content\/uploads\/2024\/01\/420108403_894309729366677_8944397294821549463_n.jpg\",\"contentUrl\":\"https:\/\/bio4you.eu\/retseptid\/wp-content\/uploads\/2024\/01\/420108403_894309729366677_8944397294821549463_n.jpg\",\"width\":2048,\"height\":2048},{\"@type\":\"BreadcrumbList\",\"@id\":\"https:\/\/bio4you.eu\/retseptid\/toode\/aasiaparane-nuudliroog-falafelitega\/#breadcrumb\",\"itemListElement\":[{\"@type\":\"ListItem\",\"position\":1,\"name\":\"Home\",\"item\":\"https:\/\/bio4you.eu\/retseptid\/\"},{\"@type\":\"ListItem\",\"position\":2,\"name\":\"Aasiap\u00e4rane nuudliroog falafelitega\"}]},{\"@type\":\"WebSite\",\"@id\":\"https:\/\/bio4you.eu\/retseptid\/#website\",\"url\":\"https:\/\/bio4you.eu\/retseptid\/\",\"name\":\"bio4you.eu\/retseptid\",\"description\":\"\u00d6ko retseptid ise tegemiseks, looduslikest koostisainetest. Maitsev toit, iluhooldus, kodupuhastus ja aiandus.\",\"potentialAction\":[{\"@type\":\"SearchAction\",\"target\":{\"@type\":\"EntryPoint\",\"urlTemplate\":\"https:\/\/bio4you.eu\/retseptid\/?s={search_term_string}\"},\"query-input\":\"required name=search_term_string\"}],\"inLanguage\":\"et\"}]}<\/script>\n<!-- \/ Yoast SEO plugin. -->","yoast_head_json":{"title":"Aasiap\u00e4rane nuudliroog falafelitega - bio4you.eu\/retseptid","description":"M\u00f5\u00f5dukalt v\u00fcrtsikas ja tervislik karri, mille retseptis kasutame tavap\u00e4raste nuudlite asemel suvik\u00f5rvitsanuudleid, yum!","robots":{"index":"index","follow":"follow","max-snippet":"max-snippet:-1","max-image-preview":"max-image-preview:large","max-video-preview":"max-video-preview:-1"},"canonical":"https:\/\/bio4you.eu\/retseptid\/toode\/aasiaparane-nuudliroog-falafelitega\/","og_locale":"et_EE","og_type":"article","og_title":"Aasiap\u00e4rane nuudliroog falafelitega - bio4you.eu\/retseptid","og_description":"M\u00f5\u00f5dukalt v\u00fcrtsikas ja tervislik karri, mille retseptis kasutame tavap\u00e4raste nuudlite asemel suvik\u00f5rvitsanuudleid, yum!","og_url":"https:\/\/bio4you.eu\/retseptid\/toode\/aasiaparane-nuudliroog-falafelitega\/","og_site_name":"bio4you.eu\/retseptid","article_modified_time":"2024-01-26T10:15:41+00:00","og_image":[{"width":2048,"height":2048,"url":"https:\/\/bio4you.eu\/retseptid\/wp-content\/uploads\/2024\/01\/420108403_894309729366677_8944397294821549463_n.jpg","type":"image\/jpeg"}],"twitter_misc":{"Est. reading time":"1 minut"},"schema":{"@context":"https:\/\/schema.org","@graph":[{"@type":"WebPage","@id":"https:\/\/bio4you.eu\/retseptid\/toode\/aasiaparane-nuudliroog-falafelitega\/","url":"https:\/\/bio4you.eu\/retseptid\/toode\/aasiaparane-nuudliroog-falafelitega\/","name":"Aasiap\u00e4rane nuudliroog falafelitega - bio4you.eu\/retseptid","isPartOf":{"@id":"https:\/\/bio4you.eu\/retseptid\/#website"},"primaryImageOfPage":{"@id":"https:\/\/bio4you.eu\/retseptid\/toode\/aasiaparane-nuudliroog-falafelitega\/#primaryimage"},"image":{"@id":"https:\/\/bio4you.eu\/retseptid\/toode\/aasiaparane-nuudliroog-falafelitega\/#primaryimage"},"thumbnailUrl":"https:\/\/bio4you.eu\/retseptid\/wp-content\/uploads\/2024\/01\/420108403_894309729366677_8944397294821549463_n.jpg","datePublished":"2024-01-26T10:13:18+00:00","dateModified":"2024-01-26T10:15:41+00:00","description":"M\u00f5\u00f5dukalt v\u00fcrtsikas ja tervislik karri, mille retseptis kasutame tavap\u00e4raste nuudlite asemel suvik\u00f5rvitsanuudleid, yum!","breadcrumb":{"@id":"https:\/\/bio4you.eu\/retseptid\/toode\/aasiaparane-nuudliroog-falafelitega\/#breadcrumb"},"inLanguage":"et","potentialAction":[{"@type":"ReadAction","target":["https:\/\/bio4you.eu\/retseptid\/toode\/aasiaparane-nuudliroog-falafelitega\/"]}]},{"@type":"ImageObject","inLanguage":"et","@id":"https:\/\/bio4you.eu\/retseptid\/toode\/aasiaparane-nuudliroog-falafelitega\/#primaryimage","url":"https:\/\/bio4you.eu\/retseptid\/wp-content\/uploads\/2024\/01\/420108403_894309729366677_8944397294821549463_n.jpg","contentUrl":"https:\/\/bio4you.eu\/retseptid\/wp-content\/uploads\/2024\/01\/420108403_894309729366677_8944397294821549463_n.jpg","width":2048,"height":2048},{"@type":"BreadcrumbList","@id":"https:\/\/bio4you.eu\/retseptid\/toode\/aasiaparane-nuudliroog-falafelitega\/#breadcrumb","itemListElement":[{"@type":"ListItem","position":1,"name":"Home","item":"https:\/\/bio4you.eu\/retseptid\/"},{"@type":"ListItem","position":2,"name":"Aasiap\u00e4rane nuudliroog falafelitega"}]},{"@type":"WebSite","@id":"https:\/\/bio4you.eu\/retseptid\/#website","url":"https:\/\/bio4you.eu\/retseptid\/","name":"bio4you.eu\/retseptid","description":"\u00d6ko retseptid ise tegemiseks, looduslikest koostisainetest. Maitsev toit, iluhooldus, kodupuhastus ja aiandus.","potentialAction":[{"@type":"SearchAction","target":{"@type":"EntryPoint","urlTemplate":"https:\/\/bio4you.eu\/retseptid\/?s={search_term_string}"},"query-input":"required name=search_term_string"}],"inLanguage":"et"}]}},"_links":{"self":[{"href":"https:\/\/bio4you.eu\/retseptid\/wp-json\/wp\/v2\/product\/4246"}],"collection":[{"href":"https:\/\/bio4you.eu\/retseptid\/wp-json\/wp\/v2\/product"}],"about":[{"href":"https:\/\/bio4you.eu\/retseptid\/wp-json\/wp\/v2\/types\/product"}],"replies":[{"embeddable":true,"href":"https:\/\/bio4you.eu\/retseptid\/wp-json\/wp\/v2\/comments?post=4246"}],"wp:featuredmedia":[{"embeddable":true,"href":"https:\/\/bio4you.eu\/retseptid\/wp-json\/wp\/v2\/media\/4247"}],"wp:attachment":[{"href":"https:\/\/bio4you.eu\/retseptid\/wp-json\/wp\/v2\/media?parent=4246"}],"wp:term":[{"taxonomy":"product_cat","embeddable":true,"href":"https:\/\/bio4you.eu\/retseptid\/wp-json\/wp\/v2\/product_cat?post=4246"},{"taxonomy":"product_tag","embeddable":true,"href":"https:\/\/bio4you.eu\/retseptid\/wp-json\/wp\/v2\/product_tag?post=4246"}],"curies":[{"name":"wp","href":"https:\/\/api.w.org\/{rel}","templated":true}]}}