{"id":4270,"date":"2025-01-23T09:00:58","date_gmt":"2025-01-23T07:00:58","guid":{"rendered":"https:\/\/bio4you.eu\/retseptid\/?post_type=product&#038;p=4270"},"modified":"2025-01-08T18:15:27","modified_gmt":"2025-01-08T16:15:27","slug":"vegan-lasanje-laatseraguuga","status":"publish","type":"product","link":"https:\/\/bio4you.eu\/retseptid\/toode\/vegan-lasanje-laatseraguuga\/","title":{"rendered":"Vegan lasanje l\u00e4\u00e4tseraguuga"},"content":{"rendered":"<p><span style=\"font-weight: 400;\">Valmistamisjuhend:<\/span><\/p>\n<ol>\n<li><span style=\"font-weight: 400;\">Raguu valmistamine:<\/span><\/li>\n<\/ol>\n<ul>\n<li><span style=\"font-weight: 400;\">Puhasta ja haki seller, porgand ja \u0161alottsibul. Prae neid suures potis v\u00e4hese oliivi\u00f5liga m\u00f5ni minut, kuni k\u00f6\u00f6giviljad muutuvad aromaatseks.<\/span><\/li>\n<li><span style=\"font-weight: 400;\">Loputa Fior Di Loto rohelised l\u00e4\u00e4tsed voolava vee all ja lisa need k\u00f6\u00f6giviljadele. Prae veel m\u00f5ni minut, et maitsed seguneksid.<\/span><\/li>\n<li><span style=\"font-weight: 400;\">Lisa Fior Di Loto tomatipasta, loorberileht, sool ja pipar. Hauta segu v\u00e4hemalt 40 minutit madalal kuumusel. Kui segu muutub liiga paksuks, lisa vett v\u00f5i k\u00f6\u00f6giviljapuljongit.<\/span><\/li>\n<\/ul>\n<ol start=\"2\">\n<li><span style=\"font-weight: 400;\">Be\u0161amelli valmistamine:<\/span><\/li>\n<\/ol>\n<ul>\n<li><span style=\"font-weight: 400;\">Kuumuta paksup\u00f5hjalises potis \u00f5li ja kuumuta selles riisijahu, pidevalt segades. T\u00f5sta pott tulelt, lisa sool, riivitud muskaatp\u00e4hkel ja paar supilusikat sojajooki.<\/span><\/li>\n<li><span style=\"font-weight: 400;\">Sega \u00fchtlaseks massiks ja lisa j\u00e4rk-j\u00e4rgult \u00fclej\u00e4\u00e4nud sojajook. Pane pott tagasi pliidile ja keeda umbes 4 minutit p\u00e4rast keemaminekut, pidevalt segades, kuni kaste muutub kreemjaks.<\/span><\/li>\n<\/ul>\n<ol start=\"3\">\n<li><span style=\"font-weight: 400;\">Lasanje kokkupanek:<\/span><\/li>\n<\/ol>\n<ul>\n<li><span style=\"font-weight: 400;\">M\u00e4\u00e4ri ahjuvormi p\u00f5hja \u00f5huke kiht be\u0161amelli. Aseta sellele esimene kiht lasanjeplaate. Kata l\u00e4\u00e4tsede raguu\u2019ga, be\u0161amelliga ja puista peale taimset riivjuustu.<\/span><\/li>\n<li><span style=\"font-weight: 400;\">Korda kihte, kuni k\u00f5ik koostisosad on kasutatud, l\u00f5petades be\u0161amelli ja riivjuustuga.<\/span><\/li>\n<\/ul>\n<ol start=\"4\">\n<li><span style=\"font-weight: 400;\">K\u00fcpsetamine:<\/span><\/li>\n<\/ol>\n<ul>\n<li><span style=\"font-weight: 400;\">K\u00fcpseta eelsoojendatud ahjus 180\u00b0C juures 30 minutit, kuni lasanje muutub pealt kuldpruuniks ja mullitavaks.<\/span><\/li>\n<\/ul>\n<p class=\"p1\">Serveeri lasanje soojalt ja naudi rikkalikku maitsete harmooniat koos pere v\u00f5i s\u00f5pradega! Paljud tooted leiad <a href=\"https:\/\/bio4you.eu\/et\/\">Bio4You<\/a> \u00f6kopoest.<\/p>\n","protected":false},"excerpt":{"rendered":"<p><span style=\"font-weight: 400;\">Klassikaline lasanje uuel, taimsel kujul \u2013 ideaalne valik taimetoidu armastajatele!<\/span><\/p>\n<p><span style=\"font-weight: 400;\">Koostisosad:<\/span><\/p>\n<ul>\n<li><span style=\"font-weight: 400;\">170g <a href=\"https:\/\/bio4you.eu\/et\/oad-ja-kaunviljad\/5775-rohelised-laeaetsed-400g.html\">Fior Di Loto rohelisi l\u00e4\u00e4tsi<\/a><\/span><\/li>\n<li><span style=\"font-weight: 400;\">50g porgandit<\/span><\/li>\n<li><span style=\"font-weight: 400;\">30g sellerit<\/span><\/li>\n<li><span style=\"font-weight: 400;\">2 \u0161alottsibulat<\/span><\/li>\n<li><span style=\"font-weight: 400;\">400g <a href=\"https:\/\/bio4you.eu\/et\/toiduolid-kastmed-ja-kreemid\/3483-kodune-tomatipasta-700g.html\">Fior Di Loto tomatipastat<\/a><\/span><\/li>\n<li><span style=\"font-weight: 400;\">N\u00e4puotsat\u00e4is peeneteralist Atlandi meresoola<\/span><\/li>\n<li><span style=\"font-weight: 400;\">N\u00e4puotsat\u00e4is pipart<\/span><\/li>\n<li><span style=\"font-weight: 400;\">1 loorberileht (n\u00e4iteks, <a href=\"https:\/\/bio4you.eu\/et\/maitseained-ja-magustajad\/4754-loorberilehed-10g.html\">Cosmoveda Loorberilehed, 10g<\/a>)<\/span><\/li>\n<li><span style=\"font-weight: 400;\">Veidi extra virgin oliivi\u00f5li<\/span><\/li>\n<li><span style=\"font-weight: 400;\">40g riisijahu<\/span><\/li>\n<li><span style=\"font-weight: 400;\">500ml sojajooki<\/span><\/li>\n<li><span style=\"font-weight: 400;\">N\u00e4puotsat\u00e4is muskaatp\u00e4hklit (n\u00e4iteks, <a href=\"https:\/\/bio4you.eu\/et\/maitseained-ja-magustajad\/1000-jahvatatud-muskaatpaehkel-75g.html\">Cosmoveda Muskaatp\u00e4hkel, jahvatatud, 7,5g<\/a>)<\/span><\/li>\n<li><span style=\"font-weight: 400;\">18\u201320 lasanjeplaati<\/span><\/li>\n<li><span style=\"font-weight: 400;\">60g taimset riivjuustu<\/span><\/li>\n<\/ul>\n","protected":false},"featured_media":4271,"comment_status":"open","ping_status":"closed","template":"","meta":{"_exactmetrics_skip_tracking":false,"_exactmetrics_sitenote_active":false,"_exactmetrics_sitenote_note":"","_exactmetrics_sitenote_category":0},"product_cat":[59,382,383,70,72],"product_tag":[415,414,416,413],"class_list":{"0":"post-4270","1":"product","2":"type-product","3":"status-publish","4":"has-post-thumbnail","6":"product_cat-featured","7":"product_cat-vegan-toiduretseptid","8":"product_cat-taimetoit","9":"product_cat-pastaroad","10":"product_cat-oa-laatse-ja-hernetoidud","11":"product_tag-laatse","12":"product_tag-laatsed","13":"product_tag-laatseraguu","14":"product_tag-lasanje","16":"first","17":"instock","18":"shipping-taxable","19":"product-type-simple"},"yoast_head":"<!-- This site is optimized with the Yoast SEO plugin v23.3 - https:\/\/yoast.com\/wordpress\/plugins\/seo\/ -->\n<title>Vegan lasanje l\u00e4\u00e4tseraguuga - bio4you.eu\/retseptid<\/title>\n<meta name=\"description\" content=\"Valmista maitsev ja toitainerikas vegan lasanje, mis \u00fchendab rohelised l\u00e4\u00e4tsed, rikkaliku tomatikastme ja kreemja be\u0161amelli. Ideaalne valik taimetoidu armastajatele \u2013 lihtne retsept, mis r\u00f5\u00f5mustab kogu pere!\" \/>\n<meta name=\"robots\" content=\"index, follow, max-snippet:-1, max-image-preview:large, max-video-preview:-1\" \/>\n<link rel=\"canonical\" href=\"https:\/\/bio4you.eu\/retseptid\/toode\/vegan-lasanje-laatseraguuga\/\" \/>\n<meta property=\"og:locale\" content=\"et_EE\" \/>\n<meta property=\"og:type\" content=\"article\" \/>\n<meta property=\"og:title\" content=\"Maitsev vegan lasanje roheliste l\u00e4\u00e4tsede ja be\u0161amelliga\" \/>\n<meta property=\"og:description\" content=\"Valmista rikkaliku maitsega vegan lasanje, kus kohtuvad rohelised l\u00e4\u00e4tsed, tomatikaste ja kreemjas taimne be\u0161amell. Lihtne ja toitainerikas retsept, mis sobib suurep\u00e4raselt pere v\u00f5i s\u00f5pradega \u00f5htus\u00f6\u00f6giks!\" \/>\n<meta property=\"og:url\" content=\"https:\/\/bio4you.eu\/retseptid\/toode\/vegan-lasanje-laatseraguuga\/\" \/>\n<meta property=\"og:site_name\" content=\"bio4you.eu\/retseptid\" \/>\n<meta property=\"article:modified_time\" content=\"2025-01-08T16:15:27+00:00\" \/>\n<meta property=\"og:image\" content=\"https:\/\/bio4you.eu\/retseptid\/wp-content\/uploads\/2025\/01\/Vegan-lasanje-laatseraguuga.jpeg\" \/>\n\t<meta property=\"og:image:width\" content=\"1200\" \/>\n\t<meta property=\"og:image:height\" content=\"630\" \/>\n\t<meta property=\"og:image:type\" content=\"image\/jpeg\" \/>\n<meta name=\"twitter:label1\" content=\"Est. reading time\" \/>\n\t<meta name=\"twitter:data1\" content=\"1 minut\" \/>\n<script type=\"application\/ld+json\" class=\"yoast-schema-graph\">{\"@context\":\"https:\/\/schema.org\",\"@graph\":[{\"@type\":\"WebPage\",\"@id\":\"https:\/\/bio4you.eu\/retseptid\/toode\/vegan-lasanje-laatseraguuga\/\",\"url\":\"https:\/\/bio4you.eu\/retseptid\/toode\/vegan-lasanje-laatseraguuga\/\",\"name\":\"Vegan lasanje l\u00e4\u00e4tseraguuga - bio4you.eu\/retseptid\",\"isPartOf\":{\"@id\":\"https:\/\/bio4you.eu\/retseptid\/#website\"},\"primaryImageOfPage\":{\"@id\":\"https:\/\/bio4you.eu\/retseptid\/toode\/vegan-lasanje-laatseraguuga\/#primaryimage\"},\"image\":{\"@id\":\"https:\/\/bio4you.eu\/retseptid\/toode\/vegan-lasanje-laatseraguuga\/#primaryimage\"},\"thumbnailUrl\":\"https:\/\/bio4you.eu\/retseptid\/wp-content\/uploads\/2025\/01\/Vegan-lasanje-laatseraguuga.jpeg\",\"datePublished\":\"2025-01-23T07:00:58+00:00\",\"dateModified\":\"2025-01-08T16:15:27+00:00\",\"description\":\"Valmista maitsev ja toitainerikas vegan lasanje, mis \u00fchendab rohelised l\u00e4\u00e4tsed, rikkaliku tomatikastme ja kreemja be\u0161amelli. Ideaalne valik taimetoidu armastajatele \u2013 lihtne retsept, mis r\u00f5\u00f5mustab kogu pere!\",\"breadcrumb\":{\"@id\":\"https:\/\/bio4you.eu\/retseptid\/toode\/vegan-lasanje-laatseraguuga\/#breadcrumb\"},\"inLanguage\":\"et\",\"potentialAction\":[{\"@type\":\"ReadAction\",\"target\":[\"https:\/\/bio4you.eu\/retseptid\/toode\/vegan-lasanje-laatseraguuga\/\"]}]},{\"@type\":\"ImageObject\",\"inLanguage\":\"et\",\"@id\":\"https:\/\/bio4you.eu\/retseptid\/toode\/vegan-lasanje-laatseraguuga\/#primaryimage\",\"url\":\"https:\/\/bio4you.eu\/retseptid\/wp-content\/uploads\/2025\/01\/Vegan-lasanje-laatseraguuga.jpeg\",\"contentUrl\":\"https:\/\/bio4you.eu\/retseptid\/wp-content\/uploads\/2025\/01\/Vegan-lasanje-laatseraguuga.jpeg\",\"width\":1200,\"height\":630,\"caption\":\"Vegan lasanje \u2013 maitsev ja tervislik valik, mis \u00fchendab l\u00e4\u00e4tsed, tomatikastme ja kreemja taimse be\u0161amelli.\"},{\"@type\":\"BreadcrumbList\",\"@id\":\"https:\/\/bio4you.eu\/retseptid\/toode\/vegan-lasanje-laatseraguuga\/#breadcrumb\",\"itemListElement\":[{\"@type\":\"ListItem\",\"position\":1,\"name\":\"Home\",\"item\":\"https:\/\/bio4you.eu\/retseptid\/\"},{\"@type\":\"ListItem\",\"position\":2,\"name\":\"Vegan lasanje l\u00e4\u00e4tseraguuga\"}]},{\"@type\":\"WebSite\",\"@id\":\"https:\/\/bio4you.eu\/retseptid\/#website\",\"url\":\"https:\/\/bio4you.eu\/retseptid\/\",\"name\":\"bio4you.eu\/retseptid\",\"description\":\"\u00d6ko retseptid ise tegemiseks, looduslikest koostisainetest. Maitsev toit, iluhooldus, kodupuhastus ja aiandus.\",\"potentialAction\":[{\"@type\":\"SearchAction\",\"target\":{\"@type\":\"EntryPoint\",\"urlTemplate\":\"https:\/\/bio4you.eu\/retseptid\/?s={search_term_string}\"},\"query-input\":\"required name=search_term_string\"}],\"inLanguage\":\"et\"}]}<\/script>\n<!-- \/ Yoast SEO plugin. -->","yoast_head_json":{"title":"Vegan lasanje l\u00e4\u00e4tseraguuga - bio4you.eu\/retseptid","description":"Valmista maitsev ja toitainerikas vegan lasanje, mis \u00fchendab rohelised l\u00e4\u00e4tsed, rikkaliku tomatikastme ja kreemja be\u0161amelli. Ideaalne valik taimetoidu armastajatele \u2013 lihtne retsept, mis r\u00f5\u00f5mustab kogu pere!","robots":{"index":"index","follow":"follow","max-snippet":"max-snippet:-1","max-image-preview":"max-image-preview:large","max-video-preview":"max-video-preview:-1"},"canonical":"https:\/\/bio4you.eu\/retseptid\/toode\/vegan-lasanje-laatseraguuga\/","og_locale":"et_EE","og_type":"article","og_title":"Maitsev vegan lasanje roheliste l\u00e4\u00e4tsede ja be\u0161amelliga","og_description":"Valmista rikkaliku maitsega vegan lasanje, kus kohtuvad rohelised l\u00e4\u00e4tsed, tomatikaste ja kreemjas taimne be\u0161amell. Lihtne ja toitainerikas retsept, mis sobib suurep\u00e4raselt pere v\u00f5i s\u00f5pradega \u00f5htus\u00f6\u00f6giks!","og_url":"https:\/\/bio4you.eu\/retseptid\/toode\/vegan-lasanje-laatseraguuga\/","og_site_name":"bio4you.eu\/retseptid","article_modified_time":"2025-01-08T16:15:27+00:00","og_image":[{"width":1200,"height":630,"url":"https:\/\/bio4you.eu\/retseptid\/wp-content\/uploads\/2025\/01\/Vegan-lasanje-laatseraguuga.jpeg","type":"image\/jpeg"}],"twitter_misc":{"Est. reading time":"1 minut"},"schema":{"@context":"https:\/\/schema.org","@graph":[{"@type":"WebPage","@id":"https:\/\/bio4you.eu\/retseptid\/toode\/vegan-lasanje-laatseraguuga\/","url":"https:\/\/bio4you.eu\/retseptid\/toode\/vegan-lasanje-laatseraguuga\/","name":"Vegan lasanje l\u00e4\u00e4tseraguuga - bio4you.eu\/retseptid","isPartOf":{"@id":"https:\/\/bio4you.eu\/retseptid\/#website"},"primaryImageOfPage":{"@id":"https:\/\/bio4you.eu\/retseptid\/toode\/vegan-lasanje-laatseraguuga\/#primaryimage"},"image":{"@id":"https:\/\/bio4you.eu\/retseptid\/toode\/vegan-lasanje-laatseraguuga\/#primaryimage"},"thumbnailUrl":"https:\/\/bio4you.eu\/retseptid\/wp-content\/uploads\/2025\/01\/Vegan-lasanje-laatseraguuga.jpeg","datePublished":"2025-01-23T07:00:58+00:00","dateModified":"2025-01-08T16:15:27+00:00","description":"Valmista maitsev ja toitainerikas vegan lasanje, mis \u00fchendab rohelised l\u00e4\u00e4tsed, rikkaliku tomatikastme ja kreemja be\u0161amelli. Ideaalne valik taimetoidu armastajatele \u2013 lihtne retsept, mis r\u00f5\u00f5mustab kogu pere!","breadcrumb":{"@id":"https:\/\/bio4you.eu\/retseptid\/toode\/vegan-lasanje-laatseraguuga\/#breadcrumb"},"inLanguage":"et","potentialAction":[{"@type":"ReadAction","target":["https:\/\/bio4you.eu\/retseptid\/toode\/vegan-lasanje-laatseraguuga\/"]}]},{"@type":"ImageObject","inLanguage":"et","@id":"https:\/\/bio4you.eu\/retseptid\/toode\/vegan-lasanje-laatseraguuga\/#primaryimage","url":"https:\/\/bio4you.eu\/retseptid\/wp-content\/uploads\/2025\/01\/Vegan-lasanje-laatseraguuga.jpeg","contentUrl":"https:\/\/bio4you.eu\/retseptid\/wp-content\/uploads\/2025\/01\/Vegan-lasanje-laatseraguuga.jpeg","width":1200,"height":630,"caption":"Vegan lasanje \u2013 maitsev ja tervislik valik, mis \u00fchendab l\u00e4\u00e4tsed, tomatikastme ja kreemja taimse be\u0161amelli."},{"@type":"BreadcrumbList","@id":"https:\/\/bio4you.eu\/retseptid\/toode\/vegan-lasanje-laatseraguuga\/#breadcrumb","itemListElement":[{"@type":"ListItem","position":1,"name":"Home","item":"https:\/\/bio4you.eu\/retseptid\/"},{"@type":"ListItem","position":2,"name":"Vegan lasanje l\u00e4\u00e4tseraguuga"}]},{"@type":"WebSite","@id":"https:\/\/bio4you.eu\/retseptid\/#website","url":"https:\/\/bio4you.eu\/retseptid\/","name":"bio4you.eu\/retseptid","description":"\u00d6ko retseptid ise tegemiseks, looduslikest koostisainetest. Maitsev toit, iluhooldus, kodupuhastus ja aiandus.","potentialAction":[{"@type":"SearchAction","target":{"@type":"EntryPoint","urlTemplate":"https:\/\/bio4you.eu\/retseptid\/?s={search_term_string}"},"query-input":"required name=search_term_string"}],"inLanguage":"et"}]}},"_links":{"self":[{"href":"https:\/\/bio4you.eu\/retseptid\/wp-json\/wp\/v2\/product\/4270"}],"collection":[{"href":"https:\/\/bio4you.eu\/retseptid\/wp-json\/wp\/v2\/product"}],"about":[{"href":"https:\/\/bio4you.eu\/retseptid\/wp-json\/wp\/v2\/types\/product"}],"replies":[{"embeddable":true,"href":"https:\/\/bio4you.eu\/retseptid\/wp-json\/wp\/v2\/comments?post=4270"}],"wp:featuredmedia":[{"embeddable":true,"href":"https:\/\/bio4you.eu\/retseptid\/wp-json\/wp\/v2\/media\/4271"}],"wp:attachment":[{"href":"https:\/\/bio4you.eu\/retseptid\/wp-json\/wp\/v2\/media?parent=4270"}],"wp:term":[{"taxonomy":"product_cat","embeddable":true,"href":"https:\/\/bio4you.eu\/retseptid\/wp-json\/wp\/v2\/product_cat?post=4270"},{"taxonomy":"product_tag","embeddable":true,"href":"https:\/\/bio4you.eu\/retseptid\/wp-json\/wp\/v2\/product_tag?post=4270"}],"curies":[{"name":"wp","href":"https:\/\/api.w.org\/{rel}","templated":true}]}}