{"id":4272,"date":"2025-01-25T09:00:56","date_gmt":"2025-01-25T07:00:56","guid":{"rendered":"https:\/\/bio4you.eu\/retseptid\/?post_type=product&#038;p=4272"},"modified":"2025-01-08T18:55:58","modified_gmt":"2025-01-08T16:55:58","slug":"gluteenivaba-pirni-pahkli-flammkuchen-kitsejuustuga","status":"publish","type":"product","link":"https:\/\/bio4you.eu\/retseptid\/toode\/gluteenivaba-pirni-pahkli-flammkuchen-kitsejuustuga\/","title":{"rendered":"Gluteenivaba pirni-p\u00e4hkli flammkuchen kitsejuustuga"},"content":{"rendered":"<p><span style=\"font-weight: 400;\">Valmistamisjuhend:<\/span><\/p>\n<ol>\n<li><span style=\"font-weight: 400;\">Taigna valmistamine:<\/span><\/li>\n<\/ol>\n<ul>\n<li><span style=\"font-weight: 400;\">Sega jahu, kuum vesi, oliivi\u00f5li ja sool \u00fchtlaseks tainaks. Kata kauss ja lase taignal umbes 30 minutit puhata.<\/span><\/li>\n<\/ul>\n<ol start=\"2\">\n<li><span style=\"font-weight: 400;\">T\u00e4idise ettevalmistamine:<\/span><\/li>\n<\/ol>\n<ul>\n<li><span style=\"font-weight: 400;\">L\u00f5ika pirn veeranditeks, eemalda seemned ja viiluta \u00f5hukeselt.<\/span><\/li>\n<li><span style=\"font-weight: 400;\">Koori ja poolita sibul, seej\u00e4rel l\u00f5ika \u00f5hukesteks poolr\u00f5ngasteks.<\/span><\/li>\n<li><span style=\"font-weight: 400;\">Sega kitsejuust tilga piima v\u00f5i veega, kuni saad kreemja konsistentsi.<\/span><\/li>\n<\/ul>\n<ol start=\"3\">\n<li><span style=\"font-weight: 400;\">Taigna vormimine:<\/span><\/li>\n<\/ol>\n<ul>\n<li><span style=\"font-weight: 400;\">Rulli taigen jahuga kaetud k\u00fcpsetuspaberil \u00f5hukeseks \u2013 valmistamiseks v\u00f5id valida \u00fche suure Flammkucheni v\u00f5i kaks v\u00e4ikest Flammkuchenit.<\/span><\/li>\n<\/ul>\n<ol start=\"4\">\n<li><span style=\"font-weight: 400;\">Katte lisamine:<\/span><\/li>\n<\/ol>\n<ul>\n<li><span style=\"font-weight: 400;\">Kuumuta ahi 250\u00b0C (\u00fclemine\/alumine kuumus).<\/span><\/li>\n<li><span style=\"font-weight: 400;\">M\u00e4\u00e4ri kitsejuust \u00fchtlaselt taignale. Laota peale pirniviilud ja sibul. Maitsesta soola ja pipraga.<\/span><\/li>\n<\/ul>\n<ol start=\"5\">\n<li><span style=\"font-weight: 400;\">P\u00e4hklid ja k\u00fcpsetamine:<\/span><\/li>\n<\/ol>\n<ul>\n<li><span style=\"font-weight: 400;\">Haki kreeka p\u00e4hklid j\u00e4medalt ja puista Flammkucheni peale.<\/span><\/li>\n<li><span style=\"font-weight: 400;\">K\u00fcpseta 15\u201320 minutit, kuni \u00e4\u00e4red muutuvad kuldpruuniks ja t\u00e4idis mullitab.<\/span><\/li>\n<\/ul>\n<ol start=\"6\">\n<li><span style=\"font-weight: 400;\">Viimistlus ja serveerimine:<\/span><\/li>\n<\/ol>\n<ul>\n<li><span style=\"font-weight: 400;\">Valminud Flammkucheni v\u00f5id kaunistada v\u00e4rskete salveilehtedega ja soovi korral tilgutada peale veidi mett. Serveeri kohe ja naudi!<\/span><\/li>\n<\/ul>\n<p>&nbsp;<\/p>\n<p><span style=\"font-weight: 400;\">Taimne variant:<br \/>\n<\/span><span style=\"font-weight: 400;\">Asenda kitsejuust taimse toorjuustu alternatiiviga, et valmistada vegan versioon sellest maitsvast Flammkuchenist.<\/span><\/p>\n","protected":false},"excerpt":{"rendered":"<p><span style=\"font-weight: 400;\">Flammkuchen (tuntud ka kui \u201ctarte flamb\u00e9e\u201d) on traditsiooniline Elsassist p\u00e4rit \u00f5huke kr\u00f5be pirukas, mida k\u00fcpsetati algselt puuk\u00fcttega ahjudes. Sellel on \u00f5huke tainap\u00f5hi ja see kaetakse tavaliselt soolaste koostisosadega nagu juust, sibul ja liha, kuid modernsed variandid v\u00f5ivad olla ka taimetoitlased v\u00f5i magusad. See retsept \u00fchendab klassikalise Flammkucheni minimalistliku v\u00f5lu ja maitserikkuse pirnide, kreeka p\u00e4hklite ja kitsejuustuga.<\/span><\/p>\n<p><span style=\"font-weight: 400;\">Koostisosad:<\/span><\/p>\n<ul>\n<li><span style=\"font-weight: 400;\">200g <a href=\"https:\/\/bio4you.eu\/et\/kuivained-ja-idandamine\/5517-gluteenivaba-ohukese-pirukapohja-segu-tarte-flambee-2x200g.html\">Gluteenivaba \u00f5hukese pirukap\u00f5hja segu &#8220;Tarte Flamb\u00e9e&#8221;<\/a><\/span><\/li>\n<li><span style=\"font-weight: 400;\">140ml kuuma vett<\/span><\/li>\n<li><span style=\"font-weight: 400;\">2sl neutraalse maitsega \u00f5li (n\u00e4iteks, <a href=\"https:\/\/bio4you.eu\/et\/kookosoli-ja-rasv\/5824-mct-kookosoli-250ml.html\">Maya Gold MCT kookos\u00f5li, 250ml<\/a>)<\/span><\/li>\n<li><span style=\"font-weight: 400;\">1sl \u00e4\u00e4dikat (n\u00e4iteks, <a href=\"https:\/\/bio4you.eu\/et\/toiduolid-kastmed-ja-kreemid\/3989-filtreerimata-ounaaeaedikas-500ml.html\">Baule Volante \u00d5una\u00e4\u00e4dikas, filtreerimata, 500ml<\/a>)<\/span><\/li>\n<li><span style=\"font-weight: 400;\">N\u00e4puotsat\u00e4is soola<\/span><\/li>\n<li><span style=\"font-weight: 400;\">1 pirn<\/span><\/li>\n<li><span style=\"font-weight: 400;\">1 v\u00e4ike punane sibul<\/span><\/li>\n<li><span style=\"font-weight: 400;\">150g kitsepiimast juustu\/toorjuustu<\/span><\/li>\n<li><span style=\"font-weight: 400;\">Peot\u00e4is kreeka p\u00e4hkleid (n\u00e4iteks, <a href=\"https:\/\/bio4you.eu\/et\/paehklid-ja-seemned\/5932-kreeka-paehklid-100g.html\">Fior Di Loto Kreeka p\u00e4hklid, 100g<\/a>)<\/span><\/li>\n<li><span style=\"font-weight: 400;\">Maitse j\u00e4rgi soola ja pipart<\/span><\/li>\n<li>Maitse j\u00e4rgi v\u00e4rsket salveid<\/li>\n<li>Soovi korral: serveerimisel veidi mett v\u00f5i balsamico \u00e4\u00e4dikat.<\/li>\n<\/ul>\n","protected":false},"featured_media":4273,"comment_status":"open","ping_status":"closed","template":"","meta":{"_exactmetrics_skip_tracking":false,"_exactmetrics_sitenote_active":false,"_exactmetrics_sitenote_note":"","_exactmetrics_sitenote_category":0},"product_cat":[59,63,383],"product_tag":[417,150,421,400,420,419,418],"class_list":{"0":"post-4272","1":"product","2":"type-product","3":"status-publish","4":"has-post-thumbnail","6":"product_cat-featured","7":"product_cat-gluteenivabad-retseptid","8":"product_cat-taimetoit","9":"product_tag-flammkuchen","10":"product_tag-gluteenivaba-2","11":"product_tag-gluteenivaba-pitsa","12":"product_tag-kitsejuustu","13":"product_tag-ohtusook","14":"product_tag-pirni","15":"product_tag-pitsa","17":"first","18":"instock","19":"shipping-taxable","20":"product-type-simple"},"yoast_head":"<!-- This site is optimized with the Yoast SEO plugin v23.3 - https:\/\/yoast.com\/wordpress\/plugins\/seo\/ -->\n<title>Gluteenivaba pirni-p\u00e4hkli flammkuchen kitsejuustuga - bio4you.eu\/retseptid<\/title>\n<meta name=\"description\" content=\"Valmista gluteenivaba pirni-p\u00e4hkli flammkuchen kitsejuustuga \u2013 \u00f5huke ja kr\u00f5be Elsassi stiilis pirukas, mis \u00fchendab rikkalikud maitsed ja lihtsa valmistamise. Sobib ideaalselt nii taimetoitlastele kui ka veganitele, kasutades taimset juustualternatiivi!\" \/>\n<meta name=\"robots\" content=\"index, follow, max-snippet:-1, max-image-preview:large, max-video-preview:-1\" \/>\n<link rel=\"canonical\" href=\"https:\/\/bio4you.eu\/retseptid\/toode\/gluteenivaba-pirni-pahkli-flammkuchen-kitsejuustuga\/\" \/>\n<meta property=\"og:locale\" content=\"et_EE\" \/>\n<meta property=\"og:type\" content=\"article\" \/>\n<meta property=\"og:title\" content=\"Gluteenivaba pirni-p\u00e4hkli Flammkuchen \u2013 h\u00f5rk ja lihtne retsept!\" \/>\n<meta property=\"og:description\" content=\"Proovi gluteenivaba Flammkucheni retsepti, mis \u00fchendab kr\u00f5beda p\u00f5hja, magusad pirniviilud, kreemja kitsejuustu ja r\u00f6stitud kreeka p\u00e4hklid. Kergesti kohandatav ka vegan versiooniks \u2013 ideaalne valik igaks toidukorraks!\" \/>\n<meta property=\"og:url\" content=\"https:\/\/bio4you.eu\/retseptid\/toode\/gluteenivaba-pirni-pahkli-flammkuchen-kitsejuustuga\/\" \/>\n<meta property=\"og:site_name\" content=\"bio4you.eu\/retseptid\" \/>\n<meta property=\"article:modified_time\" content=\"2025-01-08T16:55:58+00:00\" \/>\n<meta property=\"og:image\" content=\"https:\/\/bio4you.eu\/retseptid\/wp-content\/uploads\/2025\/01\/Gluteenivaba-pirni-pahkli-flammkuchen-kitsejuustuga.webp\" \/>\n\t<meta property=\"og:image:width\" content=\"1000\" \/>\n\t<meta property=\"og:image:height\" content=\"667\" \/>\n\t<meta property=\"og:image:type\" content=\"image\/webp\" \/>\n<meta name=\"twitter:label1\" content=\"Est. reading time\" \/>\n\t<meta name=\"twitter:data1\" content=\"1 minut\" \/>\n<script type=\"application\/ld+json\" class=\"yoast-schema-graph\">{\"@context\":\"https:\/\/schema.org\",\"@graph\":[{\"@type\":\"WebPage\",\"@id\":\"https:\/\/bio4you.eu\/retseptid\/toode\/gluteenivaba-pirni-pahkli-flammkuchen-kitsejuustuga\/\",\"url\":\"https:\/\/bio4you.eu\/retseptid\/toode\/gluteenivaba-pirni-pahkli-flammkuchen-kitsejuustuga\/\",\"name\":\"Gluteenivaba pirni-p\u00e4hkli flammkuchen kitsejuustuga - bio4you.eu\/retseptid\",\"isPartOf\":{\"@id\":\"https:\/\/bio4you.eu\/retseptid\/#website\"},\"primaryImageOfPage\":{\"@id\":\"https:\/\/bio4you.eu\/retseptid\/toode\/gluteenivaba-pirni-pahkli-flammkuchen-kitsejuustuga\/#primaryimage\"},\"image\":{\"@id\":\"https:\/\/bio4you.eu\/retseptid\/toode\/gluteenivaba-pirni-pahkli-flammkuchen-kitsejuustuga\/#primaryimage\"},\"thumbnailUrl\":\"https:\/\/bio4you.eu\/retseptid\/wp-content\/uploads\/2025\/01\/Gluteenivaba-pirni-pahkli-flammkuchen-kitsejuustuga.webp\",\"datePublished\":\"2025-01-25T07:00:56+00:00\",\"dateModified\":\"2025-01-08T16:55:58+00:00\",\"description\":\"Valmista gluteenivaba pirni-p\u00e4hkli flammkuchen kitsejuustuga \u2013 \u00f5huke ja kr\u00f5be Elsassi stiilis pirukas, mis \u00fchendab rikkalikud maitsed ja lihtsa valmistamise. Sobib ideaalselt nii taimetoitlastele kui ka veganitele, kasutades taimset juustualternatiivi!\",\"breadcrumb\":{\"@id\":\"https:\/\/bio4you.eu\/retseptid\/toode\/gluteenivaba-pirni-pahkli-flammkuchen-kitsejuustuga\/#breadcrumb\"},\"inLanguage\":\"et\",\"potentialAction\":[{\"@type\":\"ReadAction\",\"target\":[\"https:\/\/bio4you.eu\/retseptid\/toode\/gluteenivaba-pirni-pahkli-flammkuchen-kitsejuustuga\/\"]}]},{\"@type\":\"ImageObject\",\"inLanguage\":\"et\",\"@id\":\"https:\/\/bio4you.eu\/retseptid\/toode\/gluteenivaba-pirni-pahkli-flammkuchen-kitsejuustuga\/#primaryimage\",\"url\":\"https:\/\/bio4you.eu\/retseptid\/wp-content\/uploads\/2025\/01\/Gluteenivaba-pirni-pahkli-flammkuchen-kitsejuustuga.webp\",\"contentUrl\":\"https:\/\/bio4you.eu\/retseptid\/wp-content\/uploads\/2025\/01\/Gluteenivaba-pirni-pahkli-flammkuchen-kitsejuustuga.webp\",\"width\":1000,\"height\":667,\"caption\":\"Gluteenivaba pirni-p\u00e4hkli Flammkuchen \u2013 kr\u00f5be, maitsek\u00fcllane ja h\u00f5rk pirukas, mis sobib ideaalselt kergeks \u00f5htus\u00f6\u00f6giks v\u00f5i eriliseks suupisteks.\"},{\"@type\":\"BreadcrumbList\",\"@id\":\"https:\/\/bio4you.eu\/retseptid\/toode\/gluteenivaba-pirni-pahkli-flammkuchen-kitsejuustuga\/#breadcrumb\",\"itemListElement\":[{\"@type\":\"ListItem\",\"position\":1,\"name\":\"Home\",\"item\":\"https:\/\/bio4you.eu\/retseptid\/\"},{\"@type\":\"ListItem\",\"position\":2,\"name\":\"Gluteenivaba pirni-p\u00e4hkli flammkuchen kitsejuustuga\"}]},{\"@type\":\"WebSite\",\"@id\":\"https:\/\/bio4you.eu\/retseptid\/#website\",\"url\":\"https:\/\/bio4you.eu\/retseptid\/\",\"name\":\"bio4you.eu\/retseptid\",\"description\":\"\u00d6ko retseptid ise tegemiseks, looduslikest koostisainetest. Maitsev toit, iluhooldus, kodupuhastus ja aiandus.\",\"potentialAction\":[{\"@type\":\"SearchAction\",\"target\":{\"@type\":\"EntryPoint\",\"urlTemplate\":\"https:\/\/bio4you.eu\/retseptid\/?s={search_term_string}\"},\"query-input\":\"required name=search_term_string\"}],\"inLanguage\":\"et\"}]}<\/script>\n<!-- \/ Yoast SEO plugin. -->","yoast_head_json":{"title":"Gluteenivaba pirni-p\u00e4hkli flammkuchen kitsejuustuga - bio4you.eu\/retseptid","description":"Valmista gluteenivaba pirni-p\u00e4hkli flammkuchen kitsejuustuga \u2013 \u00f5huke ja kr\u00f5be Elsassi stiilis pirukas, mis \u00fchendab rikkalikud maitsed ja lihtsa valmistamise. Sobib ideaalselt nii taimetoitlastele kui ka veganitele, kasutades taimset juustualternatiivi!","robots":{"index":"index","follow":"follow","max-snippet":"max-snippet:-1","max-image-preview":"max-image-preview:large","max-video-preview":"max-video-preview:-1"},"canonical":"https:\/\/bio4you.eu\/retseptid\/toode\/gluteenivaba-pirni-pahkli-flammkuchen-kitsejuustuga\/","og_locale":"et_EE","og_type":"article","og_title":"Gluteenivaba pirni-p\u00e4hkli Flammkuchen \u2013 h\u00f5rk ja lihtne retsept!","og_description":"Proovi gluteenivaba Flammkucheni retsepti, mis \u00fchendab kr\u00f5beda p\u00f5hja, magusad pirniviilud, kreemja kitsejuustu ja r\u00f6stitud kreeka p\u00e4hklid. Kergesti kohandatav ka vegan versiooniks \u2013 ideaalne valik igaks toidukorraks!","og_url":"https:\/\/bio4you.eu\/retseptid\/toode\/gluteenivaba-pirni-pahkli-flammkuchen-kitsejuustuga\/","og_site_name":"bio4you.eu\/retseptid","article_modified_time":"2025-01-08T16:55:58+00:00","og_image":[{"width":1000,"height":667,"url":"https:\/\/bio4you.eu\/retseptid\/wp-content\/uploads\/2025\/01\/Gluteenivaba-pirni-pahkli-flammkuchen-kitsejuustuga.webp","type":"image\/webp"}],"twitter_misc":{"Est. reading time":"1 minut"},"schema":{"@context":"https:\/\/schema.org","@graph":[{"@type":"WebPage","@id":"https:\/\/bio4you.eu\/retseptid\/toode\/gluteenivaba-pirni-pahkli-flammkuchen-kitsejuustuga\/","url":"https:\/\/bio4you.eu\/retseptid\/toode\/gluteenivaba-pirni-pahkli-flammkuchen-kitsejuustuga\/","name":"Gluteenivaba pirni-p\u00e4hkli flammkuchen kitsejuustuga - bio4you.eu\/retseptid","isPartOf":{"@id":"https:\/\/bio4you.eu\/retseptid\/#website"},"primaryImageOfPage":{"@id":"https:\/\/bio4you.eu\/retseptid\/toode\/gluteenivaba-pirni-pahkli-flammkuchen-kitsejuustuga\/#primaryimage"},"image":{"@id":"https:\/\/bio4you.eu\/retseptid\/toode\/gluteenivaba-pirni-pahkli-flammkuchen-kitsejuustuga\/#primaryimage"},"thumbnailUrl":"https:\/\/bio4you.eu\/retseptid\/wp-content\/uploads\/2025\/01\/Gluteenivaba-pirni-pahkli-flammkuchen-kitsejuustuga.webp","datePublished":"2025-01-25T07:00:56+00:00","dateModified":"2025-01-08T16:55:58+00:00","description":"Valmista gluteenivaba pirni-p\u00e4hkli flammkuchen kitsejuustuga \u2013 \u00f5huke ja kr\u00f5be Elsassi stiilis pirukas, mis \u00fchendab rikkalikud maitsed ja lihtsa valmistamise. Sobib ideaalselt nii taimetoitlastele kui ka veganitele, kasutades taimset juustualternatiivi!","breadcrumb":{"@id":"https:\/\/bio4you.eu\/retseptid\/toode\/gluteenivaba-pirni-pahkli-flammkuchen-kitsejuustuga\/#breadcrumb"},"inLanguage":"et","potentialAction":[{"@type":"ReadAction","target":["https:\/\/bio4you.eu\/retseptid\/toode\/gluteenivaba-pirni-pahkli-flammkuchen-kitsejuustuga\/"]}]},{"@type":"ImageObject","inLanguage":"et","@id":"https:\/\/bio4you.eu\/retseptid\/toode\/gluteenivaba-pirni-pahkli-flammkuchen-kitsejuustuga\/#primaryimage","url":"https:\/\/bio4you.eu\/retseptid\/wp-content\/uploads\/2025\/01\/Gluteenivaba-pirni-pahkli-flammkuchen-kitsejuustuga.webp","contentUrl":"https:\/\/bio4you.eu\/retseptid\/wp-content\/uploads\/2025\/01\/Gluteenivaba-pirni-pahkli-flammkuchen-kitsejuustuga.webp","width":1000,"height":667,"caption":"Gluteenivaba pirni-p\u00e4hkli Flammkuchen \u2013 kr\u00f5be, maitsek\u00fcllane ja h\u00f5rk pirukas, mis sobib ideaalselt kergeks \u00f5htus\u00f6\u00f6giks v\u00f5i eriliseks suupisteks."},{"@type":"BreadcrumbList","@id":"https:\/\/bio4you.eu\/retseptid\/toode\/gluteenivaba-pirni-pahkli-flammkuchen-kitsejuustuga\/#breadcrumb","itemListElement":[{"@type":"ListItem","position":1,"name":"Home","item":"https:\/\/bio4you.eu\/retseptid\/"},{"@type":"ListItem","position":2,"name":"Gluteenivaba pirni-p\u00e4hkli flammkuchen kitsejuustuga"}]},{"@type":"WebSite","@id":"https:\/\/bio4you.eu\/retseptid\/#website","url":"https:\/\/bio4you.eu\/retseptid\/","name":"bio4you.eu\/retseptid","description":"\u00d6ko retseptid ise tegemiseks, looduslikest koostisainetest. Maitsev toit, iluhooldus, kodupuhastus ja aiandus.","potentialAction":[{"@type":"SearchAction","target":{"@type":"EntryPoint","urlTemplate":"https:\/\/bio4you.eu\/retseptid\/?s={search_term_string}"},"query-input":"required name=search_term_string"}],"inLanguage":"et"}]}},"_links":{"self":[{"href":"https:\/\/bio4you.eu\/retseptid\/wp-json\/wp\/v2\/product\/4272"}],"collection":[{"href":"https:\/\/bio4you.eu\/retseptid\/wp-json\/wp\/v2\/product"}],"about":[{"href":"https:\/\/bio4you.eu\/retseptid\/wp-json\/wp\/v2\/types\/product"}],"replies":[{"embeddable":true,"href":"https:\/\/bio4you.eu\/retseptid\/wp-json\/wp\/v2\/comments?post=4272"}],"wp:featuredmedia":[{"embeddable":true,"href":"https:\/\/bio4you.eu\/retseptid\/wp-json\/wp\/v2\/media\/4273"}],"wp:attachment":[{"href":"https:\/\/bio4you.eu\/retseptid\/wp-json\/wp\/v2\/media?parent=4272"}],"wp:term":[{"taxonomy":"product_cat","embeddable":true,"href":"https:\/\/bio4you.eu\/retseptid\/wp-json\/wp\/v2\/product_cat?post=4272"},{"taxonomy":"product_tag","embeddable":true,"href":"https:\/\/bio4you.eu\/retseptid\/wp-json\/wp\/v2\/product_tag?post=4272"}],"curies":[{"name":"wp","href":"https:\/\/api.w.org\/{rel}","templated":true}]}}