{"id":4290,"date":"2025-02-27T09:43:53","date_gmt":"2025-02-27T07:43:53","guid":{"rendered":"https:\/\/bio4you.eu\/retseptid\/?post_type=product&#038;p=4290"},"modified":"2025-03-18T19:11:24","modified_gmt":"2025-03-18T17:11:24","slug":"maitsvad-krepid-punaste-laatsede-ja-rosmariiniga","status":"publish","type":"product","link":"https:\/\/bio4you.eu\/retseptid\/toode\/maitsvad-krepid-punaste-laatsede-ja-rosmariiniga\/","title":{"rendered":"Maitsvad krepid punaste l\u00e4\u00e4tsede ja rosmariiniga"},"content":{"rendered":"<p><span style=\"font-weight: 400;\">Valmistamisjuhend:<\/span><\/p>\n<ol>\n<li><span style=\"font-weight: 400;\">Sega kausis kokku punaste l\u00e4\u00e4tsede jahu, peeneks hakitud rosmariin ja sool.<\/span><\/li>\n<li><span style=\"font-weight: 400;\">Lisa j\u00e4rk-j\u00e4rgult vesi, segades pidevalt vispliga, kuni tainas on \u00fchtlane ja ilma t\u00fckkideta.<\/span><\/li>\n<li><span style=\"font-weight: 400;\">Kuumuta mittenakkuv pann ning lisa veidi oliivi\u00f5li.<\/span><\/li>\n<li><span style=\"font-weight: 400;\">T\u00f5sta pannile kulbit\u00e4is taigent ja keera panni, et taigen voolaks \u00fchtlaseks \u00f5hukeseks kihiks.<\/span><\/li>\n<li><span style=\"font-weight: 400;\">Kui krepiservad hakkavad pannilt lahti tulema, keera see \u00fcmber ja k\u00fcpseta teisel k\u00fcljel veel m\u00f5ni sekund.<\/span><\/li>\n<li><span style=\"font-weight: 400;\">Laota valmis krepid taldrikule ja kata need puhta k\u00f6\u00f6gir\u00e4tikuga, et need p\u00fcsiksid niisked ja pehmed.<\/span><\/li>\n<\/ol>\n","protected":false},"excerpt":{"rendered":"<p><span style=\"font-weight: 400;\">Vaja l\u00e4heb (3 portsjonit):<\/span><\/p>\n<ul>\n<li><span style=\"font-weight: 400;\">125g <a href=\"https:\/\/bio4you.eu\/et\/outlet\/5398-punaste-laeaetsede-jahu-400g.html\">Fior Di Loto Punaste l\u00e4\u00e4tsede jahu<\/a><\/span><\/li>\n<li><span style=\"font-weight: 400;\">250g vett<\/span><\/li>\n<li><span style=\"font-weight: 400;\">\u00bdtl peeneks hakitud rosmariini<\/span><\/li>\n<li><span style=\"font-weight: 400;\">1tl tumedat Atlandi peensoola<\/span><\/li>\n<li><span style=\"font-weight: 400;\">Veidi k\u00fclmpressitud oliivi\u00f5li (nt, <a href=\"https:\/\/bio4you.eu\/et\/toiduolid-kastmed-ja-kreemid\/2245-ekstra-vaeaerisoliivioli-500ml.html\">Corvino Ekstra v\u00e4\u00e4risoliivi\u00f5li, 500ml<\/a>)<\/span><\/li>\n<\/ul>\n","protected":false},"featured_media":4284,"comment_status":"open","ping_status":"closed","template":"","meta":{"_exactmetrics_skip_tracking":false,"_exactmetrics_sitenote_active":false,"_exactmetrics_sitenote_note":"","_exactmetrics_sitenote_category":0},"product_cat":[59,382,63,383,72],"product_tag":[150,456,462,459,457,458,461,460,412],"class_list":{"0":"post-4290","1":"product","2":"type-product","3":"status-publish","4":"has-post-thumbnail","6":"product_cat-featured","7":"product_cat-vegan-toiduretseptid","8":"product_cat-gluteenivabad-retseptid","9":"product_cat-taimetoit","10":"product_cat-oa-laatse-ja-hernetoidud","11":"product_tag-gluteenivaba-2","12":"product_tag-gluteenivabad-krepid","13":"product_tag-kiired-retseptid","14":"product_tag-lihtne-vegan-retsept","15":"product_tag-punaste-laatsede-jahu","16":"product_tag-rosmariin","17":"product_tag-teised-toidud","18":"product_tag-tervislikud-krepid","19":"product_tag-vegan","21":"first","22":"instock","23":"shipping-taxable","24":"product-type-simple"},"yoast_head":"<!-- This site is optimized with the Yoast SEO plugin v23.3 - https:\/\/yoast.com\/wordpress\/plugins\/seo\/ -->\n<title>Maitsvad krepid punaste l\u00e4\u00e4tsede ja rosmariiniga - bio4you.eu\/retseptid<\/title>\n<meta name=\"robots\" content=\"index, follow, max-snippet:-1, max-image-preview:large, max-video-preview:-1\" \/>\n<link rel=\"canonical\" href=\"https:\/\/bio4you.eu\/retseptid\/toode\/maitsvad-krepid-punaste-laatsede-ja-rosmariiniga\/\" \/>\n<meta property=\"og:locale\" content=\"et_EE\" \/>\n<meta property=\"og:type\" content=\"article\" \/>\n<meta property=\"og:title\" content=\"Maitsvad krepid punaste l\u00e4\u00e4tsede ja rosmariiniga - bio4you.eu\/retseptid\" \/>\n<meta property=\"og:description\" content=\"Vaja l\u00e4heb (3 portsjonit):   125g Fior Di Loto Punaste l\u00e4\u00e4tsede jahu  250g vett  \u00bdtl peeneks hakitud rosmariini  1tl tumedat Atlandi peensoola  Veidi k\u00fclmpressitud oliivi\u00f5li (nt, Corvino Ekstra v\u00e4\u00e4risoliivi\u00f5li, 500ml)\" \/>\n<meta property=\"og:url\" content=\"https:\/\/bio4you.eu\/retseptid\/toode\/maitsvad-krepid-punaste-laatsede-ja-rosmariiniga\/\" \/>\n<meta property=\"og:site_name\" content=\"bio4you.eu\/retseptid\" \/>\n<meta property=\"article:modified_time\" content=\"2025-03-18T17:11:24+00:00\" \/>\n<meta property=\"og:image\" content=\"https:\/\/bio4you.eu\/retseptid\/wp-content\/uploads\/2025\/01\/WhatsApp_Image_2024-06-26_at_14.33.23_1.jpeg\" \/>\n\t<meta property=\"og:image:width\" content=\"1600\" \/>\n\t<meta property=\"og:image:height\" content=\"840\" \/>\n\t<meta property=\"og:image:type\" content=\"image\/jpeg\" \/>\n<meta name=\"twitter:label1\" content=\"Est. reading time\" \/>\n\t<meta name=\"twitter:data1\" content=\"1 minut\" \/>\n<script type=\"application\/ld+json\" class=\"yoast-schema-graph\">{\"@context\":\"https:\/\/schema.org\",\"@graph\":[{\"@type\":\"WebPage\",\"@id\":\"https:\/\/bio4you.eu\/retseptid\/toode\/maitsvad-krepid-punaste-laatsede-ja-rosmariiniga\/\",\"url\":\"https:\/\/bio4you.eu\/retseptid\/toode\/maitsvad-krepid-punaste-laatsede-ja-rosmariiniga\/\",\"name\":\"Maitsvad krepid punaste l\u00e4\u00e4tsede ja rosmariiniga - bio4you.eu\/retseptid\",\"isPartOf\":{\"@id\":\"https:\/\/bio4you.eu\/retseptid\/#website\"},\"primaryImageOfPage\":{\"@id\":\"https:\/\/bio4you.eu\/retseptid\/toode\/maitsvad-krepid-punaste-laatsede-ja-rosmariiniga\/#primaryimage\"},\"image\":{\"@id\":\"https:\/\/bio4you.eu\/retseptid\/toode\/maitsvad-krepid-punaste-laatsede-ja-rosmariiniga\/#primaryimage\"},\"thumbnailUrl\":\"https:\/\/bio4you.eu\/retseptid\/wp-content\/uploads\/2025\/01\/WhatsApp_Image_2024-06-26_at_14.33.23_1.jpeg\",\"datePublished\":\"2025-02-27T07:43:53+00:00\",\"dateModified\":\"2025-03-18T17:11:24+00:00\",\"breadcrumb\":{\"@id\":\"https:\/\/bio4you.eu\/retseptid\/toode\/maitsvad-krepid-punaste-laatsede-ja-rosmariiniga\/#breadcrumb\"},\"inLanguage\":\"et\",\"potentialAction\":[{\"@type\":\"ReadAction\",\"target\":[\"https:\/\/bio4you.eu\/retseptid\/toode\/maitsvad-krepid-punaste-laatsede-ja-rosmariiniga\/\"]}]},{\"@type\":\"ImageObject\",\"inLanguage\":\"et\",\"@id\":\"https:\/\/bio4you.eu\/retseptid\/toode\/maitsvad-krepid-punaste-laatsede-ja-rosmariiniga\/#primaryimage\",\"url\":\"https:\/\/bio4you.eu\/retseptid\/wp-content\/uploads\/2025\/01\/WhatsApp_Image_2024-06-26_at_14.33.23_1.jpeg\",\"contentUrl\":\"https:\/\/bio4you.eu\/retseptid\/wp-content\/uploads\/2025\/01\/WhatsApp_Image_2024-06-26_at_14.33.23_1.jpeg\",\"width\":1600,\"height\":840,\"caption\":\"Maitsvad rosmariiniga krepid punaste l\u00e4\u00e4tsede jahust.\"},{\"@type\":\"BreadcrumbList\",\"@id\":\"https:\/\/bio4you.eu\/retseptid\/toode\/maitsvad-krepid-punaste-laatsede-ja-rosmariiniga\/#breadcrumb\",\"itemListElement\":[{\"@type\":\"ListItem\",\"position\":1,\"name\":\"Home\",\"item\":\"https:\/\/bio4you.eu\/retseptid\/\"},{\"@type\":\"ListItem\",\"position\":2,\"name\":\"Maitsvad krepid punaste l\u00e4\u00e4tsede ja rosmariiniga\"}]},{\"@type\":\"WebSite\",\"@id\":\"https:\/\/bio4you.eu\/retseptid\/#website\",\"url\":\"https:\/\/bio4you.eu\/retseptid\/\",\"name\":\"bio4you.eu\/retseptid\",\"description\":\"\u00d6ko retseptid ise tegemiseks, looduslikest koostisainetest. Maitsev toit, iluhooldus, kodupuhastus ja aiandus.\",\"potentialAction\":[{\"@type\":\"SearchAction\",\"target\":{\"@type\":\"EntryPoint\",\"urlTemplate\":\"https:\/\/bio4you.eu\/retseptid\/?s={search_term_string}\"},\"query-input\":\"required name=search_term_string\"}],\"inLanguage\":\"et\"}]}<\/script>\n<!-- \/ Yoast SEO plugin. -->","yoast_head_json":{"title":"Maitsvad krepid punaste l\u00e4\u00e4tsede ja rosmariiniga - bio4you.eu\/retseptid","robots":{"index":"index","follow":"follow","max-snippet":"max-snippet:-1","max-image-preview":"max-image-preview:large","max-video-preview":"max-video-preview:-1"},"canonical":"https:\/\/bio4you.eu\/retseptid\/toode\/maitsvad-krepid-punaste-laatsede-ja-rosmariiniga\/","og_locale":"et_EE","og_type":"article","og_title":"Maitsvad krepid punaste l\u00e4\u00e4tsede ja rosmariiniga - bio4you.eu\/retseptid","og_description":"Vaja l\u00e4heb (3 portsjonit):   125g Fior Di Loto Punaste l\u00e4\u00e4tsede jahu  250g vett  \u00bdtl peeneks hakitud rosmariini  1tl tumedat Atlandi peensoola  Veidi k\u00fclmpressitud oliivi\u00f5li (nt, Corvino Ekstra v\u00e4\u00e4risoliivi\u00f5li, 500ml)","og_url":"https:\/\/bio4you.eu\/retseptid\/toode\/maitsvad-krepid-punaste-laatsede-ja-rosmariiniga\/","og_site_name":"bio4you.eu\/retseptid","article_modified_time":"2025-03-18T17:11:24+00:00","og_image":[{"width":1600,"height":840,"url":"https:\/\/bio4you.eu\/retseptid\/wp-content\/uploads\/2025\/01\/WhatsApp_Image_2024-06-26_at_14.33.23_1.jpeg","type":"image\/jpeg"}],"twitter_misc":{"Est. reading time":"1 minut"},"schema":{"@context":"https:\/\/schema.org","@graph":[{"@type":"WebPage","@id":"https:\/\/bio4you.eu\/retseptid\/toode\/maitsvad-krepid-punaste-laatsede-ja-rosmariiniga\/","url":"https:\/\/bio4you.eu\/retseptid\/toode\/maitsvad-krepid-punaste-laatsede-ja-rosmariiniga\/","name":"Maitsvad krepid punaste l\u00e4\u00e4tsede ja rosmariiniga - bio4you.eu\/retseptid","isPartOf":{"@id":"https:\/\/bio4you.eu\/retseptid\/#website"},"primaryImageOfPage":{"@id":"https:\/\/bio4you.eu\/retseptid\/toode\/maitsvad-krepid-punaste-laatsede-ja-rosmariiniga\/#primaryimage"},"image":{"@id":"https:\/\/bio4you.eu\/retseptid\/toode\/maitsvad-krepid-punaste-laatsede-ja-rosmariiniga\/#primaryimage"},"thumbnailUrl":"https:\/\/bio4you.eu\/retseptid\/wp-content\/uploads\/2025\/01\/WhatsApp_Image_2024-06-26_at_14.33.23_1.jpeg","datePublished":"2025-02-27T07:43:53+00:00","dateModified":"2025-03-18T17:11:24+00:00","breadcrumb":{"@id":"https:\/\/bio4you.eu\/retseptid\/toode\/maitsvad-krepid-punaste-laatsede-ja-rosmariiniga\/#breadcrumb"},"inLanguage":"et","potentialAction":[{"@type":"ReadAction","target":["https:\/\/bio4you.eu\/retseptid\/toode\/maitsvad-krepid-punaste-laatsede-ja-rosmariiniga\/"]}]},{"@type":"ImageObject","inLanguage":"et","@id":"https:\/\/bio4you.eu\/retseptid\/toode\/maitsvad-krepid-punaste-laatsede-ja-rosmariiniga\/#primaryimage","url":"https:\/\/bio4you.eu\/retseptid\/wp-content\/uploads\/2025\/01\/WhatsApp_Image_2024-06-26_at_14.33.23_1.jpeg","contentUrl":"https:\/\/bio4you.eu\/retseptid\/wp-content\/uploads\/2025\/01\/WhatsApp_Image_2024-06-26_at_14.33.23_1.jpeg","width":1600,"height":840,"caption":"Maitsvad rosmariiniga krepid punaste l\u00e4\u00e4tsede jahust."},{"@type":"BreadcrumbList","@id":"https:\/\/bio4you.eu\/retseptid\/toode\/maitsvad-krepid-punaste-laatsede-ja-rosmariiniga\/#breadcrumb","itemListElement":[{"@type":"ListItem","position":1,"name":"Home","item":"https:\/\/bio4you.eu\/retseptid\/"},{"@type":"ListItem","position":2,"name":"Maitsvad krepid punaste l\u00e4\u00e4tsede ja rosmariiniga"}]},{"@type":"WebSite","@id":"https:\/\/bio4you.eu\/retseptid\/#website","url":"https:\/\/bio4you.eu\/retseptid\/","name":"bio4you.eu\/retseptid","description":"\u00d6ko retseptid ise tegemiseks, looduslikest koostisainetest. Maitsev toit, iluhooldus, kodupuhastus ja aiandus.","potentialAction":[{"@type":"SearchAction","target":{"@type":"EntryPoint","urlTemplate":"https:\/\/bio4you.eu\/retseptid\/?s={search_term_string}"},"query-input":"required name=search_term_string"}],"inLanguage":"et"}]}},"_links":{"self":[{"href":"https:\/\/bio4you.eu\/retseptid\/wp-json\/wp\/v2\/product\/4290"}],"collection":[{"href":"https:\/\/bio4you.eu\/retseptid\/wp-json\/wp\/v2\/product"}],"about":[{"href":"https:\/\/bio4you.eu\/retseptid\/wp-json\/wp\/v2\/types\/product"}],"replies":[{"embeddable":true,"href":"https:\/\/bio4you.eu\/retseptid\/wp-json\/wp\/v2\/comments?post=4290"}],"wp:featuredmedia":[{"embeddable":true,"href":"https:\/\/bio4you.eu\/retseptid\/wp-json\/wp\/v2\/media\/4284"}],"wp:attachment":[{"href":"https:\/\/bio4you.eu\/retseptid\/wp-json\/wp\/v2\/media?parent=4290"}],"wp:term":[{"taxonomy":"product_cat","embeddable":true,"href":"https:\/\/bio4you.eu\/retseptid\/wp-json\/wp\/v2\/product_cat?post=4290"},{"taxonomy":"product_tag","embeddable":true,"href":"https:\/\/bio4you.eu\/retseptid\/wp-json\/wp\/v2\/product_tag?post=4290"}],"curies":[{"name":"wp","href":"https:\/\/api.w.org\/{rel}","templated":true}]}}