{"id":4300,"date":"2025-03-25T16:49:27","date_gmt":"2025-03-25T14:49:27","guid":{"rendered":"https:\/\/bio4you.eu\/retseptid\/?post_type=product&#038;p=4300"},"modified":"2025-03-26T13:32:33","modified_gmt":"2025-03-26T11:32:33","slug":"ameerikaparased-kupsised-kolme-sokolaadiga","status":"publish","type":"product","link":"https:\/\/bio4you.eu\/retseptid\/toode\/ameerikaparased-kupsised-kolme-sokolaadiga\/","title":{"rendered":"Ameerikap\u00e4rased k\u00fcpsised kolme \u0161okolaadiga"},"content":{"rendered":"<div class=\"mceTemp\"><\/div>\n<p><span style=\"font-weight: 400;\">Valmistamine:<\/span><\/p>\n<p><span style=\"font-weight: 400;\">Taigna valmistamine: <\/span><\/p>\n<ol>\n<li><span style=\"font-weight: 400;\">Sega kausis kokku suhkur, \u00f5li, vesi ja vanillisuhkur.<\/span><\/li>\n<li><span style=\"font-weight: 400;\">Lisa kuivained (jahu, k\u00fcpsetuspulber, sooda, sool, jahvatatud india p\u00e4hklid) ning sega \u00fchtlaseks tainaks.<\/span><\/li>\n<li><span style=\"font-weight: 400;\">Haki \u0161okolaad t\u00fckkideks ja sega taignasse.<\/span><\/li>\n<li><span style=\"font-weight: 400;\">Aseta taigens 4 tunniks k\u00fclmkappi, kuniks see muutub vormimiseks piisavalt tugevaks.<\/span><\/li>\n<li><span style=\"font-weight: 400;\">K\u00fcpsetamine: Kuumuta ahi 175\u00b0C-ni (\u00fclemine-alumine kuumus).<\/span><\/li>\n<li><span style=\"font-weight: 400;\">Vormi taignast 18 \u00fchesuurust palli ja aseta need k\u00fcpsetuspaberiga kaetud ahjuplaadile, j\u00e4ttes piisavalt ruumi paisumiseks.<\/span><\/li>\n<li><span style=\"font-weight: 400;\">K\u00fcpseta 12\u201314 minutit, kuni k\u00fcpsiste servad muutuvad kergelt pruuniks.<\/span><\/li>\n<li><span style=\"font-weight: 400;\">Lase enne serveerimist t\u00e4ielikult jahtuda \u2013 nii muutuvad k\u00fcpsised t\u00e4iuslikult kr\u00f5bedaks.<\/span><\/li>\n<li><span style=\"font-weight: 400;\">Naudi m\u00f5nusalt pehmeid ja \u0161okolaadiseid k\u00fcpsiseid parimate Fair Trade koostisosadega!<\/span><\/li>\n<\/ol>\n","protected":false},"excerpt":{"rendered":"<p><span style=\"font-weight: 400;\">Vaja l\u00e4heb (18 k\u00fcpsist):<\/span><\/p>\n<ul>\n<li><span style=\"font-weight: 400;\">200g\u00a0 Muscovado suhkrut<\/span><\/li>\n<li><span style=\"font-weight: 400;\">50g India p\u00e4hkleid (nt, <\/span><a href=\"https:\/\/bio4you.eu\/et\/bio-toit\/sokolaadid-ja-maiustused\/sokolaadid\/india-paehklid-valges-sokolaadis-100g\"><span style=\"font-weight: 400;\">GEPA India p\u00e4hklid valges \u0161okolaadis, 100g<\/span><\/a><span style=\"font-weight: 400;\">)\u00a0<\/span><\/li>\n<li><span style=\"font-weight: 400;\">100 g GEPA Fairness \u0161okolaadi (nt, <\/span><a href=\"https:\/\/bio4you.eu\/et\/bio-toit\/sokolaadid-ja-maiustused\/sokolaadid\/piimasokolaad-meemandlitega-45g\"><span style=\"font-weight: 400;\">Piima\u0161okolaad meemandlitega<\/span><\/a><span style=\"font-weight: 400;\">, <\/span><a href=\"https:\/\/bio4you.eu\/et\/bio-toit\/sokolaadid-ja-maiustused\/sokolaadid\/tume-sokolaad-kuepsisetuekkidega-45g\"><span style=\"font-weight: 400;\">Tume \u0161okolaad k\u00fcpsiset\u00fckkidega<\/span><\/a><span style=\"font-weight: 400;\">, <\/span><a href=\"https:\/\/bio4you.eu\/et\/bio-toit\/sokolaadid-ja-maiustused\/sokolaadid\/piimasokolaad-piimakreemi-taeidise-ja-karamelli-tuekkidega-375g\"><span style=\"font-weight: 400;\">Piima\u0161okolaad piimakreemi t\u00e4idise ja karamelli t\u00fckkidega<\/span><\/a><span style=\"font-weight: 400;\">)<\/span><\/li>\n<li><span style=\"font-weight: 400;\">105g neutraalse maitsega \u00f5li (nt,<\/span><a href=\"https:\/\/bio4you.eu\/et\/bio-toit\/toiduolid-kastmed-ja-kreemid\/kookosoli-ja-rasv\/kookosoli-lohnatu-500ml\"> <span style=\"font-weight: 400;\">Maya Gold kookos\u00f5li, l\u00f5hnatu, 500ml)<\/span><\/a><\/li>\n<li><span style=\"font-weight: 400;\">50ml vett<\/span><\/li>\n<li><span style=\"font-weight: 400;\">1 pakk vanillisuhkrut<\/span><\/li>\n<li><span style=\"font-weight: 400;\">200g jahu<\/span><\/li>\n<li><span style=\"font-weight: 400;\">1tl k\u00fcpsetuspulbrit<\/span><\/li>\n<li><span style=\"font-weight: 400;\">\u00bd tl soodat<\/span><\/li>\n<li><span style=\"font-weight: 400;\">N\u00e4puotsat\u00e4is soola<\/span><\/li>\n<\/ul>\n","protected":false},"featured_media":4341,"comment_status":"open","ping_status":"closed","template":"","meta":{"_exactmetrics_skip_tracking":false,"_exactmetrics_sitenote_active":false,"_exactmetrics_sitenote_note":"","_exactmetrics_sitenote_category":0},"product_cat":[59,60,383,280],"product_tag":[487,486,488,489,490],"class_list":{"0":"post-4300","1":"product","2":"type-product","3":"status-publish","4":"has-post-thumbnail","6":"product_cat-featured","7":"product_cat-toiduretseptid","8":"product_cat-taimetoit","9":"product_cat-koogid-ja-kupsised","10":"product_tag-kolme-sokolaadi-kupsised","11":"product_tag-kupsised","12":"product_tag-maiuspala","13":"product_tag-snakk","14":"product_tag-sokolaadikupsised","16":"first","17":"instock","18":"shipping-taxable","19":"product-type-simple"},"yoast_head":"<!-- This site is optimized with the Yoast SEO plugin v23.3 - https:\/\/yoast.com\/wordpress\/plugins\/seo\/ -->\n<title>Ameerikap\u00e4rased k\u00fcpsised kolme \u0161okolaadiga - bio4you.eu\/retseptid<\/title>\n<meta name=\"description\" content=\"Klassikalised Ameerikap\u00e4rased k\u00fcpsised kolme \u0161okolaadiga, mis on seest pehmed ja \u0161okolaadit\u00fckkidega t\u00e4idetud. Lihtne ja vastupandamatult maitsev k\u00fcpsetis igaks hetkeks.\" \/>\n<meta name=\"robots\" content=\"index, follow, max-snippet:-1, max-image-preview:large, max-video-preview:-1\" \/>\n<link rel=\"canonical\" href=\"https:\/\/bio4you.eu\/retseptid\/toode\/ameerikaparased-kupsised-kolme-sokolaadiga\/\" \/>\n<meta property=\"og:locale\" content=\"et_EE\" \/>\n<meta property=\"og:type\" content=\"article\" \/>\n<meta property=\"og:title\" content=\"Ameerikap\u00e4rased k\u00fcpsised kolme \u0161okolaadiga \u2013 t\u00f5eliselt \u0161okolaadine nauding!\" \/>\n<meta property=\"og:description\" content=\"Kas oled proovinud Ameerika stiilis k\u00fcpsiseid? Need pehmed ja \u0161okolaadit\u00fckkidega t\u00e4idetud k\u00fcpsised \u00fchendavad tumeda, piima- ja valge \u0161okolaadi parima maitseelamuse. K\u00fcpseta kodus ja naudi t\u00f5elist \u0161okolaadielamust!\" \/>\n<meta property=\"og:url\" content=\"https:\/\/bio4you.eu\/retseptid\/toode\/ameerikaparased-kupsised-kolme-sokolaadiga\/\" \/>\n<meta property=\"og:site_name\" content=\"bio4you.eu\/retseptid\" \/>\n<meta property=\"article:modified_time\" content=\"2025-03-26T11:32:33+00:00\" \/>\n<meta property=\"og:image\" content=\"https:\/\/bio4you.eu\/retseptid\/wp-content\/uploads\/2025\/03\/kupsised-scaled.jpg\" \/>\n\t<meta property=\"og:image:width\" content=\"2560\" \/>\n\t<meta property=\"og:image:height\" content=\"1280\" \/>\n\t<meta property=\"og:image:type\" content=\"image\/jpeg\" \/>\n<meta name=\"twitter:label1\" content=\"Est. reading time\" \/>\n\t<meta name=\"twitter:data1\" content=\"1 minut\" \/>\n<script type=\"application\/ld+json\" class=\"yoast-schema-graph\">{\"@context\":\"https:\/\/schema.org\",\"@graph\":[{\"@type\":\"WebPage\",\"@id\":\"https:\/\/bio4you.eu\/retseptid\/toode\/ameerikaparased-kupsised-kolme-sokolaadiga\/\",\"url\":\"https:\/\/bio4you.eu\/retseptid\/toode\/ameerikaparased-kupsised-kolme-sokolaadiga\/\",\"name\":\"Ameerikap\u00e4rased k\u00fcpsised kolme \u0161okolaadiga - bio4you.eu\/retseptid\",\"isPartOf\":{\"@id\":\"https:\/\/bio4you.eu\/retseptid\/#website\"},\"primaryImageOfPage\":{\"@id\":\"https:\/\/bio4you.eu\/retseptid\/toode\/ameerikaparased-kupsised-kolme-sokolaadiga\/#primaryimage\"},\"image\":{\"@id\":\"https:\/\/bio4you.eu\/retseptid\/toode\/ameerikaparased-kupsised-kolme-sokolaadiga\/#primaryimage\"},\"thumbnailUrl\":\"https:\/\/bio4you.eu\/retseptid\/wp-content\/uploads\/2025\/03\/kupsised-scaled.jpg\",\"datePublished\":\"2025-03-25T14:49:27+00:00\",\"dateModified\":\"2025-03-26T11:32:33+00:00\",\"description\":\"Klassikalised Ameerikap\u00e4rased k\u00fcpsised kolme \u0161okolaadiga, mis on seest pehmed ja \u0161okolaadit\u00fckkidega t\u00e4idetud. Lihtne ja vastupandamatult maitsev k\u00fcpsetis igaks hetkeks.\",\"breadcrumb\":{\"@id\":\"https:\/\/bio4you.eu\/retseptid\/toode\/ameerikaparased-kupsised-kolme-sokolaadiga\/#breadcrumb\"},\"inLanguage\":\"et\",\"potentialAction\":[{\"@type\":\"ReadAction\",\"target\":[\"https:\/\/bio4you.eu\/retseptid\/toode\/ameerikaparased-kupsised-kolme-sokolaadiga\/\"]}]},{\"@type\":\"ImageObject\",\"inLanguage\":\"et\",\"@id\":\"https:\/\/bio4you.eu\/retseptid\/toode\/ameerikaparased-kupsised-kolme-sokolaadiga\/#primaryimage\",\"url\":\"https:\/\/bio4you.eu\/retseptid\/wp-content\/uploads\/2025\/03\/kupsised-scaled.jpg\",\"contentUrl\":\"https:\/\/bio4you.eu\/retseptid\/wp-content\/uploads\/2025\/03\/kupsised-scaled.jpg\",\"width\":2560,\"height\":1280,\"caption\":\"Ameerikap\u00e4rased k\u00fcpsised kolme \u0161okolaadiga \u2013 t\u00f5eliselt \u0161okolaadine nauding.\"},{\"@type\":\"BreadcrumbList\",\"@id\":\"https:\/\/bio4you.eu\/retseptid\/toode\/ameerikaparased-kupsised-kolme-sokolaadiga\/#breadcrumb\",\"itemListElement\":[{\"@type\":\"ListItem\",\"position\":1,\"name\":\"Home\",\"item\":\"https:\/\/bio4you.eu\/retseptid\/\"},{\"@type\":\"ListItem\",\"position\":2,\"name\":\"Ameerikap\u00e4rased k\u00fcpsised kolme \u0161okolaadiga\"}]},{\"@type\":\"WebSite\",\"@id\":\"https:\/\/bio4you.eu\/retseptid\/#website\",\"url\":\"https:\/\/bio4you.eu\/retseptid\/\",\"name\":\"bio4you.eu\/retseptid\",\"description\":\"\u00d6ko retseptid ise tegemiseks, looduslikest koostisainetest. Maitsev toit, iluhooldus, kodupuhastus ja aiandus.\",\"potentialAction\":[{\"@type\":\"SearchAction\",\"target\":{\"@type\":\"EntryPoint\",\"urlTemplate\":\"https:\/\/bio4you.eu\/retseptid\/?s={search_term_string}\"},\"query-input\":\"required name=search_term_string\"}],\"inLanguage\":\"et\"}]}<\/script>\n<!-- \/ Yoast SEO plugin. -->","yoast_head_json":{"title":"Ameerikap\u00e4rased k\u00fcpsised kolme \u0161okolaadiga - bio4you.eu\/retseptid","description":"Klassikalised Ameerikap\u00e4rased k\u00fcpsised kolme \u0161okolaadiga, mis on seest pehmed ja \u0161okolaadit\u00fckkidega t\u00e4idetud. Lihtne ja vastupandamatult maitsev k\u00fcpsetis igaks hetkeks.","robots":{"index":"index","follow":"follow","max-snippet":"max-snippet:-1","max-image-preview":"max-image-preview:large","max-video-preview":"max-video-preview:-1"},"canonical":"https:\/\/bio4you.eu\/retseptid\/toode\/ameerikaparased-kupsised-kolme-sokolaadiga\/","og_locale":"et_EE","og_type":"article","og_title":"Ameerikap\u00e4rased k\u00fcpsised kolme \u0161okolaadiga \u2013 t\u00f5eliselt \u0161okolaadine nauding!","og_description":"Kas oled proovinud Ameerika stiilis k\u00fcpsiseid? Need pehmed ja \u0161okolaadit\u00fckkidega t\u00e4idetud k\u00fcpsised \u00fchendavad tumeda, piima- ja valge \u0161okolaadi parima maitseelamuse. K\u00fcpseta kodus ja naudi t\u00f5elist \u0161okolaadielamust!","og_url":"https:\/\/bio4you.eu\/retseptid\/toode\/ameerikaparased-kupsised-kolme-sokolaadiga\/","og_site_name":"bio4you.eu\/retseptid","article_modified_time":"2025-03-26T11:32:33+00:00","og_image":[{"width":2560,"height":1280,"url":"https:\/\/bio4you.eu\/retseptid\/wp-content\/uploads\/2025\/03\/kupsised-scaled.jpg","type":"image\/jpeg"}],"twitter_misc":{"Est. reading time":"1 minut"},"schema":{"@context":"https:\/\/schema.org","@graph":[{"@type":"WebPage","@id":"https:\/\/bio4you.eu\/retseptid\/toode\/ameerikaparased-kupsised-kolme-sokolaadiga\/","url":"https:\/\/bio4you.eu\/retseptid\/toode\/ameerikaparased-kupsised-kolme-sokolaadiga\/","name":"Ameerikap\u00e4rased k\u00fcpsised kolme \u0161okolaadiga - bio4you.eu\/retseptid","isPartOf":{"@id":"https:\/\/bio4you.eu\/retseptid\/#website"},"primaryImageOfPage":{"@id":"https:\/\/bio4you.eu\/retseptid\/toode\/ameerikaparased-kupsised-kolme-sokolaadiga\/#primaryimage"},"image":{"@id":"https:\/\/bio4you.eu\/retseptid\/toode\/ameerikaparased-kupsised-kolme-sokolaadiga\/#primaryimage"},"thumbnailUrl":"https:\/\/bio4you.eu\/retseptid\/wp-content\/uploads\/2025\/03\/kupsised-scaled.jpg","datePublished":"2025-03-25T14:49:27+00:00","dateModified":"2025-03-26T11:32:33+00:00","description":"Klassikalised Ameerikap\u00e4rased k\u00fcpsised kolme \u0161okolaadiga, mis on seest pehmed ja \u0161okolaadit\u00fckkidega t\u00e4idetud. Lihtne ja vastupandamatult maitsev k\u00fcpsetis igaks hetkeks.","breadcrumb":{"@id":"https:\/\/bio4you.eu\/retseptid\/toode\/ameerikaparased-kupsised-kolme-sokolaadiga\/#breadcrumb"},"inLanguage":"et","potentialAction":[{"@type":"ReadAction","target":["https:\/\/bio4you.eu\/retseptid\/toode\/ameerikaparased-kupsised-kolme-sokolaadiga\/"]}]},{"@type":"ImageObject","inLanguage":"et","@id":"https:\/\/bio4you.eu\/retseptid\/toode\/ameerikaparased-kupsised-kolme-sokolaadiga\/#primaryimage","url":"https:\/\/bio4you.eu\/retseptid\/wp-content\/uploads\/2025\/03\/kupsised-scaled.jpg","contentUrl":"https:\/\/bio4you.eu\/retseptid\/wp-content\/uploads\/2025\/03\/kupsised-scaled.jpg","width":2560,"height":1280,"caption":"Ameerikap\u00e4rased k\u00fcpsised kolme \u0161okolaadiga \u2013 t\u00f5eliselt \u0161okolaadine nauding."},{"@type":"BreadcrumbList","@id":"https:\/\/bio4you.eu\/retseptid\/toode\/ameerikaparased-kupsised-kolme-sokolaadiga\/#breadcrumb","itemListElement":[{"@type":"ListItem","position":1,"name":"Home","item":"https:\/\/bio4you.eu\/retseptid\/"},{"@type":"ListItem","position":2,"name":"Ameerikap\u00e4rased k\u00fcpsised kolme \u0161okolaadiga"}]},{"@type":"WebSite","@id":"https:\/\/bio4you.eu\/retseptid\/#website","url":"https:\/\/bio4you.eu\/retseptid\/","name":"bio4you.eu\/retseptid","description":"\u00d6ko retseptid ise tegemiseks, looduslikest koostisainetest. Maitsev toit, iluhooldus, kodupuhastus ja aiandus.","potentialAction":[{"@type":"SearchAction","target":{"@type":"EntryPoint","urlTemplate":"https:\/\/bio4you.eu\/retseptid\/?s={search_term_string}"},"query-input":"required name=search_term_string"}],"inLanguage":"et"}]}},"_links":{"self":[{"href":"https:\/\/bio4you.eu\/retseptid\/wp-json\/wp\/v2\/product\/4300"}],"collection":[{"href":"https:\/\/bio4you.eu\/retseptid\/wp-json\/wp\/v2\/product"}],"about":[{"href":"https:\/\/bio4you.eu\/retseptid\/wp-json\/wp\/v2\/types\/product"}],"replies":[{"embeddable":true,"href":"https:\/\/bio4you.eu\/retseptid\/wp-json\/wp\/v2\/comments?post=4300"}],"wp:featuredmedia":[{"embeddable":true,"href":"https:\/\/bio4you.eu\/retseptid\/wp-json\/wp\/v2\/media\/4341"}],"wp:attachment":[{"href":"https:\/\/bio4you.eu\/retseptid\/wp-json\/wp\/v2\/media?parent=4300"}],"wp:term":[{"taxonomy":"product_cat","embeddable":true,"href":"https:\/\/bio4you.eu\/retseptid\/wp-json\/wp\/v2\/product_cat?post=4300"},{"taxonomy":"product_tag","embeddable":true,"href":"https:\/\/bio4you.eu\/retseptid\/wp-json\/wp\/v2\/product_tag?post=4300"}],"curies":[{"name":"wp","href":"https:\/\/api.w.org\/{rel}","templated":true}]}}