{"id":4365,"date":"2025-05-18T19:47:00","date_gmt":"2025-05-18T16:47:00","guid":{"rendered":"https:\/\/bio4you.eu\/retseptid\/?post_type=product&#038;p=4365"},"modified":"2025-04-19T13:19:51","modified_gmt":"2025-04-19T10:19:51","slug":"kreemised-uleoo-kaerahelbed-kohviga","status":"publish","type":"product","link":"https:\/\/bio4you.eu\/retseptid\/toode\/kreemised-uleoo-kaerahelbed-kohviga\/","title":{"rendered":"Kreemised \u00fcle\u00f6\u00f6 kaerahelbed kohviga"},"content":{"rendered":"<p>Valmistamine:<\/p>\n<ol>\n<li>Sega kausis kokku kaerahelbed, taimne piim, kohv, maap\u00e4hkliv\u00f5i, banaanip\u00fcree, linaseemned ja magustaja.<\/li>\n<li>Sega \u00fchtlaseks ja kata kaane v\u00f5i fooliumiga.<\/li>\n<li>Aseta k\u00fclmkappi v\u00e4hemalt 4\u20136 tunniks v\u00f5i \u00fcle\u00f6\u00f6.<\/li>\n<li>Enne serveerimist sega veelkord l\u00e4bi ja lisa meelep\u00e4rased puuviljad, marjad v\u00f5i muud kaunistused.<\/li>\n<\/ol>\n<p>&nbsp;<\/p>\n","protected":false},"excerpt":{"rendered":"<p>Vaja l\u00e4heb:<\/p>\n<ul>\n<li>50g <a href=\"https:\/\/bio4you.eu\/et\/bio-pere\/oekotooted-kogu-perele\/gluteenivabad-kaerahelbed-1kg\">Bauckhof Gluteenivabu t\u00e4istera kaerahelbeid<\/a><\/li>\n<li>100ml taimset piima (nt, <a href=\"https:\/\/bio4you.eu\/et\/bio-toit\/joogid-ja-joogipulbrid\/taimsed-joogid-ja-kreemid\/gluteenivaba-kaerajook-omega-3-1l\">The Bridge Gluteenivaba Kaerajook Omega 3, 1L<\/a>)<\/li>\n<li>50ml kanget kohvi v\u00f5i espressot<\/li>\n<li>1sl maap\u00e4hkliv\u00f5id (nt, <a href=\"https:\/\/bio4you.eu\/et\/bio-toit\/toiduolid-kastmed-ja-kreemid\/paehklikreemid-ja-voided\/maapaehklivoie-crunchy-250g\">Nature&#8217;s Finest Maap\u00e4hkliv\u00f5ie &#8220;Crunchy&#8221;, 250g<\/a>)<\/li>\n<li>1sl va\u0308rske- v\u00f5i k\u00fclmkuivatatud datlimoosi v\u00f5i vahtrasiirupit<\/li>\n<li>1sl jahvatatud linaseemneid (nt, <a href=\"https:\/\/bio4you.eu\/et\/bio-toit\/looduslikud-supertoidud\/linaseemned-500g\">Raismikuoja Linaseemned, 500g<\/a>)<\/li>\n<li>\u00bd banaani (p\u00fcreestatuna)<\/li>\n<li>Soovi korral n\u00e4puotsat\u00e4is kaneeli<\/li>\n<\/ul>\n<p>Kaunistuseks peale:<br \/>\nT\u00fckeldatud banaani, p\u00e4hkleid, seemneid v\u00f5i \u0161okolaadin\u00f6\u00f6pe<\/p>\n","protected":false},"featured_media":4366,"comment_status":"open","ping_status":"closed","template":"","meta":{"_exactmetrics_skip_tracking":false,"_exactmetrics_sitenote_active":false,"_exactmetrics_sitenote_note":"","_exactmetrics_sitenote_category":0},"product_cat":[59,60,382,63,383,71],"product_tag":[150,554,551,410,553,552,555],"class_list":{"0":"post-4365","1":"product","2":"type-product","3":"status-publish","4":"has-post-thumbnail","6":"product_cat-featured","7":"product_cat-toiduretseptid","8":"product_cat-vegan-toiduretseptid","9":"product_cat-gluteenivabad-retseptid","10":"product_cat-taimetoit","11":"product_cat-riisi-ja-teraviljatoidud","12":"product_tag-gluteenivaba-2","13":"product_tag-gluteenivaba-puder","14":"product_tag-hommikupuder","15":"product_tag-hommikusook","16":"product_tag-kaerahelbepuder","17":"product_tag-uleoopuder","18":"product_tag-vegan-puder","20":"first","21":"instock","22":"shipping-taxable","23":"product-type-simple"},"yoast_head":"<!-- This site is optimized with the Yoast SEO plugin v23.3 - https:\/\/yoast.com\/wordpress\/plugins\/seo\/ -->\n<title>Kreemised \u00fcle\u00f6\u00f6 kaerahelbed kohviga - bio4you.eu\/retseptid<\/title>\n<meta name=\"description\" content=\"Valgurikas ja kiudainerohke hommikus\u00f6\u00f6k gluteenivabadest kaerahelvestest, kohvist ja maap\u00e4hkliv\u00f5ist. Valmistu eelmisel \u00f5htul ja naudi kiiret, turgutavat algust p\u00e4evale!\" \/>\n<meta name=\"robots\" content=\"index, follow, max-snippet:-1, max-image-preview:large, max-video-preview:-1\" \/>\n<link rel=\"canonical\" href=\"https:\/\/bio4you.eu\/retseptid\/toode\/kreemised-uleoo-kaerahelbed-kohviga\/\" \/>\n<meta property=\"og:locale\" content=\"et_EE\" \/>\n<meta property=\"og:type\" content=\"article\" \/>\n<meta property=\"og:title\" content=\"Hommikune energia \u2013 kohvimaitselised \u00fcle\u00f6\u00f6 kaerahelbed\" \/>\n<meta property=\"og:description\" content=\"Need kreemjad ja kohvi n\u00fcansiga \u00fcle\u00f6\u00f6 kaerahelbed sobivad ideaalselt kiireks ja toitvaks hommikuks. Taimne, gluteenivaba ja t\u00e4is maitseid \u2013 proovi j\u00e4rele!\" \/>\n<meta property=\"og:url\" content=\"https:\/\/bio4you.eu\/retseptid\/toode\/kreemised-uleoo-kaerahelbed-kohviga\/\" \/>\n<meta property=\"og:site_name\" content=\"bio4you.eu\/retseptid\" \/>\n<meta property=\"article:modified_time\" content=\"2025-04-19T10:19:51+00:00\" \/>\n<meta property=\"og:image\" content=\"https:\/\/bio4you.eu\/retseptid\/wp-content\/uploads\/2025\/04\/Screenshot-2025-04-14-at-19.51.41.png\" \/>\n\t<meta property=\"og:image:width\" content=\"1270\" \/>\n\t<meta property=\"og:image:height\" content=\"846\" \/>\n\t<meta property=\"og:image:type\" content=\"image\/png\" \/>\n<meta name=\"twitter:label1\" content=\"Est. reading time\" \/>\n\t<meta name=\"twitter:data1\" content=\"1 minut\" \/>\n<script type=\"application\/ld+json\" class=\"yoast-schema-graph\">{\"@context\":\"https:\/\/schema.org\",\"@graph\":[{\"@type\":\"WebPage\",\"@id\":\"https:\/\/bio4you.eu\/retseptid\/toode\/kreemised-uleoo-kaerahelbed-kohviga\/\",\"url\":\"https:\/\/bio4you.eu\/retseptid\/toode\/kreemised-uleoo-kaerahelbed-kohviga\/\",\"name\":\"Kreemised \u00fcle\u00f6\u00f6 kaerahelbed kohviga - bio4you.eu\/retseptid\",\"isPartOf\":{\"@id\":\"https:\/\/bio4you.eu\/retseptid\/#website\"},\"primaryImageOfPage\":{\"@id\":\"https:\/\/bio4you.eu\/retseptid\/toode\/kreemised-uleoo-kaerahelbed-kohviga\/#primaryimage\"},\"image\":{\"@id\":\"https:\/\/bio4you.eu\/retseptid\/toode\/kreemised-uleoo-kaerahelbed-kohviga\/#primaryimage\"},\"thumbnailUrl\":\"https:\/\/bio4you.eu\/retseptid\/wp-content\/uploads\/2025\/04\/Screenshot-2025-04-14-at-19.51.41.png\",\"datePublished\":\"2025-05-18T16:47:00+00:00\",\"dateModified\":\"2025-04-19T10:19:51+00:00\",\"description\":\"Valgurikas ja kiudainerohke hommikus\u00f6\u00f6k gluteenivabadest kaerahelvestest, kohvist ja maap\u00e4hkliv\u00f5ist. Valmistu eelmisel \u00f5htul ja naudi kiiret, turgutavat algust p\u00e4evale!\",\"breadcrumb\":{\"@id\":\"https:\/\/bio4you.eu\/retseptid\/toode\/kreemised-uleoo-kaerahelbed-kohviga\/#breadcrumb\"},\"inLanguage\":\"et\",\"potentialAction\":[{\"@type\":\"ReadAction\",\"target\":[\"https:\/\/bio4you.eu\/retseptid\/toode\/kreemised-uleoo-kaerahelbed-kohviga\/\"]}]},{\"@type\":\"ImageObject\",\"inLanguage\":\"et\",\"@id\":\"https:\/\/bio4you.eu\/retseptid\/toode\/kreemised-uleoo-kaerahelbed-kohviga\/#primaryimage\",\"url\":\"https:\/\/bio4you.eu\/retseptid\/wp-content\/uploads\/2025\/04\/Screenshot-2025-04-14-at-19.51.41.png\",\"contentUrl\":\"https:\/\/bio4you.eu\/retseptid\/wp-content\/uploads\/2025\/04\/Screenshot-2025-04-14-at-19.51.41.png\",\"width\":1270,\"height\":846,\"caption\":\"Toitev ja turgutav hommikus\u00f6\u00f6k kaerahelvestest, kohvist ja banaanist\"},{\"@type\":\"BreadcrumbList\",\"@id\":\"https:\/\/bio4you.eu\/retseptid\/toode\/kreemised-uleoo-kaerahelbed-kohviga\/#breadcrumb\",\"itemListElement\":[{\"@type\":\"ListItem\",\"position\":1,\"name\":\"Home\",\"item\":\"https:\/\/bio4you.eu\/retseptid\/\"},{\"@type\":\"ListItem\",\"position\":2,\"name\":\"Kreemised \u00fcle\u00f6\u00f6 kaerahelbed kohviga\"}]},{\"@type\":\"WebSite\",\"@id\":\"https:\/\/bio4you.eu\/retseptid\/#website\",\"url\":\"https:\/\/bio4you.eu\/retseptid\/\",\"name\":\"bio4you.eu\/retseptid\",\"description\":\"\u00d6ko retseptid ise tegemiseks, looduslikest koostisainetest. Maitsev toit, iluhooldus, kodupuhastus ja aiandus.\",\"potentialAction\":[{\"@type\":\"SearchAction\",\"target\":{\"@type\":\"EntryPoint\",\"urlTemplate\":\"https:\/\/bio4you.eu\/retseptid\/?s={search_term_string}\"},\"query-input\":\"required name=search_term_string\"}],\"inLanguage\":\"et\"}]}<\/script>\n<!-- \/ Yoast SEO plugin. -->","yoast_head_json":{"title":"Kreemised \u00fcle\u00f6\u00f6 kaerahelbed kohviga - bio4you.eu\/retseptid","description":"Valgurikas ja kiudainerohke hommikus\u00f6\u00f6k gluteenivabadest kaerahelvestest, kohvist ja maap\u00e4hkliv\u00f5ist. Valmistu eelmisel \u00f5htul ja naudi kiiret, turgutavat algust p\u00e4evale!","robots":{"index":"index","follow":"follow","max-snippet":"max-snippet:-1","max-image-preview":"max-image-preview:large","max-video-preview":"max-video-preview:-1"},"canonical":"https:\/\/bio4you.eu\/retseptid\/toode\/kreemised-uleoo-kaerahelbed-kohviga\/","og_locale":"et_EE","og_type":"article","og_title":"Hommikune energia \u2013 kohvimaitselised \u00fcle\u00f6\u00f6 kaerahelbed","og_description":"Need kreemjad ja kohvi n\u00fcansiga \u00fcle\u00f6\u00f6 kaerahelbed sobivad ideaalselt kiireks ja toitvaks hommikuks. Taimne, gluteenivaba ja t\u00e4is maitseid \u2013 proovi j\u00e4rele!","og_url":"https:\/\/bio4you.eu\/retseptid\/toode\/kreemised-uleoo-kaerahelbed-kohviga\/","og_site_name":"bio4you.eu\/retseptid","article_modified_time":"2025-04-19T10:19:51+00:00","og_image":[{"width":1270,"height":846,"url":"https:\/\/bio4you.eu\/retseptid\/wp-content\/uploads\/2025\/04\/Screenshot-2025-04-14-at-19.51.41.png","type":"image\/png"}],"twitter_misc":{"Est. reading time":"1 minut"},"schema":{"@context":"https:\/\/schema.org","@graph":[{"@type":"WebPage","@id":"https:\/\/bio4you.eu\/retseptid\/toode\/kreemised-uleoo-kaerahelbed-kohviga\/","url":"https:\/\/bio4you.eu\/retseptid\/toode\/kreemised-uleoo-kaerahelbed-kohviga\/","name":"Kreemised \u00fcle\u00f6\u00f6 kaerahelbed kohviga - bio4you.eu\/retseptid","isPartOf":{"@id":"https:\/\/bio4you.eu\/retseptid\/#website"},"primaryImageOfPage":{"@id":"https:\/\/bio4you.eu\/retseptid\/toode\/kreemised-uleoo-kaerahelbed-kohviga\/#primaryimage"},"image":{"@id":"https:\/\/bio4you.eu\/retseptid\/toode\/kreemised-uleoo-kaerahelbed-kohviga\/#primaryimage"},"thumbnailUrl":"https:\/\/bio4you.eu\/retseptid\/wp-content\/uploads\/2025\/04\/Screenshot-2025-04-14-at-19.51.41.png","datePublished":"2025-05-18T16:47:00+00:00","dateModified":"2025-04-19T10:19:51+00:00","description":"Valgurikas ja kiudainerohke hommikus\u00f6\u00f6k gluteenivabadest kaerahelvestest, kohvist ja maap\u00e4hkliv\u00f5ist. Valmistu eelmisel \u00f5htul ja naudi kiiret, turgutavat algust p\u00e4evale!","breadcrumb":{"@id":"https:\/\/bio4you.eu\/retseptid\/toode\/kreemised-uleoo-kaerahelbed-kohviga\/#breadcrumb"},"inLanguage":"et","potentialAction":[{"@type":"ReadAction","target":["https:\/\/bio4you.eu\/retseptid\/toode\/kreemised-uleoo-kaerahelbed-kohviga\/"]}]},{"@type":"ImageObject","inLanguage":"et","@id":"https:\/\/bio4you.eu\/retseptid\/toode\/kreemised-uleoo-kaerahelbed-kohviga\/#primaryimage","url":"https:\/\/bio4you.eu\/retseptid\/wp-content\/uploads\/2025\/04\/Screenshot-2025-04-14-at-19.51.41.png","contentUrl":"https:\/\/bio4you.eu\/retseptid\/wp-content\/uploads\/2025\/04\/Screenshot-2025-04-14-at-19.51.41.png","width":1270,"height":846,"caption":"Toitev ja turgutav hommikus\u00f6\u00f6k kaerahelvestest, kohvist ja banaanist"},{"@type":"BreadcrumbList","@id":"https:\/\/bio4you.eu\/retseptid\/toode\/kreemised-uleoo-kaerahelbed-kohviga\/#breadcrumb","itemListElement":[{"@type":"ListItem","position":1,"name":"Home","item":"https:\/\/bio4you.eu\/retseptid\/"},{"@type":"ListItem","position":2,"name":"Kreemised \u00fcle\u00f6\u00f6 kaerahelbed kohviga"}]},{"@type":"WebSite","@id":"https:\/\/bio4you.eu\/retseptid\/#website","url":"https:\/\/bio4you.eu\/retseptid\/","name":"bio4you.eu\/retseptid","description":"\u00d6ko retseptid ise tegemiseks, looduslikest koostisainetest. Maitsev toit, iluhooldus, kodupuhastus ja aiandus.","potentialAction":[{"@type":"SearchAction","target":{"@type":"EntryPoint","urlTemplate":"https:\/\/bio4you.eu\/retseptid\/?s={search_term_string}"},"query-input":"required name=search_term_string"}],"inLanguage":"et"}]}},"_links":{"self":[{"href":"https:\/\/bio4you.eu\/retseptid\/wp-json\/wp\/v2\/product\/4365"}],"collection":[{"href":"https:\/\/bio4you.eu\/retseptid\/wp-json\/wp\/v2\/product"}],"about":[{"href":"https:\/\/bio4you.eu\/retseptid\/wp-json\/wp\/v2\/types\/product"}],"replies":[{"embeddable":true,"href":"https:\/\/bio4you.eu\/retseptid\/wp-json\/wp\/v2\/comments?post=4365"}],"wp:featuredmedia":[{"embeddable":true,"href":"https:\/\/bio4you.eu\/retseptid\/wp-json\/wp\/v2\/media\/4366"}],"wp:attachment":[{"href":"https:\/\/bio4you.eu\/retseptid\/wp-json\/wp\/v2\/media?parent=4365"}],"wp:term":[{"taxonomy":"product_cat","embeddable":true,"href":"https:\/\/bio4you.eu\/retseptid\/wp-json\/wp\/v2\/product_cat?post=4365"},{"taxonomy":"product_tag","embeddable":true,"href":"https:\/\/bio4you.eu\/retseptid\/wp-json\/wp\/v2\/product_tag?post=4365"}],"curies":[{"name":"wp","href":"https:\/\/api.w.org\/{rel}","templated":true}]}}