{"id":4367,"date":"2025-05-04T20:08:27","date_gmt":"2025-05-04T17:08:27","guid":{"rendered":"https:\/\/bio4you.eu\/retseptid\/?post_type=product&#038;p=4367"},"modified":"2025-05-05T12:25:36","modified_gmt":"2025-05-05T09:25:36","slug":"gluteenivaba-pitsa-burrata-ja-kirsstomatitega","status":"publish","type":"product","link":"https:\/\/bio4you.eu\/retseptid\/toode\/gluteenivaba-pitsa-burrata-ja-kirsstomatitega\/","title":{"rendered":"Gluteenivaba pitsa burrata ja kirsstomatitega"},"content":{"rendered":"<p>Valmistamine:<\/p>\n<ul>\n<li>Sega taina koostisosad: gluteenivaba jahusegu, p\u00e4rm, sool, \u00f5li ja vesi. S\u00f5tku, kuni saad \u00fchtlase ja elastse taina.<\/li>\n<li>Kata kauss ja lase tainal kerkida toatemperatuuril umbes 1 tund.<\/li>\n<li>Rulli tainas kergelt jahusel pinnal ovaalseks pinsaks.<\/li>\n<li>K\u00fcpseta eelsoojendatud ahjus 220 \u00b0C juures 10\u201312 minutit, kuni pinsa on kuldpruun.<\/li>\n<li>V\u00f5ta ahjust, lisa rebitud burrata, poolitatud kirsstomatid, veidi oliivi\u00f5li ja basiilik. Maitsesta soola ja pipraga.<\/li>\n<\/ul>\n<p>&nbsp;<\/p>\n","protected":false},"excerpt":{"rendered":"<p>Vaja l\u00e4heb:<\/p>\n<p>Taina jaoks:<\/p>\n<ul>\n<li>250 g <a href=\"https:\/\/bio4you.eu\/et\/bio-toit\/kuivained-ja-idandamine\/gluteenivaba-pitsapohja-jahusegu-350g\">Bauck Hof Gluteenivaba pitsap\u00f5hja jahusegu, 350g<\/a><\/li>\n<li>1 tl kuivp\u00e4rmi<\/li>\n<li>1 tl soola<\/li>\n<li>1 sl oliivi\u00f5li (nt, <a href=\"https:\/\/bio4you.eu\/et\/bio-toit\/toiduolid-kastmed-ja-kreemid\/ekstra-vaeaerisoliivioli-500ml\">Olio Corvino Ekstra v\u00e4\u00e4risoliivi\u00f5li, 500ml<\/a>)<\/li>\n<li>200 ml k\u00e4esooja vett<\/li>\n<\/ul>\n<p>Katmiseks:<\/p>\n<ul>\n<li>1 palli burrata\u2019t<\/li>\n<li>Peot\u00e4is kirsstomateid<\/li>\n<li>Oliivi\u00f5li\u00a0(nt, <a href=\"https:\/\/bio4you.eu\/et\/bio-toit\/toiduolid-kastmed-ja-kreemid\/ekstra-vaeaerisoliivioli-500ml\">Olio Corvino Ekstra v\u00e4\u00e4risoliivi\u00f5li, 500ml<\/a>)<\/li>\n<li>V\u00e4rsket basiilikut<\/li>\n<li>Soola ja pipart<\/li>\n<\/ul>\n","protected":false},"featured_media":4373,"comment_status":"open","ping_status":"closed","template":"","meta":{"_exactmetrics_skip_tracking":false,"_exactmetrics_sitenote_active":false,"_exactmetrics_sitenote_note":"","_exactmetrics_sitenote_category":0},"product_cat":[59,60,382,63,383,280],"product_tag":[150,556,557,421,420,418],"class_list":{"0":"post-4367","1":"product","2":"type-product","3":"status-publish","4":"has-post-thumbnail","6":"product_cat-featured","7":"product_cat-toiduretseptid","8":"product_cat-vegan-toiduretseptid","9":"product_cat-gluteenivabad-retseptid","10":"product_cat-taimetoit","11":"product_cat-koogid-ja-kupsised","12":"product_tag-gluteenivaba-2","13":"product_tag-gluteenivaba-burrata-pitsa","14":"product_tag-gluteenivaba-ohtusook","15":"product_tag-gluteenivaba-pitsa","16":"product_tag-ohtusook","17":"product_tag-pitsa","19":"first","20":"instock","21":"shipping-taxable","22":"product-type-simple"},"yoast_head":"<!-- This site is optimized with the Yoast SEO plugin v23.3 - https:\/\/yoast.com\/wordpress\/plugins\/seo\/ -->\n<title>Gluteenivaba pitsa burrata ja kirsstomatitega - bio4you.eu\/retseptid<\/title>\n<meta name=\"description\" content=\"M\u00f5nusalt \u00f5huline ja gluteenivaba pitsa, millele lisanduvad burrata juust, kirsstomatid ja v\u00e4rske basiilik. Valmib Bauckhof pitsajahu seguga \u2013 ideaalne suviseks l\u00f5unaks v\u00f5i jagamiseks.\" \/>\n<meta name=\"robots\" content=\"index, follow, max-snippet:-1, max-image-preview:large, max-video-preview:-1\" \/>\n<link rel=\"canonical\" href=\"https:\/\/bio4you.eu\/retseptid\/toode\/gluteenivaba-pitsa-burrata-ja-kirsstomatitega\/\" \/>\n<meta property=\"og:locale\" content=\"et_EE\" \/>\n<meta property=\"og:type\" content=\"article\" \/>\n<meta property=\"og:title\" content=\"\u00d5huline gluteenivaba pitsa burrata ja kirsstomatitega\" \/>\n<meta property=\"og:description\" content=\"See kodune pitsa \u00fchendab endas kr\u00f5beda p\u00f5hjaga ja siidise burrata juustu. Gluteenivaba, lihtne valmistada ja sobib suurep\u00e4raselt jagamiseks! Vaata retsepti.\" \/>\n<meta property=\"og:url\" content=\"https:\/\/bio4you.eu\/retseptid\/toode\/gluteenivaba-pitsa-burrata-ja-kirsstomatitega\/\" \/>\n<meta property=\"og:site_name\" content=\"bio4you.eu\/retseptid\" \/>\n<meta property=\"article:modified_time\" content=\"2025-05-05T09:25:36+00:00\" \/>\n<meta property=\"og:image\" content=\"https:\/\/bio4you.eu\/retseptid\/wp-content\/uploads\/2025\/05\/See-suvine-pitsa-on-valmistatud-Bauckhof-gluteenivabast-pitsajahust-ja-kaetud-burrata-juustu-kirsstomatite-ning-basiilikuga.-Taiuslik-kerge-roog-mis-maitseb-koige-paremini-varskelt-ahjust-tulles.jpg\" \/>\n\t<meta property=\"og:image:width\" content=\"2000\" \/>\n\t<meta property=\"og:image:height\" content=\"2000\" \/>\n\t<meta property=\"og:image:type\" content=\"image\/jpeg\" \/>\n<meta name=\"twitter:label1\" content=\"Est. reading time\" \/>\n\t<meta name=\"twitter:data1\" content=\"1 minut\" \/>\n<script type=\"application\/ld+json\" class=\"yoast-schema-graph\">{\"@context\":\"https:\/\/schema.org\",\"@graph\":[{\"@type\":\"WebPage\",\"@id\":\"https:\/\/bio4you.eu\/retseptid\/toode\/gluteenivaba-pitsa-burrata-ja-kirsstomatitega\/\",\"url\":\"https:\/\/bio4you.eu\/retseptid\/toode\/gluteenivaba-pitsa-burrata-ja-kirsstomatitega\/\",\"name\":\"Gluteenivaba pitsa burrata ja kirsstomatitega - bio4you.eu\/retseptid\",\"isPartOf\":{\"@id\":\"https:\/\/bio4you.eu\/retseptid\/#website\"},\"primaryImageOfPage\":{\"@id\":\"https:\/\/bio4you.eu\/retseptid\/toode\/gluteenivaba-pitsa-burrata-ja-kirsstomatitega\/#primaryimage\"},\"image\":{\"@id\":\"https:\/\/bio4you.eu\/retseptid\/toode\/gluteenivaba-pitsa-burrata-ja-kirsstomatitega\/#primaryimage\"},\"thumbnailUrl\":\"https:\/\/bio4you.eu\/retseptid\/wp-content\/uploads\/2025\/05\/See-suvine-pitsa-on-valmistatud-Bauckhof-gluteenivabast-pitsajahust-ja-kaetud-burrata-juustu-kirsstomatite-ning-basiilikuga.-Taiuslik-kerge-roog-mis-maitseb-koige-paremini-varskelt-ahjust-tulles.jpg\",\"datePublished\":\"2025-05-04T17:08:27+00:00\",\"dateModified\":\"2025-05-05T09:25:36+00:00\",\"description\":\"M\u00f5nusalt \u00f5huline ja gluteenivaba pitsa, millele lisanduvad burrata juust, kirsstomatid ja v\u00e4rske basiilik. Valmib Bauckhof pitsajahu seguga \u2013 ideaalne suviseks l\u00f5unaks v\u00f5i jagamiseks.\",\"breadcrumb\":{\"@id\":\"https:\/\/bio4you.eu\/retseptid\/toode\/gluteenivaba-pitsa-burrata-ja-kirsstomatitega\/#breadcrumb\"},\"inLanguage\":\"et\",\"potentialAction\":[{\"@type\":\"ReadAction\",\"target\":[\"https:\/\/bio4you.eu\/retseptid\/toode\/gluteenivaba-pitsa-burrata-ja-kirsstomatitega\/\"]}]},{\"@type\":\"ImageObject\",\"inLanguage\":\"et\",\"@id\":\"https:\/\/bio4you.eu\/retseptid\/toode\/gluteenivaba-pitsa-burrata-ja-kirsstomatitega\/#primaryimage\",\"url\":\"https:\/\/bio4you.eu\/retseptid\/wp-content\/uploads\/2025\/05\/See-suvine-pitsa-on-valmistatud-Bauckhof-gluteenivabast-pitsajahust-ja-kaetud-burrata-juustu-kirsstomatite-ning-basiilikuga.-Taiuslik-kerge-roog-mis-maitseb-koige-paremini-varskelt-ahjust-tulles.jpg\",\"contentUrl\":\"https:\/\/bio4you.eu\/retseptid\/wp-content\/uploads\/2025\/05\/See-suvine-pitsa-on-valmistatud-Bauckhof-gluteenivabast-pitsajahust-ja-kaetud-burrata-juustu-kirsstomatite-ning-basiilikuga.-Taiuslik-kerge-roog-mis-maitseb-koige-paremini-varskelt-ahjust-tulles.jpg\",\"width\":2000,\"height\":2000,\"caption\":\"Kr\u00f5beda p\u00f5hjaga gluteenivaba pitsa burrata, tomatite ja v\u00e4rske basiilikuga\"},{\"@type\":\"BreadcrumbList\",\"@id\":\"https:\/\/bio4you.eu\/retseptid\/toode\/gluteenivaba-pitsa-burrata-ja-kirsstomatitega\/#breadcrumb\",\"itemListElement\":[{\"@type\":\"ListItem\",\"position\":1,\"name\":\"Home\",\"item\":\"https:\/\/bio4you.eu\/retseptid\/\"},{\"@type\":\"ListItem\",\"position\":2,\"name\":\"Gluteenivaba pitsa burrata ja kirsstomatitega\"}]},{\"@type\":\"WebSite\",\"@id\":\"https:\/\/bio4you.eu\/retseptid\/#website\",\"url\":\"https:\/\/bio4you.eu\/retseptid\/\",\"name\":\"bio4you.eu\/retseptid\",\"description\":\"\u00d6ko retseptid ise tegemiseks, looduslikest koostisainetest. Maitsev toit, iluhooldus, kodupuhastus ja aiandus.\",\"potentialAction\":[{\"@type\":\"SearchAction\",\"target\":{\"@type\":\"EntryPoint\",\"urlTemplate\":\"https:\/\/bio4you.eu\/retseptid\/?s={search_term_string}\"},\"query-input\":\"required name=search_term_string\"}],\"inLanguage\":\"et\"}]}<\/script>\n<!-- \/ Yoast SEO plugin. -->","yoast_head_json":{"title":"Gluteenivaba pitsa burrata ja kirsstomatitega - bio4you.eu\/retseptid","description":"M\u00f5nusalt \u00f5huline ja gluteenivaba pitsa, millele lisanduvad burrata juust, kirsstomatid ja v\u00e4rske basiilik. Valmib Bauckhof pitsajahu seguga \u2013 ideaalne suviseks l\u00f5unaks v\u00f5i jagamiseks.","robots":{"index":"index","follow":"follow","max-snippet":"max-snippet:-1","max-image-preview":"max-image-preview:large","max-video-preview":"max-video-preview:-1"},"canonical":"https:\/\/bio4you.eu\/retseptid\/toode\/gluteenivaba-pitsa-burrata-ja-kirsstomatitega\/","og_locale":"et_EE","og_type":"article","og_title":"\u00d5huline gluteenivaba pitsa burrata ja kirsstomatitega","og_description":"See kodune pitsa \u00fchendab endas kr\u00f5beda p\u00f5hjaga ja siidise burrata juustu. Gluteenivaba, lihtne valmistada ja sobib suurep\u00e4raselt jagamiseks! Vaata retsepti.","og_url":"https:\/\/bio4you.eu\/retseptid\/toode\/gluteenivaba-pitsa-burrata-ja-kirsstomatitega\/","og_site_name":"bio4you.eu\/retseptid","article_modified_time":"2025-05-05T09:25:36+00:00","og_image":[{"width":2000,"height":2000,"url":"https:\/\/bio4you.eu\/retseptid\/wp-content\/uploads\/2025\/05\/See-suvine-pitsa-on-valmistatud-Bauckhof-gluteenivabast-pitsajahust-ja-kaetud-burrata-juustu-kirsstomatite-ning-basiilikuga.-Taiuslik-kerge-roog-mis-maitseb-koige-paremini-varskelt-ahjust-tulles.jpg","type":"image\/jpeg"}],"twitter_misc":{"Est. reading time":"1 minut"},"schema":{"@context":"https:\/\/schema.org","@graph":[{"@type":"WebPage","@id":"https:\/\/bio4you.eu\/retseptid\/toode\/gluteenivaba-pitsa-burrata-ja-kirsstomatitega\/","url":"https:\/\/bio4you.eu\/retseptid\/toode\/gluteenivaba-pitsa-burrata-ja-kirsstomatitega\/","name":"Gluteenivaba pitsa burrata ja kirsstomatitega - bio4you.eu\/retseptid","isPartOf":{"@id":"https:\/\/bio4you.eu\/retseptid\/#website"},"primaryImageOfPage":{"@id":"https:\/\/bio4you.eu\/retseptid\/toode\/gluteenivaba-pitsa-burrata-ja-kirsstomatitega\/#primaryimage"},"image":{"@id":"https:\/\/bio4you.eu\/retseptid\/toode\/gluteenivaba-pitsa-burrata-ja-kirsstomatitega\/#primaryimage"},"thumbnailUrl":"https:\/\/bio4you.eu\/retseptid\/wp-content\/uploads\/2025\/05\/See-suvine-pitsa-on-valmistatud-Bauckhof-gluteenivabast-pitsajahust-ja-kaetud-burrata-juustu-kirsstomatite-ning-basiilikuga.-Taiuslik-kerge-roog-mis-maitseb-koige-paremini-varskelt-ahjust-tulles.jpg","datePublished":"2025-05-04T17:08:27+00:00","dateModified":"2025-05-05T09:25:36+00:00","description":"M\u00f5nusalt \u00f5huline ja gluteenivaba pitsa, millele lisanduvad burrata juust, kirsstomatid ja v\u00e4rske basiilik. Valmib Bauckhof pitsajahu seguga \u2013 ideaalne suviseks l\u00f5unaks v\u00f5i jagamiseks.","breadcrumb":{"@id":"https:\/\/bio4you.eu\/retseptid\/toode\/gluteenivaba-pitsa-burrata-ja-kirsstomatitega\/#breadcrumb"},"inLanguage":"et","potentialAction":[{"@type":"ReadAction","target":["https:\/\/bio4you.eu\/retseptid\/toode\/gluteenivaba-pitsa-burrata-ja-kirsstomatitega\/"]}]},{"@type":"ImageObject","inLanguage":"et","@id":"https:\/\/bio4you.eu\/retseptid\/toode\/gluteenivaba-pitsa-burrata-ja-kirsstomatitega\/#primaryimage","url":"https:\/\/bio4you.eu\/retseptid\/wp-content\/uploads\/2025\/05\/See-suvine-pitsa-on-valmistatud-Bauckhof-gluteenivabast-pitsajahust-ja-kaetud-burrata-juustu-kirsstomatite-ning-basiilikuga.-Taiuslik-kerge-roog-mis-maitseb-koige-paremini-varskelt-ahjust-tulles.jpg","contentUrl":"https:\/\/bio4you.eu\/retseptid\/wp-content\/uploads\/2025\/05\/See-suvine-pitsa-on-valmistatud-Bauckhof-gluteenivabast-pitsajahust-ja-kaetud-burrata-juustu-kirsstomatite-ning-basiilikuga.-Taiuslik-kerge-roog-mis-maitseb-koige-paremini-varskelt-ahjust-tulles.jpg","width":2000,"height":2000,"caption":"Kr\u00f5beda p\u00f5hjaga gluteenivaba pitsa burrata, tomatite ja v\u00e4rske basiilikuga"},{"@type":"BreadcrumbList","@id":"https:\/\/bio4you.eu\/retseptid\/toode\/gluteenivaba-pitsa-burrata-ja-kirsstomatitega\/#breadcrumb","itemListElement":[{"@type":"ListItem","position":1,"name":"Home","item":"https:\/\/bio4you.eu\/retseptid\/"},{"@type":"ListItem","position":2,"name":"Gluteenivaba pitsa burrata ja kirsstomatitega"}]},{"@type":"WebSite","@id":"https:\/\/bio4you.eu\/retseptid\/#website","url":"https:\/\/bio4you.eu\/retseptid\/","name":"bio4you.eu\/retseptid","description":"\u00d6ko retseptid ise tegemiseks, looduslikest koostisainetest. Maitsev toit, iluhooldus, kodupuhastus ja aiandus.","potentialAction":[{"@type":"SearchAction","target":{"@type":"EntryPoint","urlTemplate":"https:\/\/bio4you.eu\/retseptid\/?s={search_term_string}"},"query-input":"required name=search_term_string"}],"inLanguage":"et"}]}},"_links":{"self":[{"href":"https:\/\/bio4you.eu\/retseptid\/wp-json\/wp\/v2\/product\/4367"}],"collection":[{"href":"https:\/\/bio4you.eu\/retseptid\/wp-json\/wp\/v2\/product"}],"about":[{"href":"https:\/\/bio4you.eu\/retseptid\/wp-json\/wp\/v2\/types\/product"}],"replies":[{"embeddable":true,"href":"https:\/\/bio4you.eu\/retseptid\/wp-json\/wp\/v2\/comments?post=4367"}],"wp:featuredmedia":[{"embeddable":true,"href":"https:\/\/bio4you.eu\/retseptid\/wp-json\/wp\/v2\/media\/4373"}],"wp:attachment":[{"href":"https:\/\/bio4you.eu\/retseptid\/wp-json\/wp\/v2\/media?parent=4367"}],"wp:term":[{"taxonomy":"product_cat","embeddable":true,"href":"https:\/\/bio4you.eu\/retseptid\/wp-json\/wp\/v2\/product_cat?post=4367"},{"taxonomy":"product_tag","embeddable":true,"href":"https:\/\/bio4you.eu\/retseptid\/wp-json\/wp\/v2\/product_tag?post=4367"}],"curies":[{"name":"wp","href":"https:\/\/api.w.org\/{rel}","templated":true}]}}