{"id":4379,"date":"2025-06-12T07:37:06","date_gmt":"2025-06-12T04:37:06","guid":{"rendered":"https:\/\/bio4you.eu\/retseptid\/?post_type=product&#038;p=4379"},"modified":"2025-05-13T22:02:00","modified_gmt":"2025-05-13T19:02:00","slug":"kookose-riisipuding-mangoga","status":"publish","type":"product","link":"https:\/\/bio4you.eu\/retseptid\/toode\/kookose-riisipuding-mangoga\/","title":{"rendered":"Kookose-riisipuding mangoga"},"content":{"rendered":"<p>Kui otsid midagi troopilist, kerget ja samas t\u00e4idlast, siis see kookose-riisipuding on just see magustoit! Sobib nii hommikueineks, vahepalaks kui jahutavaks maiuseks kuumal p\u00e4eval.<\/p>\n<p>Valmistamine:<\/p>\n<ol>\n<li>Loputa riis k\u00fclma veega ja aseta potti koos kookosjoogiga.<\/li>\n<li>Kuumuta keemiseni, alanda kuumust ja hauta kaane all aeglaselt umbes 25\u201330 minutit, kuni riis on kreemjas ja kookosjook imendunud. Sega aeg-ajalt, et v\u00e4ltida p\u00f5hja k\u00f5rvetamist.<\/li>\n<li>Kui puder on valmis, lisa magustaja (nt vahtrasiirup) ja soovi korral veidi vaniljepulbrit v\u00f5i laimimahla s\u00e4rtsuks.<\/li>\n<li>T\u00fckelda mango v\u00e4ikesteks kuubikuteks.<\/li>\n<li>Soovi korral: v\u00f5id mangot kiirelt pnnil kookos\u00f5liga hautada, et maitset s\u00fcvendada.<\/li>\n<li>Serveeri kookose-riisipuding soojalt v\u00f5i jahtunult koos mangot\u00fckkidega.<br \/>\nSoovi korral puista peale kookoshelbeid v\u00f5i m\u00fcndilehti v\u00e4rskuseks.<\/p>\n<p>Nipid:Pudingut v\u00f5ib keeta ka taimse kaerakoorega, kui soovid eriti rikkalikku tekstuuri. J\u00e4relej\u00e4\u00e4nud portsjonid sobivad ideaalselt k\u00fclmkapist kaasa-haaramiseks kiireks hommikuks.<\/li>\n<\/ol>\n","protected":false},"excerpt":{"rendered":"<p>Vaja l\u00e4heb (4 portsjonit):<\/p>\n<ul>\n<li>100 g \u00fcmerateralist terariisi &#8211; soovi korral v\u00f5ib kasutada jasmiini- v\u00f5i basmatiriisi (nt, <a href=\"https:\/\/bio4you.eu\/et\/bio-toit\/kuivained-ja-idandamine\/valge-basmati-riis-500g\">Basmati riis, valge, 500g<\/a>)<\/li>\n<li>400 ml <a href=\"https:\/\/bio4you.eu\/et\/bio-toit\/joogid-ja-joogipulbrid\/taimsed-joogid-ja-kreemid\/riisijook-kookosega-1l\">The Bridge Riisijooki kookosega<\/a><\/li>\n<li>1 spl vahtrasiirupit v\u00f5i muud looduslikku magustajat (nt, <a href=\"https:\/\/bio4you.eu\/et\/bio-toit\/biotoit-maitseained-ja-magustajad\/mesi-ja-siirupid\/vahtrasiirup-250ml\">Smart Organic Vahtrasiirup, 250ml<\/a>)<\/li>\n<li>1 k\u00fcps mango<\/li>\n<li>soovi korral veidi vaniljepulbrit v\u00f5i laimimahla)<\/li>\n<\/ul>\n","protected":false},"featured_media":4380,"comment_status":"open","ping_status":"closed","template":"","meta":{"_exactmetrics_skip_tracking":false,"_exactmetrics_sitenote_active":false,"_exactmetrics_sitenote_note":"","_exactmetrics_sitenote_category":0},"product_cat":[59,60,382,63,383,280,71],"product_tag":[561,570,410,566,423,569,567,565,568,571,540],"class_list":{"0":"post-4379","1":"product","2":"type-product","3":"status-publish","4":"has-post-thumbnail","6":"product_cat-featured","7":"product_cat-toiduretseptid","8":"product_cat-vegan-toiduretseptid","9":"product_cat-gluteenivabad-retseptid","10":"product_cat-taimetoit","11":"product_cat-koogid-ja-kupsised","12":"product_cat-riisi-ja-teraviljatoidud","13":"product_tag-gluteenivaba-magustoit","14":"product_tag-gluteenivaba-puding","15":"product_tag-hommikusook","16":"product_tag-kookose-riisipuder","17":"product_tag-magustoit","18":"product_tag-puding","19":"product_tag-riisimagustoit","20":"product_tag-riisipuder","21":"product_tag-riisipuding","22":"product_tag-suvine-magustoit","23":"product_tag-vegan-hommikusook","25":"first","26":"instock","27":"shipping-taxable","28":"product-type-simple"},"yoast_head":"<!-- This site is optimized with the Yoast SEO plugin v23.3 - https:\/\/yoast.com\/wordpress\/plugins\/seo\/ -->\n<title>Kookose-riisipuding mangoga - bio4you.eu\/retseptid<\/title>\n<meta name=\"description\" content=\"Valmista kerge ja kreemjas kookose-riisipuding mangoga \u2013 100% taimne ja gluteenivaba retsept, mis sobib nii hommikuks kui jahutavaks magustoiduks.\" \/>\n<meta name=\"robots\" content=\"index, follow, max-snippet:-1, max-image-preview:large, max-video-preview:-1\" \/>\n<link rel=\"canonical\" href=\"https:\/\/bio4you.eu\/retseptid\/toode\/kookose-riisipuding-mangoga\/\" \/>\n<meta property=\"og:locale\" content=\"et_EE\" \/>\n<meta property=\"og:type\" content=\"article\" \/>\n<meta property=\"og:title\" content=\"Kookose-riisipuding mangoga \u2013 troopiline taimne maius | Bio4You\" \/>\n<meta property=\"og:description\" content=\"Valmista kerge ja kreemjas kookose-riisipuding mangoga \u2013 100% taimne ja gluteenivaba retsept, mis sobib nii hommikuks kui jahutavaks magustoiduks.\" \/>\n<meta property=\"og:url\" content=\"https:\/\/bio4you.eu\/retseptid\/toode\/kookose-riisipuding-mangoga\/\" \/>\n<meta property=\"og:site_name\" content=\"bio4you.eu\/retseptid\" \/>\n<meta property=\"article:modified_time\" content=\"2025-05-13T19:02:00+00:00\" \/>\n<meta property=\"og:image\" content=\"https:\/\/bio4you.eu\/retseptid\/wp-content\/uploads\/2025\/05\/Screenshot-2025-05-13-at-21.36.05.png\" \/>\n\t<meta property=\"og:image:width\" content=\"1486\" \/>\n\t<meta property=\"og:image:height\" content=\"1030\" \/>\n\t<meta property=\"og:image:type\" content=\"image\/png\" \/>\n<meta name=\"twitter:label1\" content=\"Est. reading time\" \/>\n\t<meta name=\"twitter:data1\" content=\"1 minut\" \/>\n<script type=\"application\/ld+json\" class=\"yoast-schema-graph\">{\"@context\":\"https:\/\/schema.org\",\"@graph\":[{\"@type\":\"WebPage\",\"@id\":\"https:\/\/bio4you.eu\/retseptid\/toode\/kookose-riisipuding-mangoga\/\",\"url\":\"https:\/\/bio4you.eu\/retseptid\/toode\/kookose-riisipuding-mangoga\/\",\"name\":\"Kookose-riisipuding mangoga - bio4you.eu\/retseptid\",\"isPartOf\":{\"@id\":\"https:\/\/bio4you.eu\/retseptid\/#website\"},\"primaryImageOfPage\":{\"@id\":\"https:\/\/bio4you.eu\/retseptid\/toode\/kookose-riisipuding-mangoga\/#primaryimage\"},\"image\":{\"@id\":\"https:\/\/bio4you.eu\/retseptid\/toode\/kookose-riisipuding-mangoga\/#primaryimage\"},\"thumbnailUrl\":\"https:\/\/bio4you.eu\/retseptid\/wp-content\/uploads\/2025\/05\/Screenshot-2025-05-13-at-21.36.05.png\",\"datePublished\":\"2025-06-12T04:37:06+00:00\",\"dateModified\":\"2025-05-13T19:02:00+00:00\",\"description\":\"Valmista kerge ja kreemjas kookose-riisipuding mangoga \u2013 100% taimne ja gluteenivaba retsept, mis sobib nii hommikuks kui jahutavaks magustoiduks.\",\"breadcrumb\":{\"@id\":\"https:\/\/bio4you.eu\/retseptid\/toode\/kookose-riisipuding-mangoga\/#breadcrumb\"},\"inLanguage\":\"et\",\"potentialAction\":[{\"@type\":\"ReadAction\",\"target\":[\"https:\/\/bio4you.eu\/retseptid\/toode\/kookose-riisipuding-mangoga\/\"]}]},{\"@type\":\"ImageObject\",\"inLanguage\":\"et\",\"@id\":\"https:\/\/bio4you.eu\/retseptid\/toode\/kookose-riisipuding-mangoga\/#primaryimage\",\"url\":\"https:\/\/bio4you.eu\/retseptid\/wp-content\/uploads\/2025\/05\/Screenshot-2025-05-13-at-21.36.05.png\",\"contentUrl\":\"https:\/\/bio4you.eu\/retseptid\/wp-content\/uploads\/2025\/05\/Screenshot-2025-05-13-at-21.36.05.png\",\"width\":1486,\"height\":1030,\"caption\":\"Kookoseriisipuding mangoga \u2013 troopiline taimne maius\"},{\"@type\":\"BreadcrumbList\",\"@id\":\"https:\/\/bio4you.eu\/retseptid\/toode\/kookose-riisipuding-mangoga\/#breadcrumb\",\"itemListElement\":[{\"@type\":\"ListItem\",\"position\":1,\"name\":\"Home\",\"item\":\"https:\/\/bio4you.eu\/retseptid\/\"},{\"@type\":\"ListItem\",\"position\":2,\"name\":\"Kookose-riisipuding mangoga\"}]},{\"@type\":\"WebSite\",\"@id\":\"https:\/\/bio4you.eu\/retseptid\/#website\",\"url\":\"https:\/\/bio4you.eu\/retseptid\/\",\"name\":\"bio4you.eu\/retseptid\",\"description\":\"\u00d6ko retseptid ise tegemiseks, looduslikest koostisainetest. Maitsev toit, iluhooldus, kodupuhastus ja aiandus.\",\"potentialAction\":[{\"@type\":\"SearchAction\",\"target\":{\"@type\":\"EntryPoint\",\"urlTemplate\":\"https:\/\/bio4you.eu\/retseptid\/?s={search_term_string}\"},\"query-input\":\"required name=search_term_string\"}],\"inLanguage\":\"et\"}]}<\/script>\n<!-- \/ Yoast SEO plugin. -->","yoast_head_json":{"title":"Kookose-riisipuding mangoga - bio4you.eu\/retseptid","description":"Valmista kerge ja kreemjas kookose-riisipuding mangoga \u2013 100% taimne ja gluteenivaba retsept, mis sobib nii hommikuks kui jahutavaks magustoiduks.","robots":{"index":"index","follow":"follow","max-snippet":"max-snippet:-1","max-image-preview":"max-image-preview:large","max-video-preview":"max-video-preview:-1"},"canonical":"https:\/\/bio4you.eu\/retseptid\/toode\/kookose-riisipuding-mangoga\/","og_locale":"et_EE","og_type":"article","og_title":"Kookose-riisipuding mangoga \u2013 troopiline taimne maius | Bio4You","og_description":"Valmista kerge ja kreemjas kookose-riisipuding mangoga \u2013 100% taimne ja gluteenivaba retsept, mis sobib nii hommikuks kui jahutavaks magustoiduks.","og_url":"https:\/\/bio4you.eu\/retseptid\/toode\/kookose-riisipuding-mangoga\/","og_site_name":"bio4you.eu\/retseptid","article_modified_time":"2025-05-13T19:02:00+00:00","og_image":[{"width":1486,"height":1030,"url":"https:\/\/bio4you.eu\/retseptid\/wp-content\/uploads\/2025\/05\/Screenshot-2025-05-13-at-21.36.05.png","type":"image\/png"}],"twitter_misc":{"Est. reading time":"1 minut"},"schema":{"@context":"https:\/\/schema.org","@graph":[{"@type":"WebPage","@id":"https:\/\/bio4you.eu\/retseptid\/toode\/kookose-riisipuding-mangoga\/","url":"https:\/\/bio4you.eu\/retseptid\/toode\/kookose-riisipuding-mangoga\/","name":"Kookose-riisipuding mangoga - bio4you.eu\/retseptid","isPartOf":{"@id":"https:\/\/bio4you.eu\/retseptid\/#website"},"primaryImageOfPage":{"@id":"https:\/\/bio4you.eu\/retseptid\/toode\/kookose-riisipuding-mangoga\/#primaryimage"},"image":{"@id":"https:\/\/bio4you.eu\/retseptid\/toode\/kookose-riisipuding-mangoga\/#primaryimage"},"thumbnailUrl":"https:\/\/bio4you.eu\/retseptid\/wp-content\/uploads\/2025\/05\/Screenshot-2025-05-13-at-21.36.05.png","datePublished":"2025-06-12T04:37:06+00:00","dateModified":"2025-05-13T19:02:00+00:00","description":"Valmista kerge ja kreemjas kookose-riisipuding mangoga \u2013 100% taimne ja gluteenivaba retsept, mis sobib nii hommikuks kui jahutavaks magustoiduks.","breadcrumb":{"@id":"https:\/\/bio4you.eu\/retseptid\/toode\/kookose-riisipuding-mangoga\/#breadcrumb"},"inLanguage":"et","potentialAction":[{"@type":"ReadAction","target":["https:\/\/bio4you.eu\/retseptid\/toode\/kookose-riisipuding-mangoga\/"]}]},{"@type":"ImageObject","inLanguage":"et","@id":"https:\/\/bio4you.eu\/retseptid\/toode\/kookose-riisipuding-mangoga\/#primaryimage","url":"https:\/\/bio4you.eu\/retseptid\/wp-content\/uploads\/2025\/05\/Screenshot-2025-05-13-at-21.36.05.png","contentUrl":"https:\/\/bio4you.eu\/retseptid\/wp-content\/uploads\/2025\/05\/Screenshot-2025-05-13-at-21.36.05.png","width":1486,"height":1030,"caption":"Kookoseriisipuding mangoga \u2013 troopiline taimne maius"},{"@type":"BreadcrumbList","@id":"https:\/\/bio4you.eu\/retseptid\/toode\/kookose-riisipuding-mangoga\/#breadcrumb","itemListElement":[{"@type":"ListItem","position":1,"name":"Home","item":"https:\/\/bio4you.eu\/retseptid\/"},{"@type":"ListItem","position":2,"name":"Kookose-riisipuding mangoga"}]},{"@type":"WebSite","@id":"https:\/\/bio4you.eu\/retseptid\/#website","url":"https:\/\/bio4you.eu\/retseptid\/","name":"bio4you.eu\/retseptid","description":"\u00d6ko retseptid ise tegemiseks, looduslikest koostisainetest. Maitsev toit, iluhooldus, kodupuhastus ja aiandus.","potentialAction":[{"@type":"SearchAction","target":{"@type":"EntryPoint","urlTemplate":"https:\/\/bio4you.eu\/retseptid\/?s={search_term_string}"},"query-input":"required name=search_term_string"}],"inLanguage":"et"}]}},"_links":{"self":[{"href":"https:\/\/bio4you.eu\/retseptid\/wp-json\/wp\/v2\/product\/4379"}],"collection":[{"href":"https:\/\/bio4you.eu\/retseptid\/wp-json\/wp\/v2\/product"}],"about":[{"href":"https:\/\/bio4you.eu\/retseptid\/wp-json\/wp\/v2\/types\/product"}],"replies":[{"embeddable":true,"href":"https:\/\/bio4you.eu\/retseptid\/wp-json\/wp\/v2\/comments?post=4379"}],"wp:featuredmedia":[{"embeddable":true,"href":"https:\/\/bio4you.eu\/retseptid\/wp-json\/wp\/v2\/media\/4380"}],"wp:attachment":[{"href":"https:\/\/bio4you.eu\/retseptid\/wp-json\/wp\/v2\/media?parent=4379"}],"wp:term":[{"taxonomy":"product_cat","embeddable":true,"href":"https:\/\/bio4you.eu\/retseptid\/wp-json\/wp\/v2\/product_cat?post=4379"},{"taxonomy":"product_tag","embeddable":true,"href":"https:\/\/bio4you.eu\/retseptid\/wp-json\/wp\/v2\/product_tag?post=4379"}],"curies":[{"name":"wp","href":"https:\/\/api.w.org\/{rel}","templated":true}]}}