{"id":4383,"date":"2025-06-23T07:07:58","date_gmt":"2025-06-23T04:07:58","guid":{"rendered":"https:\/\/bio4you.eu\/retseptid\/?post_type=product&#038;p=4383"},"modified":"2025-05-13T22:20:05","modified_gmt":"2025-05-13T19:20:05","slug":"taimne-toorjuustukook-punasesostramoosiga","status":"publish","type":"product","link":"https:\/\/bio4you.eu\/retseptid\/toode\/taimne-toorjuustukook-punasesostramoosiga\/","title":{"rendered":"Taimne toorjuustukook punases\u00f5stramoosiga"},"content":{"rendered":"<p>Kui tahad kooki, mis n\u00e4eb v\u00e4lja nagu pidu, maitseb nagu lapsep\u00f5lv ja on seejuures t\u00e4iesti taimne \u2013 siis see toorjuustukook on t\u00e4pselt see. Hapukas punases\u00f5stramoos tasakaalustab magusust, ja kook sobib ideaalselt nii suviseks piknikuks kui n\u00e4dalavahetuse hellituseks.<\/p>\n<p>Valmistamine:<\/p>\n<ol>\n<li>P\u00f5hi: purusta k\u00fcpsised peeneks ja sega sulatatud rasvainega. Suru saadud segu 20 cm koogivormi p\u00f5hja ja \u00e4\u00e4rtesse. T\u00f5sta k\u00fclmkappi tahenema 15 minutiks.<\/li>\n<li>T\u00e4idis: sega suures kausis toorjuust, magusaine ja vanilje. Lisa taimne piim ja maisit\u00e4rklis, sega \u00fchtlaseks massiks. Vala segu k\u00fcpsisep\u00f5hjale.<\/li>\n<li>K\u00fcpseta: k\u00fcpseta 160\u00b0C juures (p\u00f6\u00f6rd\u00f5huga) umbes 45 minutit, kuni t\u00e4idis on tahenenud. Lase t\u00e4ielikult jahtuda, siis t\u00f5sta k\u00fclmkappi v\u00e4hemalt 4 tunniks v\u00f5i \u00fcle\u00f6\u00f6.<\/li>\n<li>Kate: m\u00e4\u00e4ri punases\u00f5stramoos \u00fchtlaselt jahtunud koogile. Soovi korral kaunista v\u00e4rskete marjadega.<\/li>\n<\/ol>\n<div class=\"mceTemp\"><\/div>\n<p>Nipid: Kui soovid k\u00fcpsetamata varianti, kasuta t\u00e4idises taimset \u017eelatiini (nt agar-agar) ja lase koogil lihtsalt tarduda k\u00fclmikus. Marjamoosi v\u00f5ib asendada v\u00e4rskete vaarikate, mustikate v\u00f5i tikritega \u2013 vali, mis suvehooaeg pakub!<\/p>\n","protected":false},"excerpt":{"rendered":"<p>Vaja l\u00e4heb (8 viilu):<\/p>\n<p>P\u00f5hi:<\/p>\n<ul>\n<li>300 g gluteenivabu k\u00fcpsiseid<\/li>\n<li>100 g taimset margariini v\u00f5i kookos\u00f5li, sulatatult (nt, <a href=\"https:\/\/bio4you.eu\/et\/bio-toit\/toiduolid-kastmed-ja-kreemid\/extra-virgin-kookosoli-500ml\">Maya Gold Extra virgin kookos\u00f5li, 500ml<\/a>)<\/li>\n<\/ul>\n<p>T\u00e4idis:<\/p>\n<ul>\n<li>500g taimset toorjuustu v\u00f5i vegan mascarpone\u2019t<\/li>\n<li>200g taimset magusainet v\u00f5i roosuhkrut (nt, <a href=\"https:\/\/bio4you.eu\/et\/bio-toit\/toiduvalmistamine\/maitseained-ja-magustajad\/suhkur\/orgaaniline-roosuhkur-1kg\">Fior di Loto Roosuhkur, 1kg<\/a>)<\/li>\n<li>1tl vaniljepulbrit (nt, <a href=\"https:\/\/bio4you.eu\/et\/bio-toit\/biotoit-maitseained-ja-magustajad\/bourbon-vanilje-jahvatatud-5g\">Biovegan Bourbon vanilje, jahvatatud, 5g<\/a>)<\/li>\n<li>100ml taimset piima (nt, <a href=\"https:\/\/bio4you.eu\/et\/bio-toit\/joogid-ja-joogipulbrid\/taimsed-joogid-ja-kreemid\/gluteenivaba-kaerajook-1l\">The Bridge Gluteenivaba kaerajook, 1l<\/a>)<\/li>\n<li>1spl maisit\u00e4rklist<\/li>\n<\/ul>\n<p>Kate:<\/p>\n<ul>\n<li>150g punases\u00f5stramoosi (v\u00f5i muud hapukamat marjamoosi)<\/li>\n<\/ul>\n","protected":false},"featured_media":4384,"comment_status":"open","ping_status":"closed","template":"","meta":{"_exactmetrics_skip_tracking":false,"_exactmetrics_sitenote_active":false,"_exactmetrics_sitenote_note":"","_exactmetrics_sitenote_category":0},"product_cat":[59,60,382,63,383],"product_tag":[576,426,572,423,575,573,574,577,578],"class_list":{"0":"post-4383","1":"product","2":"type-product","3":"status-publish","4":"has-post-thumbnail","6":"product_cat-featured","7":"product_cat-toiduretseptid","8":"product_cat-vegan-toiduretseptid","9":"product_cat-gluteenivabad-retseptid","10":"product_cat-taimetoit","11":"product_tag-gluteenivaba-juustukook","12":"product_tag-gluteenivaba-kook","13":"product_tag-juustukook","14":"product_tag-magustoit","15":"product_tag-punasesostra-juustukook","16":"product_tag-sostrakook","17":"product_tag-sostratort","18":"product_tag-taimne-juustukook","19":"product_tag-vegan-juustukook","21":"first","22":"instock","23":"shipping-taxable","24":"product-type-simple"},"yoast_head":"<!-- This site is optimized with the Yoast SEO plugin v23.3 - https:\/\/yoast.com\/wordpress\/plugins\/seo\/ -->\n<title>Taimne toorjuustukook punases\u00f5stramoosiga - bio4you.eu\/retseptid<\/title>\n<meta name=\"description\" content=\"K\u00fcpsetatud vegan toorjuustukook gluteenivabade k\u00fcpsiste ja hapuka punases\u00f5stramoosiga. Maitsev ja kaunis kook, mis sobib igaks s\u00fcndmuseks!\" \/>\n<meta name=\"robots\" content=\"index, follow, max-snippet:-1, max-image-preview:large, max-video-preview:-1\" \/>\n<link rel=\"canonical\" href=\"https:\/\/bio4you.eu\/retseptid\/toode\/taimne-toorjuustukook-punasesostramoosiga\/\" \/>\n<meta property=\"og:locale\" content=\"et_EE\" \/>\n<meta property=\"og:type\" content=\"article\" \/>\n<meta property=\"og:title\" content=\"Taimne toorjuustukook punases\u00f5stramoosiga \u2013 gluteenivaba vegan kook | Bio4You\" \/>\n<meta property=\"og:description\" content=\"K\u00fcpsetatud vegan toorjuustukook gluteenivabade k\u00fcpsiste ja hapuka punases\u00f5stramoosiga. Maitsev ja kaunis kook, mis sobib igaks s\u00fcndmuseks!\" \/>\n<meta property=\"og:url\" content=\"https:\/\/bio4you.eu\/retseptid\/toode\/taimne-toorjuustukook-punasesostramoosiga\/\" \/>\n<meta property=\"og:site_name\" content=\"bio4you.eu\/retseptid\" \/>\n<meta property=\"article:modified_time\" content=\"2025-05-13T19:20:05+00:00\" \/>\n<meta property=\"og:image\" content=\"https:\/\/bio4you.eu\/retseptid\/wp-content\/uploads\/2025\/05\/Screenshot-2025-05-13-at-22.06.51.png\" \/>\n\t<meta property=\"og:image:width\" content=\"1396\" \/>\n\t<meta property=\"og:image:height\" content=\"1024\" \/>\n\t<meta property=\"og:image:type\" content=\"image\/png\" \/>\n<meta name=\"twitter:label1\" content=\"Est. reading time\" \/>\n\t<meta name=\"twitter:data1\" content=\"1 minut\" \/>\n<script type=\"application\/ld+json\" class=\"yoast-schema-graph\">{\"@context\":\"https:\/\/schema.org\",\"@graph\":[{\"@type\":\"WebPage\",\"@id\":\"https:\/\/bio4you.eu\/retseptid\/toode\/taimne-toorjuustukook-punasesostramoosiga\/\",\"url\":\"https:\/\/bio4you.eu\/retseptid\/toode\/taimne-toorjuustukook-punasesostramoosiga\/\",\"name\":\"Taimne toorjuustukook punases\u00f5stramoosiga - bio4you.eu\/retseptid\",\"isPartOf\":{\"@id\":\"https:\/\/bio4you.eu\/retseptid\/#website\"},\"primaryImageOfPage\":{\"@id\":\"https:\/\/bio4you.eu\/retseptid\/toode\/taimne-toorjuustukook-punasesostramoosiga\/#primaryimage\"},\"image\":{\"@id\":\"https:\/\/bio4you.eu\/retseptid\/toode\/taimne-toorjuustukook-punasesostramoosiga\/#primaryimage\"},\"thumbnailUrl\":\"https:\/\/bio4you.eu\/retseptid\/wp-content\/uploads\/2025\/05\/Screenshot-2025-05-13-at-22.06.51.png\",\"datePublished\":\"2025-06-23T04:07:58+00:00\",\"dateModified\":\"2025-05-13T19:20:05+00:00\",\"description\":\"K\u00fcpsetatud vegan toorjuustukook gluteenivabade k\u00fcpsiste ja hapuka punases\u00f5stramoosiga. Maitsev ja kaunis kook, mis sobib igaks s\u00fcndmuseks!\",\"breadcrumb\":{\"@id\":\"https:\/\/bio4you.eu\/retseptid\/toode\/taimne-toorjuustukook-punasesostramoosiga\/#breadcrumb\"},\"inLanguage\":\"et\",\"potentialAction\":[{\"@type\":\"ReadAction\",\"target\":[\"https:\/\/bio4you.eu\/retseptid\/toode\/taimne-toorjuustukook-punasesostramoosiga\/\"]}]},{\"@type\":\"ImageObject\",\"inLanguage\":\"et\",\"@id\":\"https:\/\/bio4you.eu\/retseptid\/toode\/taimne-toorjuustukook-punasesostramoosiga\/#primaryimage\",\"url\":\"https:\/\/bio4you.eu\/retseptid\/wp-content\/uploads\/2025\/05\/Screenshot-2025-05-13-at-22.06.51.png\",\"contentUrl\":\"https:\/\/bio4you.eu\/retseptid\/wp-content\/uploads\/2025\/05\/Screenshot-2025-05-13-at-22.06.51.png\",\"width\":1396,\"height\":1024,\"caption\":\"Vegan toorjuustukook punases\u00f5stramoosiga \u2013 kreemjas ja hapukas suvekook\"},{\"@type\":\"BreadcrumbList\",\"@id\":\"https:\/\/bio4you.eu\/retseptid\/toode\/taimne-toorjuustukook-punasesostramoosiga\/#breadcrumb\",\"itemListElement\":[{\"@type\":\"ListItem\",\"position\":1,\"name\":\"Home\",\"item\":\"https:\/\/bio4you.eu\/retseptid\/\"},{\"@type\":\"ListItem\",\"position\":2,\"name\":\"Taimne toorjuustukook punases\u00f5stramoosiga\"}]},{\"@type\":\"WebSite\",\"@id\":\"https:\/\/bio4you.eu\/retseptid\/#website\",\"url\":\"https:\/\/bio4you.eu\/retseptid\/\",\"name\":\"bio4you.eu\/retseptid\",\"description\":\"\u00d6ko retseptid ise tegemiseks, looduslikest koostisainetest. Maitsev toit, iluhooldus, kodupuhastus ja aiandus.\",\"potentialAction\":[{\"@type\":\"SearchAction\",\"target\":{\"@type\":\"EntryPoint\",\"urlTemplate\":\"https:\/\/bio4you.eu\/retseptid\/?s={search_term_string}\"},\"query-input\":\"required name=search_term_string\"}],\"inLanguage\":\"et\"}]}<\/script>\n<!-- \/ Yoast SEO plugin. -->","yoast_head_json":{"title":"Taimne toorjuustukook punases\u00f5stramoosiga - bio4you.eu\/retseptid","description":"K\u00fcpsetatud vegan toorjuustukook gluteenivabade k\u00fcpsiste ja hapuka punases\u00f5stramoosiga. Maitsev ja kaunis kook, mis sobib igaks s\u00fcndmuseks!","robots":{"index":"index","follow":"follow","max-snippet":"max-snippet:-1","max-image-preview":"max-image-preview:large","max-video-preview":"max-video-preview:-1"},"canonical":"https:\/\/bio4you.eu\/retseptid\/toode\/taimne-toorjuustukook-punasesostramoosiga\/","og_locale":"et_EE","og_type":"article","og_title":"Taimne toorjuustukook punases\u00f5stramoosiga \u2013 gluteenivaba vegan kook | Bio4You","og_description":"K\u00fcpsetatud vegan toorjuustukook gluteenivabade k\u00fcpsiste ja hapuka punases\u00f5stramoosiga. Maitsev ja kaunis kook, mis sobib igaks s\u00fcndmuseks!","og_url":"https:\/\/bio4you.eu\/retseptid\/toode\/taimne-toorjuustukook-punasesostramoosiga\/","og_site_name":"bio4you.eu\/retseptid","article_modified_time":"2025-05-13T19:20:05+00:00","og_image":[{"width":1396,"height":1024,"url":"https:\/\/bio4you.eu\/retseptid\/wp-content\/uploads\/2025\/05\/Screenshot-2025-05-13-at-22.06.51.png","type":"image\/png"}],"twitter_misc":{"Est. reading time":"1 minut"},"schema":{"@context":"https:\/\/schema.org","@graph":[{"@type":"WebPage","@id":"https:\/\/bio4you.eu\/retseptid\/toode\/taimne-toorjuustukook-punasesostramoosiga\/","url":"https:\/\/bio4you.eu\/retseptid\/toode\/taimne-toorjuustukook-punasesostramoosiga\/","name":"Taimne toorjuustukook punases\u00f5stramoosiga - bio4you.eu\/retseptid","isPartOf":{"@id":"https:\/\/bio4you.eu\/retseptid\/#website"},"primaryImageOfPage":{"@id":"https:\/\/bio4you.eu\/retseptid\/toode\/taimne-toorjuustukook-punasesostramoosiga\/#primaryimage"},"image":{"@id":"https:\/\/bio4you.eu\/retseptid\/toode\/taimne-toorjuustukook-punasesostramoosiga\/#primaryimage"},"thumbnailUrl":"https:\/\/bio4you.eu\/retseptid\/wp-content\/uploads\/2025\/05\/Screenshot-2025-05-13-at-22.06.51.png","datePublished":"2025-06-23T04:07:58+00:00","dateModified":"2025-05-13T19:20:05+00:00","description":"K\u00fcpsetatud vegan toorjuustukook gluteenivabade k\u00fcpsiste ja hapuka punases\u00f5stramoosiga. Maitsev ja kaunis kook, mis sobib igaks s\u00fcndmuseks!","breadcrumb":{"@id":"https:\/\/bio4you.eu\/retseptid\/toode\/taimne-toorjuustukook-punasesostramoosiga\/#breadcrumb"},"inLanguage":"et","potentialAction":[{"@type":"ReadAction","target":["https:\/\/bio4you.eu\/retseptid\/toode\/taimne-toorjuustukook-punasesostramoosiga\/"]}]},{"@type":"ImageObject","inLanguage":"et","@id":"https:\/\/bio4you.eu\/retseptid\/toode\/taimne-toorjuustukook-punasesostramoosiga\/#primaryimage","url":"https:\/\/bio4you.eu\/retseptid\/wp-content\/uploads\/2025\/05\/Screenshot-2025-05-13-at-22.06.51.png","contentUrl":"https:\/\/bio4you.eu\/retseptid\/wp-content\/uploads\/2025\/05\/Screenshot-2025-05-13-at-22.06.51.png","width":1396,"height":1024,"caption":"Vegan toorjuustukook punases\u00f5stramoosiga \u2013 kreemjas ja hapukas suvekook"},{"@type":"BreadcrumbList","@id":"https:\/\/bio4you.eu\/retseptid\/toode\/taimne-toorjuustukook-punasesostramoosiga\/#breadcrumb","itemListElement":[{"@type":"ListItem","position":1,"name":"Home","item":"https:\/\/bio4you.eu\/retseptid\/"},{"@type":"ListItem","position":2,"name":"Taimne toorjuustukook punases\u00f5stramoosiga"}]},{"@type":"WebSite","@id":"https:\/\/bio4you.eu\/retseptid\/#website","url":"https:\/\/bio4you.eu\/retseptid\/","name":"bio4you.eu\/retseptid","description":"\u00d6ko retseptid ise tegemiseks, looduslikest koostisainetest. Maitsev toit, iluhooldus, kodupuhastus ja aiandus.","potentialAction":[{"@type":"SearchAction","target":{"@type":"EntryPoint","urlTemplate":"https:\/\/bio4you.eu\/retseptid\/?s={search_term_string}"},"query-input":"required name=search_term_string"}],"inLanguage":"et"}]}},"_links":{"self":[{"href":"https:\/\/bio4you.eu\/retseptid\/wp-json\/wp\/v2\/product\/4383"}],"collection":[{"href":"https:\/\/bio4you.eu\/retseptid\/wp-json\/wp\/v2\/product"}],"about":[{"href":"https:\/\/bio4you.eu\/retseptid\/wp-json\/wp\/v2\/types\/product"}],"replies":[{"embeddable":true,"href":"https:\/\/bio4you.eu\/retseptid\/wp-json\/wp\/v2\/comments?post=4383"}],"wp:featuredmedia":[{"embeddable":true,"href":"https:\/\/bio4you.eu\/retseptid\/wp-json\/wp\/v2\/media\/4384"}],"wp:attachment":[{"href":"https:\/\/bio4you.eu\/retseptid\/wp-json\/wp\/v2\/media?parent=4383"}],"wp:term":[{"taxonomy":"product_cat","embeddable":true,"href":"https:\/\/bio4you.eu\/retseptid\/wp-json\/wp\/v2\/product_cat?post=4383"},{"taxonomy":"product_tag","embeddable":true,"href":"https:\/\/bio4you.eu\/retseptid\/wp-json\/wp\/v2\/product_tag?post=4383"}],"curies":[{"name":"wp","href":"https:\/\/api.w.org\/{rel}","templated":true}]}}