{"id":4394,"date":"2025-07-06T08:13:32","date_gmt":"2025-07-06T05:13:32","guid":{"rendered":"https:\/\/bio4you.eu\/retseptid\/?post_type=product&#038;p=4394"},"modified":"2025-05-30T18:20:45","modified_gmt":"2025-05-30T15:20:45","slug":"vegan-risoto-shiitake-seente-ja-mandlivoikreemiga","status":"publish","type":"product","link":"https:\/\/bio4you.eu\/retseptid\/toode\/vegan-risoto-shiitake-seente-ja-mandlivoikreemiga\/","title":{"rendered":"Vegan risoto shiitake seente ja mandliv\u00f5ikreemiga"},"content":{"rendered":"<p>Valmistamine:<\/p>\n<ol>\n<li>Valmista puljong: lahusta k\u00f6\u00f6giviljapuljongi pulber keeva veega ja hoia soojas.<\/li>\n<li>Kuumuta pannil veidi oliivi\u00f5li, lisa riis ja kuumuta segades paar minutit, kuni riis muutub kergelt l\u00e4bipaistvaks.<\/li>\n<li>Lisa riisile piisavalt puljongit, et see oleks kaetud. Keeda keskmisel kuumusel, aeg-ajalt segades.<\/li>\n<li>Samal ajal leota kuivatatud shiitake seeni soojas vees umbes 10 minutit, seej\u00e4rel n\u00f5ruta ja viiluta.<\/li>\n<li>Kuumuta teisel pannil veidi oliivi\u00f5li, lisa hakitud k\u00fc\u00fcslauk ja viilutatud seened. Prae kuni seened on pehmed ja kergelt pruunistunud.<\/li>\n<li>Kui riis on pooleldi valmis, lisa praetud seened risotole. J\u00e4tka puljongi lisamist ja segamist, kuni riis on al dente.<\/li>\n<li>Eemalda pann tulelt, lisa mandliv\u00f5i ja hakitud petersell. Sega hoolikalt l\u00e4bi, kuni risoto on kreemjas.<\/li>\n<li>Serveeri kohe, soovi korral kaunista t\u00e4iendava peterselliga.<\/li>\n<\/ol>\n<p>Nipp: Mandliv\u00f5i lisamine l\u00f5pus annab risotole rikkaliku ja kreemja tekstuuri ilma piimatoodeteta \u2013 ideaalne vegan alternatiiv traditsioonilisele v\u00f5ile.<\/p>\n","protected":false},"excerpt":{"rendered":"<p><span style=\"font-weight: 400;\">Vaja l\u00e4heb:<\/span><\/p>\n<ul>\n<li><span style=\"font-weight: 400;\">160g risotoriisi v\u00f5i basmati riisi (nt, <\/span><a href=\"https:\/\/bio4you.eu\/et\/bio-toit\/kuivained-ja-idandamine\/tatar-riis-mais-kruubid\/basmati-riis-taeistera-500g\"><span style=\"font-weight: 400;\">Fior di Loto Basmati riis, t\u00e4istera, 500g<\/span><\/a><span style=\"font-weight: 400;\">)<\/span><\/li>\n<li><span style=\"font-weight: 400;\">130g kuivatatud shiitake seeni<\/span><\/li>\n<li><span style=\"font-weight: 400;\">1 k\u00fc\u00fcslauguk\u00fc\u00fcs<\/span><\/li>\n<li><span style=\"font-weight: 400;\">1 liiter vett<\/span><\/li>\n<li><span style=\"font-weight: 400;\">20g k\u00f6\u00f6giviljapuljongi pulbrit (nt, <a href=\"https:\/\/bio4you.eu\/et\/bio-toit\/biotoit-maitseained-ja-magustajad\/puljongipulber-paermita-210g\">Baule Volante Puljongipulber p\u00e4rmita, 210g<\/a>)<\/span><\/li>\n<li><span style=\"font-weight: 400;\">1sl <a href=\"https:\/\/bio4you.eu\/et\/bio-toit\/toiduolid-kastmed-ja-kreemid\/paehklikreemid-ja-voided\/mandlivoie-valge-200g\">Fior di Loto Mandliv\u00f5id, valget<\/a><\/span><\/li>\n<li><span style=\"font-weight: 400;\">Extra virgin oliivi\u00f5li (nt, <a href=\"https:\/\/bio4you.eu\/et\/bio-toit\/toiduolid-kastmed-ja-kreemid\/ekstra-vaeaerisoliivioli-250ml\">Olio Corvino Ekstra v\u00e4\u00e4risoliivi\u00f5li, 250ml<\/a>)<\/span><\/li>\n<li><span style=\"font-weight: 400;\">Atlandi meresool<\/span><\/li>\n<li><span style=\"font-weight: 400;\">V\u00e4rske petersell<\/span><\/li>\n<\/ul>\n","protected":false},"featured_media":4395,"comment_status":"open","ping_status":"closed","template":"","meta":{"_exactmetrics_skip_tracking":false,"_exactmetrics_sitenote_active":false,"_exactmetrics_sitenote_note":"","_exactmetrics_sitenote_category":0},"product_cat":[59,60,382,63,383,71],"product_tag":[601,600,596,594,597,599,581,595,598],"class_list":{"0":"post-4394","1":"product","2":"type-product","3":"status-publish","4":"has-post-thumbnail","6":"product_cat-featured","7":"product_cat-toiduretseptid","8":"product_cat-vegan-toiduretseptid","9":"product_cat-gluteenivabad-retseptid","10":"product_cat-taimetoit","11":"product_cat-riisi-ja-teraviljatoidud","12":"product_tag-gluteenivaba-lounasook","13":"product_tag-gluteenivaba-ohtusool","14":"product_tag-gluteenivaba-risoto","15":"product_tag-risoto","16":"product_tag-seenerisoto","17":"product_tag-vegan-louna","18":"product_tag-vegan-ohtusook","19":"product_tag-vegan-risoto","20":"product_tag-vegan-seenerisoto","22":"first","23":"instock","24":"shipping-taxable","25":"product-type-simple"},"yoast_head":"<!-- This site is optimized with the Yoast SEO plugin v23.3 - https:\/\/yoast.com\/wordpress\/plugins\/seo\/ -->\n<title>Vegan risoto shiitake seente ja mandliv\u00f5ikreemiga - bio4you.eu\/retseptid<\/title>\n<meta name=\"description\" content=\"Kreemjas vegan risoto shiitake seente ja valge mandliv\u00f5iga \u2013 maitsek\u00fcllane taimne roog ilma piimatoodeteta. Lihtne valmistada, ideaalne nii argip\u00e4eva\u00f5htuks kui eriliseks s\u00fcndmuseks.\" \/>\n<meta name=\"robots\" content=\"index, follow, max-snippet:-1, max-image-preview:large, max-video-preview:-1\" \/>\n<link rel=\"canonical\" href=\"https:\/\/bio4you.eu\/retseptid\/toode\/vegan-risoto-shiitake-seente-ja-mandlivoikreemiga\/\" \/>\n<meta property=\"og:locale\" content=\"et_EE\" \/>\n<meta property=\"og:type\" content=\"article\" \/>\n<meta property=\"og:title\" content=\"Vegan risoto shiitake seente ja mandliv\u00f5ikreemiga \u2013 rikkalik ja lohutav taimne roog\" \/>\n<meta property=\"og:description\" content=\"See kreemjas risoto \u00fchendab shiitake seente s\u00fcgava maitse ja mandliv\u00f5i \u00f5rna tekstuuri. 100% taimne, piimavaba ja lihtsalt valmistatav \u2013 ideaalne k\u00f5igile, kes hindavad tervislikku ja maitsek\u00fcllast toitu.\" \/>\n<meta property=\"og:url\" content=\"https:\/\/bio4you.eu\/retseptid\/toode\/vegan-risoto-shiitake-seente-ja-mandlivoikreemiga\/\" \/>\n<meta property=\"og:site_name\" content=\"bio4you.eu\/retseptid\" \/>\n<meta property=\"article:modified_time\" content=\"2025-05-30T15:20:45+00:00\" \/>\n<meta property=\"og:image\" content=\"https:\/\/bio4you.eu\/retseptid\/wp-content\/uploads\/2025\/05\/Screenshot-2025-05-30-at-18.10.33.png\" \/>\n\t<meta property=\"og:image:width\" content=\"790\" \/>\n\t<meta property=\"og:image:height\" content=\"546\" \/>\n\t<meta property=\"og:image:type\" content=\"image\/png\" \/>\n<meta name=\"twitter:label1\" content=\"Est. reading time\" \/>\n\t<meta name=\"twitter:data1\" content=\"1 minut\" \/>\n<script type=\"application\/ld+json\" class=\"yoast-schema-graph\">{\"@context\":\"https:\/\/schema.org\",\"@graph\":[{\"@type\":\"WebPage\",\"@id\":\"https:\/\/bio4you.eu\/retseptid\/toode\/vegan-risoto-shiitake-seente-ja-mandlivoikreemiga\/\",\"url\":\"https:\/\/bio4you.eu\/retseptid\/toode\/vegan-risoto-shiitake-seente-ja-mandlivoikreemiga\/\",\"name\":\"Vegan risoto shiitake seente ja mandliv\u00f5ikreemiga - bio4you.eu\/retseptid\",\"isPartOf\":{\"@id\":\"https:\/\/bio4you.eu\/retseptid\/#website\"},\"primaryImageOfPage\":{\"@id\":\"https:\/\/bio4you.eu\/retseptid\/toode\/vegan-risoto-shiitake-seente-ja-mandlivoikreemiga\/#primaryimage\"},\"image\":{\"@id\":\"https:\/\/bio4you.eu\/retseptid\/toode\/vegan-risoto-shiitake-seente-ja-mandlivoikreemiga\/#primaryimage\"},\"thumbnailUrl\":\"https:\/\/bio4you.eu\/retseptid\/wp-content\/uploads\/2025\/05\/Screenshot-2025-05-30-at-18.10.33.png\",\"datePublished\":\"2025-07-06T05:13:32+00:00\",\"dateModified\":\"2025-05-30T15:20:45+00:00\",\"description\":\"Kreemjas vegan risoto shiitake seente ja valge mandliv\u00f5iga \u2013 maitsek\u00fcllane taimne roog ilma piimatoodeteta. Lihtne valmistada, ideaalne nii argip\u00e4eva\u00f5htuks kui eriliseks s\u00fcndmuseks.\",\"breadcrumb\":{\"@id\":\"https:\/\/bio4you.eu\/retseptid\/toode\/vegan-risoto-shiitake-seente-ja-mandlivoikreemiga\/#breadcrumb\"},\"inLanguage\":\"et\",\"potentialAction\":[{\"@type\":\"ReadAction\",\"target\":[\"https:\/\/bio4you.eu\/retseptid\/toode\/vegan-risoto-shiitake-seente-ja-mandlivoikreemiga\/\"]}]},{\"@type\":\"ImageObject\",\"inLanguage\":\"et\",\"@id\":\"https:\/\/bio4you.eu\/retseptid\/toode\/vegan-risoto-shiitake-seente-ja-mandlivoikreemiga\/#primaryimage\",\"url\":\"https:\/\/bio4you.eu\/retseptid\/wp-content\/uploads\/2025\/05\/Screenshot-2025-05-30-at-18.10.33.png\",\"contentUrl\":\"https:\/\/bio4you.eu\/retseptid\/wp-content\/uploads\/2025\/05\/Screenshot-2025-05-30-at-18.10.33.png\",\"width\":790,\"height\":546,\"caption\":\"Maitsek\u00fcllane ja kosutav taimne roog \u2013 risoto seente ja mandliv\u00f5iga\"},{\"@type\":\"BreadcrumbList\",\"@id\":\"https:\/\/bio4you.eu\/retseptid\/toode\/vegan-risoto-shiitake-seente-ja-mandlivoikreemiga\/#breadcrumb\",\"itemListElement\":[{\"@type\":\"ListItem\",\"position\":1,\"name\":\"Home\",\"item\":\"https:\/\/bio4you.eu\/retseptid\/\"},{\"@type\":\"ListItem\",\"position\":2,\"name\":\"Vegan risoto shiitake seente ja mandliv\u00f5ikreemiga\"}]},{\"@type\":\"WebSite\",\"@id\":\"https:\/\/bio4you.eu\/retseptid\/#website\",\"url\":\"https:\/\/bio4you.eu\/retseptid\/\",\"name\":\"bio4you.eu\/retseptid\",\"description\":\"\u00d6ko retseptid ise tegemiseks, looduslikest koostisainetest. Maitsev toit, iluhooldus, kodupuhastus ja aiandus.\",\"potentialAction\":[{\"@type\":\"SearchAction\",\"target\":{\"@type\":\"EntryPoint\",\"urlTemplate\":\"https:\/\/bio4you.eu\/retseptid\/?s={search_term_string}\"},\"query-input\":\"required name=search_term_string\"}],\"inLanguage\":\"et\"}]}<\/script>\n<!-- \/ Yoast SEO plugin. -->","yoast_head_json":{"title":"Vegan risoto shiitake seente ja mandliv\u00f5ikreemiga - bio4you.eu\/retseptid","description":"Kreemjas vegan risoto shiitake seente ja valge mandliv\u00f5iga \u2013 maitsek\u00fcllane taimne roog ilma piimatoodeteta. Lihtne valmistada, ideaalne nii argip\u00e4eva\u00f5htuks kui eriliseks s\u00fcndmuseks.","robots":{"index":"index","follow":"follow","max-snippet":"max-snippet:-1","max-image-preview":"max-image-preview:large","max-video-preview":"max-video-preview:-1"},"canonical":"https:\/\/bio4you.eu\/retseptid\/toode\/vegan-risoto-shiitake-seente-ja-mandlivoikreemiga\/","og_locale":"et_EE","og_type":"article","og_title":"Vegan risoto shiitake seente ja mandliv\u00f5ikreemiga \u2013 rikkalik ja lohutav taimne roog","og_description":"See kreemjas risoto \u00fchendab shiitake seente s\u00fcgava maitse ja mandliv\u00f5i \u00f5rna tekstuuri. 100% taimne, piimavaba ja lihtsalt valmistatav \u2013 ideaalne k\u00f5igile, kes hindavad tervislikku ja maitsek\u00fcllast toitu.","og_url":"https:\/\/bio4you.eu\/retseptid\/toode\/vegan-risoto-shiitake-seente-ja-mandlivoikreemiga\/","og_site_name":"bio4you.eu\/retseptid","article_modified_time":"2025-05-30T15:20:45+00:00","og_image":[{"width":790,"height":546,"url":"https:\/\/bio4you.eu\/retseptid\/wp-content\/uploads\/2025\/05\/Screenshot-2025-05-30-at-18.10.33.png","type":"image\/png"}],"twitter_misc":{"Est. reading time":"1 minut"},"schema":{"@context":"https:\/\/schema.org","@graph":[{"@type":"WebPage","@id":"https:\/\/bio4you.eu\/retseptid\/toode\/vegan-risoto-shiitake-seente-ja-mandlivoikreemiga\/","url":"https:\/\/bio4you.eu\/retseptid\/toode\/vegan-risoto-shiitake-seente-ja-mandlivoikreemiga\/","name":"Vegan risoto shiitake seente ja mandliv\u00f5ikreemiga - bio4you.eu\/retseptid","isPartOf":{"@id":"https:\/\/bio4you.eu\/retseptid\/#website"},"primaryImageOfPage":{"@id":"https:\/\/bio4you.eu\/retseptid\/toode\/vegan-risoto-shiitake-seente-ja-mandlivoikreemiga\/#primaryimage"},"image":{"@id":"https:\/\/bio4you.eu\/retseptid\/toode\/vegan-risoto-shiitake-seente-ja-mandlivoikreemiga\/#primaryimage"},"thumbnailUrl":"https:\/\/bio4you.eu\/retseptid\/wp-content\/uploads\/2025\/05\/Screenshot-2025-05-30-at-18.10.33.png","datePublished":"2025-07-06T05:13:32+00:00","dateModified":"2025-05-30T15:20:45+00:00","description":"Kreemjas vegan risoto shiitake seente ja valge mandliv\u00f5iga \u2013 maitsek\u00fcllane taimne roog ilma piimatoodeteta. Lihtne valmistada, ideaalne nii argip\u00e4eva\u00f5htuks kui eriliseks s\u00fcndmuseks.","breadcrumb":{"@id":"https:\/\/bio4you.eu\/retseptid\/toode\/vegan-risoto-shiitake-seente-ja-mandlivoikreemiga\/#breadcrumb"},"inLanguage":"et","potentialAction":[{"@type":"ReadAction","target":["https:\/\/bio4you.eu\/retseptid\/toode\/vegan-risoto-shiitake-seente-ja-mandlivoikreemiga\/"]}]},{"@type":"ImageObject","inLanguage":"et","@id":"https:\/\/bio4you.eu\/retseptid\/toode\/vegan-risoto-shiitake-seente-ja-mandlivoikreemiga\/#primaryimage","url":"https:\/\/bio4you.eu\/retseptid\/wp-content\/uploads\/2025\/05\/Screenshot-2025-05-30-at-18.10.33.png","contentUrl":"https:\/\/bio4you.eu\/retseptid\/wp-content\/uploads\/2025\/05\/Screenshot-2025-05-30-at-18.10.33.png","width":790,"height":546,"caption":"Maitsek\u00fcllane ja kosutav taimne roog \u2013 risoto seente ja mandliv\u00f5iga"},{"@type":"BreadcrumbList","@id":"https:\/\/bio4you.eu\/retseptid\/toode\/vegan-risoto-shiitake-seente-ja-mandlivoikreemiga\/#breadcrumb","itemListElement":[{"@type":"ListItem","position":1,"name":"Home","item":"https:\/\/bio4you.eu\/retseptid\/"},{"@type":"ListItem","position":2,"name":"Vegan risoto shiitake seente ja mandliv\u00f5ikreemiga"}]},{"@type":"WebSite","@id":"https:\/\/bio4you.eu\/retseptid\/#website","url":"https:\/\/bio4you.eu\/retseptid\/","name":"bio4you.eu\/retseptid","description":"\u00d6ko retseptid ise tegemiseks, looduslikest koostisainetest. Maitsev toit, iluhooldus, kodupuhastus ja aiandus.","potentialAction":[{"@type":"SearchAction","target":{"@type":"EntryPoint","urlTemplate":"https:\/\/bio4you.eu\/retseptid\/?s={search_term_string}"},"query-input":"required name=search_term_string"}],"inLanguage":"et"}]}},"_links":{"self":[{"href":"https:\/\/bio4you.eu\/retseptid\/wp-json\/wp\/v2\/product\/4394"}],"collection":[{"href":"https:\/\/bio4you.eu\/retseptid\/wp-json\/wp\/v2\/product"}],"about":[{"href":"https:\/\/bio4you.eu\/retseptid\/wp-json\/wp\/v2\/types\/product"}],"replies":[{"embeddable":true,"href":"https:\/\/bio4you.eu\/retseptid\/wp-json\/wp\/v2\/comments?post=4394"}],"wp:featuredmedia":[{"embeddable":true,"href":"https:\/\/bio4you.eu\/retseptid\/wp-json\/wp\/v2\/media\/4395"}],"wp:attachment":[{"href":"https:\/\/bio4you.eu\/retseptid\/wp-json\/wp\/v2\/media?parent=4394"}],"wp:term":[{"taxonomy":"product_cat","embeddable":true,"href":"https:\/\/bio4you.eu\/retseptid\/wp-json\/wp\/v2\/product_cat?post=4394"},{"taxonomy":"product_tag","embeddable":true,"href":"https:\/\/bio4you.eu\/retseptid\/wp-json\/wp\/v2\/product_tag?post=4394"}],"curies":[{"name":"wp","href":"https:\/\/api.w.org\/{rel}","templated":true}]}}