{"id":4420,"date":"2025-08-14T08:00:07","date_gmt":"2025-08-14T05:00:07","guid":{"rendered":"https:\/\/bio4you.eu\/retseptid\/?post_type=product&#038;p=4420"},"modified":"2025-07-07T20:09:00","modified_gmt":"2025-07-07T17:09:00","slug":"gluteenivaba-pannkoogitort-passionivilja-ja-poldmarjadega","status":"publish","type":"product","link":"https:\/\/bio4you.eu\/retseptid\/toode\/gluteenivaba-pannkoogitort-passionivilja-ja-poldmarjadega\/","title":{"rendered":"Gluteenivaba pannkoogitort passionivilja ja p\u00f5ldmarjadega"},"content":{"rendered":"<p data-start=\"525\" data-end=\"538\">Valmistamine:<\/p>\n<ol data-start=\"540\" data-end=\"1195\">\n<li data-start=\"540\" data-end=\"596\">\n<p data-start=\"543\" data-end=\"596\">Klopi pannkoogisegu, munad ja piim \u00fchtlaseks tainaks.<\/p>\n<\/li>\n<li data-start=\"597\" data-end=\"742\">\n<p data-start=\"600\" data-end=\"742\">K\u00fcpseta taignast pannil keskmisel kuumusel kuldpruunid pannkoogid, kasutades vajadusel natuke rasvainet. Lase pannkookidel t\u00e4ielikult jahtuda.<\/p>\n<\/li>\n<li data-start=\"743\" data-end=\"889\">\n<p data-start=\"746\" data-end=\"889\">Sega toorjuust, tuhksuhkur ja sidrunikoor \u00fchtlaseks kreemiks. Vahusta eraldi anumas koor tugevaks vahuks ja sega \u00f5rnalt toorjuustukreemi hulka.<\/p>\n<\/li>\n<li data-start=\"890\" data-end=\"1062\">\n<p data-start=\"893\" data-end=\"1062\">M\u00e4\u00e4ri toorjuustukreem k\u00f5igile pannkookidele. Kraabi lusikaga passionivilja sisu v\u00e4lja ja laota kreemile. Soojenda kergelt p\u00f5ldmarjamoos ning nirista see samuti kreemile.<\/p>\n<\/li>\n<li data-start=\"1063\" data-end=\"1195\">\n<p data-start=\"1066\" data-end=\"1195\">Lao pannkoogid \u00fcksteise peale tordiks. Kaunista pealt v\u00e4rskete p\u00f5ldmarjadega. Lase tordil v\u00e4hemalt 2 tundi k\u00fclmkapis maitsestuda.<\/p>\n<\/li>\n<\/ol>\n<p data-start=\"1197\" data-end=\"1273\">Nipp:<br data-start=\"1206\" data-end=\"1209\" \/>Kaunista tort v\u00e4rskete m\u00fcndilehtedega &#8211; eriti pidulik ja v\u00e4rske!<\/p>\n","protected":false},"excerpt":{"rendered":"<p data-start=\"174\" data-end=\"185\">Vaja l\u00e4heb:<\/p>\n<p data-start=\"187\" data-end=\"340\">Pannkookide jaoks:<\/p>\n<ul>\n<li data-start=\"187\" data-end=\"340\">1 pakk <a href=\"https:\/\/bio4you.eu\/et\/bio-toit\/kuivained-ja-idandamine\/gluteenivaba-vahvli-ja-pannkoogijahu-200g\">Bauck M\u00fchle gluteenivaba vahvlite &amp; pannkookide segu<\/a><\/li>\n<li data-start=\"187\" data-end=\"340\">3 muna<\/li>\n<li data-start=\"187\" data-end=\"340\">300ml piima<\/li>\n<li data-start=\"187\" data-end=\"340\">1sl suhkrut<\/li>\n<li data-start=\"187\" data-end=\"340\">Veidi rasvainet k\u00fcpsetamiseks<\/li>\n<\/ul>\n<p data-start=\"342\" data-end=\"444\">T\u00e4idise jaoks:<\/p>\n<ul>\n<li data-start=\"342\" data-end=\"444\">200ml vahukoort<\/li>\n<li data-start=\"342\" data-end=\"444\">250g toorjuustu<\/li>\n<li data-start=\"342\" data-end=\"444\">60g tuhksuhkrut<\/li>\n<li data-start=\"342\" data-end=\"444\">1tl riivitud sidrunikoort<\/li>\n<\/ul>\n<p data-start=\"446\" data-end=\"523\">Katteks:<\/p>\n<ul>\n<li data-start=\"446\" data-end=\"523\">2 passionivilja<\/li>\n<li data-start=\"446\" data-end=\"523\">3sl p\u00f5ldmarjamoosi<\/li>\n<li data-start=\"446\" data-end=\"523\">100g v\u00e4rskeid p\u00f5ldmarju<\/li>\n<\/ul>\n","protected":false},"featured_media":4421,"comment_status":"open","ping_status":"closed","template":"","meta":{"_exactmetrics_skip_tracking":false,"_exactmetrics_sitenote_active":false,"_exactmetrics_sitenote_note":"","_exactmetrics_sitenote_category":0},"product_cat":[59,60,63,280],"product_tag":[662,561,658,665,663,659,664,660,571,661],"class_list":{"0":"post-4420","1":"product","2":"type-product","3":"status-publish","4":"has-post-thumbnail","6":"product_cat-featured","7":"product_cat-toiduretseptid","8":"product_cat-gluteenivabad-retseptid","9":"product_cat-koogid-ja-kupsised","10":"product_tag-bauck-muhle-retsept","11":"product_tag-gluteenivaba-magustoit","12":"product_tag-gluteenivaba-pannkoogitort","13":"product_tag-gluteenivaba-tort","14":"product_tag-lihtne-tort","15":"product_tag-passionivili","16":"product_tag-pidulik-kook","17":"product_tag-poldmarjatort","18":"product_tag-suvine-magustoit","19":"product_tag-vahvlitort","21":"first","22":"instock","23":"shipping-taxable","24":"product-type-simple"},"yoast_head":"<!-- This site is optimized with the Yoast SEO plugin v23.3 - https:\/\/yoast.com\/wordpress\/plugins\/seo\/ -->\n<title>Gluteenivaba pannkoogitort passionivilja ja p\u00f5ldmarjadega - bio4you.eu\/retseptid<\/title>\n<meta name=\"description\" content=\"Gluteenivaba pannkoogitort passionivilja ja p\u00f5ldmarjadega \u2013 kerge, suvine ja pidulik magustoit, mis maitseb k\u00f5igile.\" \/>\n<meta name=\"robots\" content=\"index, follow, max-snippet:-1, max-image-preview:large, max-video-preview:-1\" \/>\n<link rel=\"canonical\" href=\"https:\/\/bio4you.eu\/retseptid\/toode\/gluteenivaba-pannkoogitort-passionivilja-ja-poldmarjadega\/\" \/>\n<meta property=\"og:locale\" content=\"et_EE\" \/>\n<meta property=\"og:type\" content=\"article\" \/>\n<meta property=\"og:title\" content=\"Gluteenivaba pannkoogitort passionivilja ja p\u00f5ldmarjadega \u2013 suvine magus elamus\" \/>\n<meta property=\"og:description\" content=\"\u00d5huline pannkoogitort, mille vahele j\u00e4\u00e4vad kreemjas toorjuust, mahlane passionivili ja p\u00f5ldmarjad. Proovi gluteenivaba magusat torti, mis on imeline igal peolaual!\" \/>\n<meta property=\"og:url\" content=\"https:\/\/bio4you.eu\/retseptid\/toode\/gluteenivaba-pannkoogitort-passionivilja-ja-poldmarjadega\/\" \/>\n<meta property=\"og:site_name\" content=\"bio4you.eu\/retseptid\" \/>\n<meta property=\"article:modified_time\" content=\"2025-07-07T17:09:00+00:00\" \/>\n<meta property=\"og:image\" content=\"https:\/\/bio4you.eu\/retseptid\/wp-content\/uploads\/2025\/07\/Screenshot-2025-07-07-at-20.07.28.png\" \/>\n\t<meta property=\"og:image:width\" content=\"1080\" \/>\n\t<meta property=\"og:image:height\" content=\"726\" \/>\n\t<meta property=\"og:image:type\" content=\"image\/png\" \/>\n<meta name=\"twitter:label1\" content=\"Est. reading time\" \/>\n\t<meta name=\"twitter:data1\" content=\"1 minut\" \/>\n<script type=\"application\/ld+json\" class=\"yoast-schema-graph\">{\"@context\":\"https:\/\/schema.org\",\"@graph\":[{\"@type\":\"WebPage\",\"@id\":\"https:\/\/bio4you.eu\/retseptid\/toode\/gluteenivaba-pannkoogitort-passionivilja-ja-poldmarjadega\/\",\"url\":\"https:\/\/bio4you.eu\/retseptid\/toode\/gluteenivaba-pannkoogitort-passionivilja-ja-poldmarjadega\/\",\"name\":\"Gluteenivaba pannkoogitort passionivilja ja p\u00f5ldmarjadega - bio4you.eu\/retseptid\",\"isPartOf\":{\"@id\":\"https:\/\/bio4you.eu\/retseptid\/#website\"},\"primaryImageOfPage\":{\"@id\":\"https:\/\/bio4you.eu\/retseptid\/toode\/gluteenivaba-pannkoogitort-passionivilja-ja-poldmarjadega\/#primaryimage\"},\"image\":{\"@id\":\"https:\/\/bio4you.eu\/retseptid\/toode\/gluteenivaba-pannkoogitort-passionivilja-ja-poldmarjadega\/#primaryimage\"},\"thumbnailUrl\":\"https:\/\/bio4you.eu\/retseptid\/wp-content\/uploads\/2025\/07\/Screenshot-2025-07-07-at-20.07.28.png\",\"datePublished\":\"2025-08-14T05:00:07+00:00\",\"dateModified\":\"2025-07-07T17:09:00+00:00\",\"description\":\"Gluteenivaba pannkoogitort passionivilja ja p\u00f5ldmarjadega \u2013 kerge, suvine ja pidulik magustoit, mis maitseb k\u00f5igile.\",\"breadcrumb\":{\"@id\":\"https:\/\/bio4you.eu\/retseptid\/toode\/gluteenivaba-pannkoogitort-passionivilja-ja-poldmarjadega\/#breadcrumb\"},\"inLanguage\":\"et\",\"potentialAction\":[{\"@type\":\"ReadAction\",\"target\":[\"https:\/\/bio4you.eu\/retseptid\/toode\/gluteenivaba-pannkoogitort-passionivilja-ja-poldmarjadega\/\"]}]},{\"@type\":\"ImageObject\",\"inLanguage\":\"et\",\"@id\":\"https:\/\/bio4you.eu\/retseptid\/toode\/gluteenivaba-pannkoogitort-passionivilja-ja-poldmarjadega\/#primaryimage\",\"url\":\"https:\/\/bio4you.eu\/retseptid\/wp-content\/uploads\/2025\/07\/Screenshot-2025-07-07-at-20.07.28.png\",\"contentUrl\":\"https:\/\/bio4you.eu\/retseptid\/wp-content\/uploads\/2025\/07\/Screenshot-2025-07-07-at-20.07.28.png\",\"width\":1080,\"height\":726,\"caption\":\"\u00d5huline pannkoogitort v\u00e4rskete p\u00f5ldmarjade, passionivilja ja kreemja toorjuustukreemiga \u2013 imeline suvine maius!\"},{\"@type\":\"BreadcrumbList\",\"@id\":\"https:\/\/bio4you.eu\/retseptid\/toode\/gluteenivaba-pannkoogitort-passionivilja-ja-poldmarjadega\/#breadcrumb\",\"itemListElement\":[{\"@type\":\"ListItem\",\"position\":1,\"name\":\"Home\",\"item\":\"https:\/\/bio4you.eu\/retseptid\/\"},{\"@type\":\"ListItem\",\"position\":2,\"name\":\"Gluteenivaba pannkoogitort passionivilja ja p\u00f5ldmarjadega\"}]},{\"@type\":\"WebSite\",\"@id\":\"https:\/\/bio4you.eu\/retseptid\/#website\",\"url\":\"https:\/\/bio4you.eu\/retseptid\/\",\"name\":\"bio4you.eu\/retseptid\",\"description\":\"\u00d6ko retseptid ise tegemiseks, looduslikest koostisainetest. Maitsev toit, iluhooldus, kodupuhastus ja aiandus.\",\"potentialAction\":[{\"@type\":\"SearchAction\",\"target\":{\"@type\":\"EntryPoint\",\"urlTemplate\":\"https:\/\/bio4you.eu\/retseptid\/?s={search_term_string}\"},\"query-input\":\"required name=search_term_string\"}],\"inLanguage\":\"et\"}]}<\/script>\n<!-- \/ Yoast SEO plugin. -->","yoast_head_json":{"title":"Gluteenivaba pannkoogitort passionivilja ja p\u00f5ldmarjadega - bio4you.eu\/retseptid","description":"Gluteenivaba pannkoogitort passionivilja ja p\u00f5ldmarjadega \u2013 kerge, suvine ja pidulik magustoit, mis maitseb k\u00f5igile.","robots":{"index":"index","follow":"follow","max-snippet":"max-snippet:-1","max-image-preview":"max-image-preview:large","max-video-preview":"max-video-preview:-1"},"canonical":"https:\/\/bio4you.eu\/retseptid\/toode\/gluteenivaba-pannkoogitort-passionivilja-ja-poldmarjadega\/","og_locale":"et_EE","og_type":"article","og_title":"Gluteenivaba pannkoogitort passionivilja ja p\u00f5ldmarjadega \u2013 suvine magus elamus","og_description":"\u00d5huline pannkoogitort, mille vahele j\u00e4\u00e4vad kreemjas toorjuust, mahlane passionivili ja p\u00f5ldmarjad. Proovi gluteenivaba magusat torti, mis on imeline igal peolaual!","og_url":"https:\/\/bio4you.eu\/retseptid\/toode\/gluteenivaba-pannkoogitort-passionivilja-ja-poldmarjadega\/","og_site_name":"bio4you.eu\/retseptid","article_modified_time":"2025-07-07T17:09:00+00:00","og_image":[{"width":1080,"height":726,"url":"https:\/\/bio4you.eu\/retseptid\/wp-content\/uploads\/2025\/07\/Screenshot-2025-07-07-at-20.07.28.png","type":"image\/png"}],"twitter_misc":{"Est. reading time":"1 minut"},"schema":{"@context":"https:\/\/schema.org","@graph":[{"@type":"WebPage","@id":"https:\/\/bio4you.eu\/retseptid\/toode\/gluteenivaba-pannkoogitort-passionivilja-ja-poldmarjadega\/","url":"https:\/\/bio4you.eu\/retseptid\/toode\/gluteenivaba-pannkoogitort-passionivilja-ja-poldmarjadega\/","name":"Gluteenivaba pannkoogitort passionivilja ja p\u00f5ldmarjadega - bio4you.eu\/retseptid","isPartOf":{"@id":"https:\/\/bio4you.eu\/retseptid\/#website"},"primaryImageOfPage":{"@id":"https:\/\/bio4you.eu\/retseptid\/toode\/gluteenivaba-pannkoogitort-passionivilja-ja-poldmarjadega\/#primaryimage"},"image":{"@id":"https:\/\/bio4you.eu\/retseptid\/toode\/gluteenivaba-pannkoogitort-passionivilja-ja-poldmarjadega\/#primaryimage"},"thumbnailUrl":"https:\/\/bio4you.eu\/retseptid\/wp-content\/uploads\/2025\/07\/Screenshot-2025-07-07-at-20.07.28.png","datePublished":"2025-08-14T05:00:07+00:00","dateModified":"2025-07-07T17:09:00+00:00","description":"Gluteenivaba pannkoogitort passionivilja ja p\u00f5ldmarjadega \u2013 kerge, suvine ja pidulik magustoit, mis maitseb k\u00f5igile.","breadcrumb":{"@id":"https:\/\/bio4you.eu\/retseptid\/toode\/gluteenivaba-pannkoogitort-passionivilja-ja-poldmarjadega\/#breadcrumb"},"inLanguage":"et","potentialAction":[{"@type":"ReadAction","target":["https:\/\/bio4you.eu\/retseptid\/toode\/gluteenivaba-pannkoogitort-passionivilja-ja-poldmarjadega\/"]}]},{"@type":"ImageObject","inLanguage":"et","@id":"https:\/\/bio4you.eu\/retseptid\/toode\/gluteenivaba-pannkoogitort-passionivilja-ja-poldmarjadega\/#primaryimage","url":"https:\/\/bio4you.eu\/retseptid\/wp-content\/uploads\/2025\/07\/Screenshot-2025-07-07-at-20.07.28.png","contentUrl":"https:\/\/bio4you.eu\/retseptid\/wp-content\/uploads\/2025\/07\/Screenshot-2025-07-07-at-20.07.28.png","width":1080,"height":726,"caption":"\u00d5huline pannkoogitort v\u00e4rskete p\u00f5ldmarjade, passionivilja ja kreemja toorjuustukreemiga \u2013 imeline suvine maius!"},{"@type":"BreadcrumbList","@id":"https:\/\/bio4you.eu\/retseptid\/toode\/gluteenivaba-pannkoogitort-passionivilja-ja-poldmarjadega\/#breadcrumb","itemListElement":[{"@type":"ListItem","position":1,"name":"Home","item":"https:\/\/bio4you.eu\/retseptid\/"},{"@type":"ListItem","position":2,"name":"Gluteenivaba pannkoogitort passionivilja ja p\u00f5ldmarjadega"}]},{"@type":"WebSite","@id":"https:\/\/bio4you.eu\/retseptid\/#website","url":"https:\/\/bio4you.eu\/retseptid\/","name":"bio4you.eu\/retseptid","description":"\u00d6ko retseptid ise tegemiseks, looduslikest koostisainetest. Maitsev toit, iluhooldus, kodupuhastus ja aiandus.","potentialAction":[{"@type":"SearchAction","target":{"@type":"EntryPoint","urlTemplate":"https:\/\/bio4you.eu\/retseptid\/?s={search_term_string}"},"query-input":"required name=search_term_string"}],"inLanguage":"et"}]}},"_links":{"self":[{"href":"https:\/\/bio4you.eu\/retseptid\/wp-json\/wp\/v2\/product\/4420"}],"collection":[{"href":"https:\/\/bio4you.eu\/retseptid\/wp-json\/wp\/v2\/product"}],"about":[{"href":"https:\/\/bio4you.eu\/retseptid\/wp-json\/wp\/v2\/types\/product"}],"replies":[{"embeddable":true,"href":"https:\/\/bio4you.eu\/retseptid\/wp-json\/wp\/v2\/comments?post=4420"}],"wp:featuredmedia":[{"embeddable":true,"href":"https:\/\/bio4you.eu\/retseptid\/wp-json\/wp\/v2\/media\/4421"}],"wp:attachment":[{"href":"https:\/\/bio4you.eu\/retseptid\/wp-json\/wp\/v2\/media?parent=4420"}],"wp:term":[{"taxonomy":"product_cat","embeddable":true,"href":"https:\/\/bio4you.eu\/retseptid\/wp-json\/wp\/v2\/product_cat?post=4420"},{"taxonomy":"product_tag","embeddable":true,"href":"https:\/\/bio4you.eu\/retseptid\/wp-json\/wp\/v2\/product_tag?post=4420"}],"curies":[{"name":"wp","href":"https:\/\/api.w.org\/{rel}","templated":true}]}}