{"id":4458,"date":"2025-10-02T07:38:44","date_gmt":"2025-10-02T04:38:44","guid":{"rendered":"https:\/\/bio4you.eu\/retseptid\/?post_type=product&#038;p=4458"},"modified":"2025-09-15T22:43:51","modified_gmt":"2025-09-15T19:43:51","slug":"vegan-munapuder-murulauguga","status":"publish","type":"product","link":"https:\/\/bio4you.eu\/retseptid\/toode\/vegan-munapuder-murulauguga\/","title":{"rendered":"Vegan munapuder murulauguga"},"content":{"rendered":"<p>Valmistamine:<\/p>\n<ol>\n<li>Kuumuta 28 cm mittenakkuval pannil sorts ekstra neitsioliivi\u00f5li, seej\u00e4rel vala sisse &#8220;Veg Egg&#8221;.<\/li>\n<li>Maitsesta Kala Namak soola ja musta pipraga.<\/li>\n<li>Kui segu hakkab mullitama, v\u00e4henda kuumust ja lase sellel j\u00e4rk-j\u00e4rgult pakseneda; panni servadele ja p\u00f5hjale moodustub \u00f5huke kile &#8211; sega seda \u00f5rnalt, et see lahti tuleks.<\/li>\n<li>K\u00fcpsetamise l\u00f5pupoole muutub &#8220;Veg Egg&#8221; paksuks, kuid kohevaks konsistentsiks. K\u00fcpseta, kuni see saavutab soovitud tekstuuri.<\/li>\n<li>T\u00f5sta munapuder serveerimisn\u00f5udele, kaunista hakitud murulauguga ja viimistle toore ekstra neitsioliivi\u00f5liga. Serveeri koos r\u00f6stsaia viiludega.<\/li>\n<\/ol>\n","protected":false},"excerpt":{"rendered":"<p>Naudi maitsvat ja kohevat munapudru murulauguga, mis on valmistatud t\u00e4ielikult taimsetest koostisosadest. See retsept on kiire, lihtne ja ideaalne nii veganitele kui ka gluteenivaba dieedi j\u00e4rgijatele.<\/p>\n<p>Vaja l\u00e4heb:<\/p>\n<ul>\n<li>1 mittenakkuv pann (28 cm l\u00e4bim\u00f5\u00f5duga)<\/li>\n<li>1 pakk Veg Egg\u2019i<\/li>\n<li>N\u00e4puotsat\u00e4is Kala Namak soola<\/li>\n<li>N\u00e4puotsat\u00e4is musta pipart<\/li>\n<li>Murulauku (v\u00f5i 1 rohelise sibula roheline osa)<\/li>\n<li>Ekstra neitsioliivi\u00f5li (nt, <a href=\"https:\/\/bio4you.eu\/et\/bio-toit\/toiduolid-kastmed-ja-kreemid\/ekstra-vaeaerisoliivioli-500ml\">Olio Corvino Ekstra v\u00e4\u00e4risoliivi\u00f5li, 500ml<\/a>)<\/li>\n<\/ul>\n","protected":false},"featured_media":4459,"comment_status":"open","ping_status":"closed","template":"","meta":{"_exactmetrics_skip_tracking":false,"_exactmetrics_sitenote_active":false,"_exactmetrics_sitenote_note":"","_exactmetrics_sitenote_category":0},"product_cat":[59,60,382,383],"product_tag":[748,749,540,599,746,747],"class_list":{"0":"post-4458","1":"product","2":"type-product","3":"status-publish","4":"has-post-thumbnail","6":"product_cat-featured","7":"product_cat-toiduretseptid","8":"product_cat-vegan-toiduretseptid","9":"product_cat-taimetoit","10":"product_tag-munapuder-murulauguga","11":"product_tag-taimne-munaroog","12":"product_tag-vegan-hommikusook","13":"product_tag-vegan-louna","14":"product_tag-vegan-munapuder","15":"product_tag-vegan-munaroog","17":"first","18":"instock","19":"shipping-taxable","20":"product-type-simple"},"yoast_head":"<!-- This site is optimized with the Yoast SEO plugin v23.3 - https:\/\/yoast.com\/wordpress\/plugins\/seo\/ -->\n<title>Vegan munapuder murulauguga - bio4you.eu\/retseptid<\/title>\n<meta name=\"description\" content=\"Avasta, kuidas valmistada imelist vegan ja gluteenivaba munapudru, kasutades The Bridge Veg Egg toodet. Ideaalne hommikus\u00f6\u00f6k v\u00f5i brunch, rikastatud v\u00e4rske murulaugu ja Kala Namak soola unikaalse maitsega. Lihtne retsept kiireks ja tervislikuks toidukorraks!\" \/>\n<meta name=\"robots\" content=\"index, follow, max-snippet:-1, max-image-preview:large, max-video-preview:-1\" \/>\n<link rel=\"canonical\" href=\"https:\/\/bio4you.eu\/retseptid\/toode\/vegan-munapuder-murulauguga\/\" \/>\n<meta property=\"og:locale\" content=\"et_EE\" \/>\n<meta property=\"og:type\" content=\"article\" \/>\n<meta property=\"og:title\" content=\"Maitsvad Vegan Munapuder Murulauguga (Gluteenivaba) \u2013 Kiire ja Tervislik Hommikus\u00f6\u00f6k\" \/>\n<meta property=\"og:description\" content=\"Avasta, kuidas valmistada imelist vegan ja gluteenivaba munapudru, kasutades The Bridge Veg Egg toodet. Ideaalne hommikus\u00f6\u00f6k v\u00f5i brunch, rikastatud v\u00e4rske murulaugu ja Kala Namak soola unikaalse maitsega. Lihtne retsept kiireks ja tervislikuks toidukorraks!\" \/>\n<meta property=\"og:url\" content=\"https:\/\/bio4you.eu\/retseptid\/toode\/vegan-munapuder-murulauguga\/\" \/>\n<meta property=\"og:site_name\" content=\"bio4you.eu\/retseptid\" \/>\n<meta property=\"article:modified_time\" content=\"2025-09-15T19:43:51+00:00\" \/>\n<meta property=\"og:image\" content=\"https:\/\/bio4you.eu\/retseptid\/wp-content\/uploads\/2025\/09\/munapuder-murulauguga-.jpeg\" \/>\n\t<meta property=\"og:image:width\" content=\"1280\" \/>\n\t<meta property=\"og:image:height\" content=\"896\" \/>\n\t<meta property=\"og:image:type\" content=\"image\/jpeg\" \/>\n<meta name=\"twitter:label1\" content=\"Est. reading time\" \/>\n\t<meta name=\"twitter:data1\" content=\"1 minut\" \/>\n<script type=\"application\/ld+json\" class=\"yoast-schema-graph\">{\"@context\":\"https:\/\/schema.org\",\"@graph\":[{\"@type\":\"WebPage\",\"@id\":\"https:\/\/bio4you.eu\/retseptid\/toode\/vegan-munapuder-murulauguga\/\",\"url\":\"https:\/\/bio4you.eu\/retseptid\/toode\/vegan-munapuder-murulauguga\/\",\"name\":\"Vegan munapuder murulauguga - bio4you.eu\/retseptid\",\"isPartOf\":{\"@id\":\"https:\/\/bio4you.eu\/retseptid\/#website\"},\"primaryImageOfPage\":{\"@id\":\"https:\/\/bio4you.eu\/retseptid\/toode\/vegan-munapuder-murulauguga\/#primaryimage\"},\"image\":{\"@id\":\"https:\/\/bio4you.eu\/retseptid\/toode\/vegan-munapuder-murulauguga\/#primaryimage\"},\"thumbnailUrl\":\"https:\/\/bio4you.eu\/retseptid\/wp-content\/uploads\/2025\/09\/munapuder-murulauguga-.jpeg\",\"datePublished\":\"2025-10-02T04:38:44+00:00\",\"dateModified\":\"2025-09-15T19:43:51+00:00\",\"description\":\"Avasta, kuidas valmistada imelist vegan ja gluteenivaba munapudru, kasutades The Bridge Veg Egg toodet. Ideaalne hommikus\u00f6\u00f6k v\u00f5i brunch, rikastatud v\u00e4rske murulaugu ja Kala Namak soola unikaalse maitsega. Lihtne retsept kiireks ja tervislikuks toidukorraks!\",\"breadcrumb\":{\"@id\":\"https:\/\/bio4you.eu\/retseptid\/toode\/vegan-munapuder-murulauguga\/#breadcrumb\"},\"inLanguage\":\"et\",\"potentialAction\":[{\"@type\":\"ReadAction\",\"target\":[\"https:\/\/bio4you.eu\/retseptid\/toode\/vegan-munapuder-murulauguga\/\"]}]},{\"@type\":\"ImageObject\",\"inLanguage\":\"et\",\"@id\":\"https:\/\/bio4you.eu\/retseptid\/toode\/vegan-munapuder-murulauguga\/#primaryimage\",\"url\":\"https:\/\/bio4you.eu\/retseptid\/wp-content\/uploads\/2025\/09\/munapuder-murulauguga-.jpeg\",\"contentUrl\":\"https:\/\/bio4you.eu\/retseptid\/wp-content\/uploads\/2025\/09\/munapuder-murulauguga-.jpeg\",\"width\":1280,\"height\":896,\"caption\":\"Vegan munapuder murulauguga r\u00f6stsaiaga\"},{\"@type\":\"BreadcrumbList\",\"@id\":\"https:\/\/bio4you.eu\/retseptid\/toode\/vegan-munapuder-murulauguga\/#breadcrumb\",\"itemListElement\":[{\"@type\":\"ListItem\",\"position\":1,\"name\":\"Home\",\"item\":\"https:\/\/bio4you.eu\/retseptid\/\"},{\"@type\":\"ListItem\",\"position\":2,\"name\":\"Vegan munapuder murulauguga\"}]},{\"@type\":\"WebSite\",\"@id\":\"https:\/\/bio4you.eu\/retseptid\/#website\",\"url\":\"https:\/\/bio4you.eu\/retseptid\/\",\"name\":\"bio4you.eu\/retseptid\",\"description\":\"\u00d6ko retseptid ise tegemiseks, looduslikest koostisainetest. Maitsev toit, iluhooldus, kodupuhastus ja aiandus.\",\"potentialAction\":[{\"@type\":\"SearchAction\",\"target\":{\"@type\":\"EntryPoint\",\"urlTemplate\":\"https:\/\/bio4you.eu\/retseptid\/?s={search_term_string}\"},\"query-input\":\"required name=search_term_string\"}],\"inLanguage\":\"et\"}]}<\/script>\n<!-- \/ Yoast SEO plugin. -->","yoast_head_json":{"title":"Vegan munapuder murulauguga - bio4you.eu\/retseptid","description":"Avasta, kuidas valmistada imelist vegan ja gluteenivaba munapudru, kasutades The Bridge Veg Egg toodet. Ideaalne hommikus\u00f6\u00f6k v\u00f5i brunch, rikastatud v\u00e4rske murulaugu ja Kala Namak soola unikaalse maitsega. Lihtne retsept kiireks ja tervislikuks toidukorraks!","robots":{"index":"index","follow":"follow","max-snippet":"max-snippet:-1","max-image-preview":"max-image-preview:large","max-video-preview":"max-video-preview:-1"},"canonical":"https:\/\/bio4you.eu\/retseptid\/toode\/vegan-munapuder-murulauguga\/","og_locale":"et_EE","og_type":"article","og_title":"Maitsvad Vegan Munapuder Murulauguga (Gluteenivaba) \u2013 Kiire ja Tervislik Hommikus\u00f6\u00f6k","og_description":"Avasta, kuidas valmistada imelist vegan ja gluteenivaba munapudru, kasutades The Bridge Veg Egg toodet. Ideaalne hommikus\u00f6\u00f6k v\u00f5i brunch, rikastatud v\u00e4rske murulaugu ja Kala Namak soola unikaalse maitsega. Lihtne retsept kiireks ja tervislikuks toidukorraks!","og_url":"https:\/\/bio4you.eu\/retseptid\/toode\/vegan-munapuder-murulauguga\/","og_site_name":"bio4you.eu\/retseptid","article_modified_time":"2025-09-15T19:43:51+00:00","og_image":[{"width":1280,"height":896,"url":"https:\/\/bio4you.eu\/retseptid\/wp-content\/uploads\/2025\/09\/munapuder-murulauguga-.jpeg","type":"image\/jpeg"}],"twitter_misc":{"Est. reading time":"1 minut"},"schema":{"@context":"https:\/\/schema.org","@graph":[{"@type":"WebPage","@id":"https:\/\/bio4you.eu\/retseptid\/toode\/vegan-munapuder-murulauguga\/","url":"https:\/\/bio4you.eu\/retseptid\/toode\/vegan-munapuder-murulauguga\/","name":"Vegan munapuder murulauguga - bio4you.eu\/retseptid","isPartOf":{"@id":"https:\/\/bio4you.eu\/retseptid\/#website"},"primaryImageOfPage":{"@id":"https:\/\/bio4you.eu\/retseptid\/toode\/vegan-munapuder-murulauguga\/#primaryimage"},"image":{"@id":"https:\/\/bio4you.eu\/retseptid\/toode\/vegan-munapuder-murulauguga\/#primaryimage"},"thumbnailUrl":"https:\/\/bio4you.eu\/retseptid\/wp-content\/uploads\/2025\/09\/munapuder-murulauguga-.jpeg","datePublished":"2025-10-02T04:38:44+00:00","dateModified":"2025-09-15T19:43:51+00:00","description":"Avasta, kuidas valmistada imelist vegan ja gluteenivaba munapudru, kasutades The Bridge Veg Egg toodet. Ideaalne hommikus\u00f6\u00f6k v\u00f5i brunch, rikastatud v\u00e4rske murulaugu ja Kala Namak soola unikaalse maitsega. Lihtne retsept kiireks ja tervislikuks toidukorraks!","breadcrumb":{"@id":"https:\/\/bio4you.eu\/retseptid\/toode\/vegan-munapuder-murulauguga\/#breadcrumb"},"inLanguage":"et","potentialAction":[{"@type":"ReadAction","target":["https:\/\/bio4you.eu\/retseptid\/toode\/vegan-munapuder-murulauguga\/"]}]},{"@type":"ImageObject","inLanguage":"et","@id":"https:\/\/bio4you.eu\/retseptid\/toode\/vegan-munapuder-murulauguga\/#primaryimage","url":"https:\/\/bio4you.eu\/retseptid\/wp-content\/uploads\/2025\/09\/munapuder-murulauguga-.jpeg","contentUrl":"https:\/\/bio4you.eu\/retseptid\/wp-content\/uploads\/2025\/09\/munapuder-murulauguga-.jpeg","width":1280,"height":896,"caption":"Vegan munapuder murulauguga r\u00f6stsaiaga"},{"@type":"BreadcrumbList","@id":"https:\/\/bio4you.eu\/retseptid\/toode\/vegan-munapuder-murulauguga\/#breadcrumb","itemListElement":[{"@type":"ListItem","position":1,"name":"Home","item":"https:\/\/bio4you.eu\/retseptid\/"},{"@type":"ListItem","position":2,"name":"Vegan munapuder murulauguga"}]},{"@type":"WebSite","@id":"https:\/\/bio4you.eu\/retseptid\/#website","url":"https:\/\/bio4you.eu\/retseptid\/","name":"bio4you.eu\/retseptid","description":"\u00d6ko retseptid ise tegemiseks, looduslikest koostisainetest. Maitsev toit, iluhooldus, kodupuhastus ja aiandus.","potentialAction":[{"@type":"SearchAction","target":{"@type":"EntryPoint","urlTemplate":"https:\/\/bio4you.eu\/retseptid\/?s={search_term_string}"},"query-input":"required name=search_term_string"}],"inLanguage":"et"}]}},"_links":{"self":[{"href":"https:\/\/bio4you.eu\/retseptid\/wp-json\/wp\/v2\/product\/4458"}],"collection":[{"href":"https:\/\/bio4you.eu\/retseptid\/wp-json\/wp\/v2\/product"}],"about":[{"href":"https:\/\/bio4you.eu\/retseptid\/wp-json\/wp\/v2\/types\/product"}],"replies":[{"embeddable":true,"href":"https:\/\/bio4you.eu\/retseptid\/wp-json\/wp\/v2\/comments?post=4458"}],"wp:featuredmedia":[{"embeddable":true,"href":"https:\/\/bio4you.eu\/retseptid\/wp-json\/wp\/v2\/media\/4459"}],"wp:attachment":[{"href":"https:\/\/bio4you.eu\/retseptid\/wp-json\/wp\/v2\/media?parent=4458"}],"wp:term":[{"taxonomy":"product_cat","embeddable":true,"href":"https:\/\/bio4you.eu\/retseptid\/wp-json\/wp\/v2\/product_cat?post=4458"},{"taxonomy":"product_tag","embeddable":true,"href":"https:\/\/bio4you.eu\/retseptid\/wp-json\/wp\/v2\/product_tag?post=4458"}],"curies":[{"name":"wp","href":"https:\/\/api.w.org\/{rel}","templated":true}]}}